{"id":18,"date":"2012-05-08T11:56:30","date_gmt":"2012-05-08T09:56:30","guid":{"rendered":"http:\/\/musikverket.adeprimo.se\/capricerecords\/?page_id=55"},"modified":"2022-10-18T11:54:20","modified_gmt":"2022-10-18T09:54:20","slug":"serier","status":"publish","type":"page","link":"https:\/\/musikverket-old.test.consids5.se\/capricemusic\/skivor\/serier\/","title":{"rendered":"Serier"},"content":{"rendered":"<div id=\"pl-18\"  class=\"panel-layout\" ><div id=\"pg-18-0\"  class=\"panel-grid panel-no-style\" ><div id=\"pgc-18-0-0\"  class=\"panel-grid-cell\" ><div id=\"panel-18-0-0-0\" class=\"so-panel widget widget_headers panel-first-child panel-last-child\" data-index=\"0\" ><div class=\"so-widget-headers so-widget-headers-base\"><h1 id=\"serier\">Serier<\/h1>\n<\/div><\/div><\/div><\/div><div id=\"pg-18-1\"  class=\"panel-grid panel-no-style\" ><div id=\"pgc-18-1-0\"  class=\"panel-grid-cell\" ><div id=\"panel-18-1-0-0\" class=\"so-panel widget widget_puff_widget panel-first-child panel-last-child\" data-index=\"1\" >\t\t\t<div class=\"inner with_title with_text with_picture with_link\" >\r\n\t\t\t<a href=\"\/capricerecords\/serier\/caprice-composer-series\/\">\t\t\t<div class=\"puff-picture\"><img src=\"\/capricerecords\/files\/2012\/12\/CR_CCS_fempuff.png\" alt=\"Puff Picture\" \/><\/div>\t\t\t<h4>Caprice Composer Series<\/h4>\t\t\t<div class=\"puff-text\"><p>Den h\u00e4r skivserien togs fram med syftet att skapa en antologi som dokumenterar n\u00e5gra av samtidens fr\u00e4msta svenska tons\u00e4ttare, framf\u00f6rda av n\u00e5gra av samtidens fr\u00e4msta musiker, ensembler och dirigenter.<\/p><\/div>\t\t\t<\/a>\t\t\t<\/div>\r\n\t\t<\/div><\/div><div id=\"pgc-18-1-1\"  class=\"panel-grid-cell\" ><div id=\"panel-18-1-1-0\" class=\"so-panel widget widget_puff_widget panel-first-child panel-last-child\" data-index=\"2\" >\t\t\t<div class=\"inner with_title with_text with_picture with_link\" >\r\n\t\t\t<a href=\"\/capricerecords\/serier\/collectors-classics\/\">\t\t\t<div class=\"puff-picture\"><img src=\"\/capricerecords\/files\/2012\/12\/CR_CCS_Collectors.png\" alt=\"Puff Picture\" \/><\/div>\t\t\t<h4>Collector\u2019s Classics<\/h4>\t\t\t<div class=\"puff-text\"><p>En historisk skivserie med inspelningar som i de flesta fall inte publicerats eller funnits tillg\u00e4ngliga tidigare. Bakom serien st\u00e5r musikforskaren Carl-Gunnar \u00c5hl\u00e9n, som samlat in material och skrivit all dokumentation kring respektive produktion.<\/p><\/div>\t\t\t<\/a>\t\t\t<\/div>\r\n\t\t<\/div><\/div><div id=\"pgc-18-1-2\"  class=\"panel-grid-cell\" ><div id=\"panel-18-1-2-0\" class=\"so-panel widget widget_puff_widget panel-first-child panel-last-child\" data-index=\"3\" >\t\t\t<div class=\"inner with_title with_text with_picture with_link\" >\r\n\t\t\t<a href=\"capricerecords\/serier\/improvisational\/\">\t\t\t<div class=\"puff-picture\"><img src=\"\/capricerecords\/files\/2012\/12\/CR_Impr_fempuff.png\" alt=\"Puff Picture\" \/><\/div>\t\t\t<h4>Improvisational<\/h4>\t\t\t<div class=\"puff-text\"><p>2007 drog Caprice ig\u00e5ng den nyskapande och kritikerrosade skivserien Improvisational \u2013 en serie d\u00e4r n\u00e5gra handplockade pianister bj\u00f6ds in att under ett par n\u00e4tter improvisera \u00f6ver ett tema som de just innan inspelningsstarten f\u00e5tt reda p\u00e5.<\/p><\/div>\t\t\t<\/a>\t\t\t<\/div>\r\n\t\t<\/div><\/div><div id=\"pgc-18-1-3\"  class=\"panel-grid-cell\" ><div id=\"panel-18-1-3-0\" class=\"so-panel widget widget_puff_widget panel-first-child panel-last-child\" data-index=\"4\" >\t\t\t<div class=\"inner with_title with_text with_picture with_link\" >\r\n\t\t\t<a href=\"\/capricerecords\/serier\/jazz-i-sverige\/\">\t\t\t<div class=\"puff-picture\"><img src=\"\/capricerecords\/files\/2012\/12\/CR_JIS_fempuff.png\" alt=\"Puff Picture\" \/><\/div>\t\t\t<h4>Jazz i Sverige<\/h4>\t\t\t<div class=\"puff-text\"><p>\u00c4nda sedan 1972 och gruppen Sevda har Jazz i Sverige-utm\u00e4rkelsen varit det fr\u00e4msta svenska forumet f\u00f6r unga jazzmusiker och -grupper att presentera sig f\u00f6r omv\u00e4rlden. Utm\u00e4rkelsen innebar en skivinspelning och en turn\u00e9 i Sverige och utlandet i regi av Rikskonserter.<\/p><\/div>\t\t\t<\/a>\t\t\t<\/div>\r\n\t\t<\/div><\/div><div id=\"pgc-18-1-4\"  class=\"panel-grid-cell\" ><div id=\"panel-18-1-4-0\" class=\"so-panel widget widget_puff_widget panel-first-child panel-last-child\" data-index=\"5\" >\t\t\t<div class=\"inner with_title with_text with_picture with_link\" >\r\n\t\t\t<a href=\"\/capricerecords\/skivor\/serier\/music-from\/ \">\t\t\t<div class=\"puff-picture\"><img src=\"\/capricerecords\/files\/2012\/12\/CR_Music_from_fempuff.png\" alt=\"Puff Picture\" \/><\/div>\t\t\t<h4>Music from \u2026<\/h4>\t\t\t<div class=\"puff-text\"><p>Med start i b\u00f6rjan av 1990-talet producerade Sten Sandahl och Caprice Records i samarbete med Sida inspelningar med musik fr\u00e5n l\u00e4nder i olika v\u00e4rldsdelar som valdes f\u00f6r att spegla musiklivet i respektive land i g\u00e5r och i dag.<\/p><\/div>\t\t\t<\/a>\t\t\t<\/div>\r\n\t\t<\/div><\/div><\/div><div id=\"pg-18-2\"  class=\"panel-grid panel-no-style\" ><div id=\"pgc-18-2-0\"  class=\"panel-grid-cell\" ><div id=\"panel-18-2-0-0\" class=\"so-panel widget widget_puff_widget panel-first-child panel-last-child\" data-index=\"6\" >\t\t\t<div class=\"inner with_title with_text with_picture with_link\" >\r\n\t\t\t<a href=\"\/capricerecords\/serier\/musica-sveciae-folk-music-in-sweden\">\t\t\t<div class=\"puff-picture\"><img src=\"\/capricerecords\/files\/2012\/12\/CR_Musica_Sveciae_fempuff.png\" alt=\"Puff Picture\" \/><\/div>\t\t\t<h4>Musica Sveciae: Folk Music in Sweden<\/h4>\t\t\t<div class=\"puff-text\"><p>De 28 cd som ing\u00e5r i den h\u00e4r serien togs fram i samarbete med Musikaliska akademien, Svenskt visarkiv och Sveriges Radio P2 och gavs ut under 1997\u201397. Serien best\u00e5r till st\u00f6rsta delen av dokument\u00e4rinspelningar fr\u00e5n Sveriges Radio fr\u00e5n 1950- och 60-talen och Caprices serie <em>Folkmusik i Sverige<\/em>.<\/p><\/div>\t\t\t<\/a>\t\t\t<\/div>\r\n\t\t<\/div><\/div><div id=\"pgc-18-2-1\"  class=\"panel-grid-cell\" ><div id=\"panel-18-2-1-0\" class=\"so-panel widget widget_puff_widget panel-first-child panel-last-child\" data-index=\"7\" >\t\t\t<div class=\"inner with_title with_text with_picture with_link\" >\r\n\t\t\t<a href=\"\/capricerecords\/serier\/royal-swedish-opera-archives\/\">\t\t\t<div class=\"puff-picture\"><img src=\"\/capricerecords\/files\/2012\/12\/CR_RSOA_fempuff.png\" alt=\"Puff Picture\" \/><\/div>\t\t\t<h4>Royal Swedish Opera Archives<\/h4>\t\t\t<div class=\"puff-text\"><p>Med start 2002 producerade Caprice Records i samarbete med Kungliga Operan en serie om tio volymer med tidigare outgivna upptagningar fr\u00e5n Stockholmsoperans f\u00f6rest\u00e4llningar p\u00e5 1950- och 60-talen d\u00e4r merparten av den tidens fr\u00e4msta svenska s\u00e5ngare och dirigenter medverkar.<\/p><\/div>\t\t\t<\/a>\t\t\t<\/div>\r\n\t\t<\/div><\/div><div id=\"pgc-18-2-2\"  class=\"panel-grid-cell\" ><div id=\"panel-18-2-2-0\" class=\"so-panel widget widget_puff_widget panel-first-child panel-last-child\" data-index=\"8\" >\t\t\t<div class=\"inner with_title with_text with_picture with_link\" >\r\n\t\t\t<a href=\"\/capricerecords\/serier\/solistpriset\/\">\t\t\t<div class=\"puff-picture\"><img src=\"\/capricerecords\/files\/2012\/12\/CR_Solistpriset_fempuff.png\" alt=\"Puff Picture\" \/><\/div>\t\t\t<h4>Solistpriset<\/h4>\t\t\t<div class=\"puff-text\"><p>Solistpriset \u00e4r en nationell t\u00e4vling f\u00f6r unga s\u00e5ngare och instrumentalister som delas ut vartannat \u00e5r. Under m\u00e5nga \u00e5r innebar priset bland annat en skivinspelning p\u00e5 Caprice och en turn\u00e9 i Sverige och utomlands i regi av Rikskonserter.\u00a0<\/p><\/div>\t\t\t<\/a>\t\t\t<\/div>\r\n\t\t<\/div><\/div><div id=\"pgc-18-2-3\"  class=\"panel-grid-cell\" ><div id=\"panel-18-2-3-0\" class=\"so-panel widget widget_puff_widget panel-first-child panel-last-child\" data-index=\"9\" >\t\t\t<div class=\"inner with_title with_text with_picture with_link\" >\r\n\t\t\t<a href=\"\/capricerecords\/skivor\/serier\/svensk-jazzhistoria\/\">\t\t\t<div class=\"puff-picture\"><img src=\"\/capricerecords\/files\/2012\/12\/CR_Sv_jazzhistoria_fempuff.png\" alt=\"Puff Picture\" \/><\/div>\t\t\t<h4>Svensk Jazzhistoria<\/h4>\t\t\t<div class=\"puff-text\"><p>Denna unika antologi i tio volymer som togs fram av Jan Bru\u00e9r och Bengt Nyquist med uppgift att dokumentera den svenska jazzens utveckling mellan 1899\u20131969. Serien gjordes i samarbete med Svenskt visarkiv.<\/p><\/div>\t\t\t<\/a>\t\t\t<\/div>\r\n\t\t<\/div><\/div><div id=\"pgc-18-2-4\"  class=\"panel-grid-cell\" ><div id=\"panel-18-2-4-0\" class=\"so-panel widget widget_puff_widget panel-first-child panel-last-child\" data-index=\"10\" >\t\t\t<div class=\"inner with_title with_text with_picture with_link\" >\r\n\t\t\t<a href=\"\/capricerecords\/skivor\/serier\/unga-spelman\/\">\t\t\t<div class=\"puff-picture\"><img src=\"\/capricerecords\/files\/2015\/09\/CR_USS_fempuff.jpg\" alt=\"Puff Picture\" \/><\/div>\t\t\t<h4>Unga spelm\u00e4n<\/h4>\t\t\t<div class=\"puff-text\">Under 1970-talet v\u00e4xte intresset f\u00f6r den svenska spelmansmusiken. Caprice och Svenskt visarkiv dokumenterade m\u00e5nga av dessa unga ut\u00f6vare och gav ut fem album i serien. H\u00e4r finner vi m\u00e5nga av de spelm\u00e4n som idag blivit k\u00e4nda folkmusiker.<\/div>\t\t\t<\/a>\t\t\t<\/div>\r\n\t\t<\/div><\/div><\/div><div id=\"pg-18-3\"  class=\"panel-grid panel-no-style\" ><div id=\"pgc-18-3-0\"  class=\"panel-grid-cell\" ><div id=\"panel-18-3-0-0\" class=\"so-panel widget widget_puff_widget panel-first-child panel-last-child\" data-index=\"11\" >\t\t\t<div class=\"inner with_title with_text with_picture with_link\" >\r\n\t\t\t<a href=\"\/capricerecords\/skivor\/serier\/swedish-classical-music\/\">\t\t\t<div class=\"puff-picture\"><img src=\"\/capricerecords\/files\/2015\/10\/CR_SCM_fempuff.jpg\" alt=\"Puff Picture\" \/><\/div>\t\t\t<h4>Swedish Classical Music<\/h4>\t\t\t<div class=\"puff-text\">Caprice Records nya serie med exklusivt digitala album vill belysa den rika historien av svensk klassisk musik, med b\u00e5de k\u00e4nda och ok\u00e4nda verk av k\u00e4nda och ok\u00e4nda m\u00e4stare. Varje album utg\u00e5r fr\u00e5n ett specifikt instrument, s\u00e4ttning eller tons\u00e4ttare.<\/div>\t\t\t<\/a>\t\t\t<\/div>\r\n\t\t<\/div><\/div><div id=\"pgc-18-3-1\"  class=\"panel-grid-cell\" ><div id=\"panel-18-3-1-0\" class=\"so-panel widget widget_puff_widget panel-first-child panel-last-child\" data-index=\"12\" >\t\t\t<div class=\"inner with_title with_text with_picture with_link\" >\r\n\t\t\t<a href=\"https:\/\/musikverket.se\/capricerecords\/skivor\/serier\/same-jiena\/\">\t\t\t<div class=\"puff-picture\"><img src=\"\/capricerecords\/files\/2022\/10\/Same_Jiena_Fempuff_243x224px.jpg\" alt=\"Puff Picture\" \/><\/div>\t\t\t<h4>S\u00e1me Jiena<\/h4>\t\t\t<div class=\"puff-text\">S\u00e1me Jiena \u00e4r en skivserie baserad p\u00e5 musikforskaren, stinsen, konstn\u00e4ren och fiolmakaren Karl Tir\u00e9ns (1869\u20131955) unika, och \u00f6ver hundra \u00e5r gamla fonografinspelningar av samisk traditionell s\u00e5ng (jojk), historieber\u00e4ttande och andra verbala traditioner. Inspelningarna gjordes p\u00e5 uppdrag av Naturhistoriska riksmuseets etnografiska avdelning mellan 1913 och 1915.<\/div>\t\t\t<\/a>\t\t\t<\/div>\r\n\t\t<\/div><\/div><div id=\"pgc-18-3-2\"  class=\"panel-grid-cell panel-grid-cell-empty\" ><\/div><div id=\"pgc-18-3-3\"  class=\"panel-grid-cell panel-grid-cell-empty panel-grid-cell-mobile-last\" ><\/div><div id=\"pgc-18-3-4\"  class=\"panel-grid-cell panel-grid-cell-empty\" ><\/div><\/div><\/div>","protected":false},"excerpt":{"rendered":"<p>Serier Caprice Composer Series Den h\u00e4r skivserien togs fram med syftet att skapa en antologi som dokumenterar n\u00e5gra av samtidens fr\u00e4msta svenska tons\u00e4ttare, framf\u00f6rda av n\u00e5gra av samtidens fr\u00e4msta musiker, ensembler och dirigenter. Collector\u2019s Classics En historisk skivserie med inspelningar som i de flesta fall inte publicerats eller funnits tillg\u00e4ngliga tidigare. Bakom serien st\u00e5r musikforskaren [&hellip;]<\/p>\n","protected":false},"author":4,"featured_media":0,"parent":16,"menu_order":0,"comment_status":"open","ping_status":"closed","template":"","meta":{"ngg_post_thumbnail":0},"categories":[93,3,88,87,85,86,4,90,89,92],"tags":[120,116],"yoast_head":"<!-- This site is optimized with the Yoast SEO plugin v16.3 - https:\/\/yoast.com\/wordpress\/plugins\/seo\/ -->\n<meta name=\"robots\" content=\"index, follow, max-snippet:-1, max-image-preview:large, max-video-preview:-1\" \/>\n<link rel=\"canonical\" href=\"https:\/\/musikverket-old.test.consids5.se\/capricemusic\/skivor\/serier\/\" \/>\n<meta property=\"og:locale\" content=\"sv_SE\" \/>\n<meta property=\"og:type\" content=\"article\" \/>\n<meta property=\"og:title\" content=\"Serier - Caprice Music\" \/>\n<meta property=\"og:description\" content=\"Serier Caprice Composer Series Den h\u00e4r skivserien togs fram med syftet att skapa en antologi som dokumenterar n\u00e5gra av samtidens fr\u00e4msta svenska tons\u00e4ttare, framf\u00f6rda av n\u00e5gra av samtidens fr\u00e4msta musiker, ensembler och dirigenter. Collector\u2019s Classics En historisk skivserie med inspelningar som i de flesta fall inte publicerats eller funnits tillg\u00e4ngliga tidigare. Bakom serien st\u00e5r musikforskaren [&hellip;]\" \/>\n<meta property=\"og:url\" content=\"https:\/\/musikverket-old.test.consids5.se\/capricemusic\/skivor\/serier\/\" \/>\n<meta property=\"og:site_name\" content=\"Caprice Music\" \/>\n<meta property=\"article:modified_time\" content=\"2022-10-18T09:54:20+00:00\" \/>\n<meta name=\"twitter:label1\" content=\"Ber\u00e4knad l\u00e4stid\">\n\t<meta name=\"twitter:data1\" content=\"2 minuter\">\n<script type=\"application\/ld+json\" class=\"yoast-schema-graph\">{\"@context\":\"https:\/\/schema.org\",\"@graph\":[{\"@type\":\"WebSite\",\"@id\":\"https:\/\/musikverket-old.test.consids5.se\/capricemusic\/#website\",\"url\":\"https:\/\/musikverket-old.test.consids5.se\/capricemusic\/\",\"name\":\"Caprice Music\",\"description\":\"Inspelningar av konstn\\u00e4rligt intressant musik\",\"potentialAction\":[{\"@type\":\"SearchAction\",\"target\":\"https:\/\/musikverket-old.test.consids5.se\/capricemusic\/?s={search_term_string}\",\"query-input\":\"required name=search_term_string\"}],\"inLanguage\":\"sv-SE\"},{\"@type\":\"WebPage\",\"@id\":\"https:\/\/musikverket-old.test.consids5.se\/capricemusic\/skivor\/serier\/#webpage\",\"url\":\"https:\/\/musikverket-old.test.consids5.se\/capricemusic\/skivor\/serier\/\",\"name\":\"Serier - Caprice Music\",\"isPartOf\":{\"@id\":\"https:\/\/musikverket-old.test.consids5.se\/capricemusic\/#website\"},\"datePublished\":\"2012-05-08T09:56:30+00:00\",\"dateModified\":\"2022-10-18T09:54:20+00:00\",\"breadcrumb\":{\"@id\":\"https:\/\/musikverket-old.test.consids5.se\/capricemusic\/skivor\/serier\/#breadcrumb\"},\"inLanguage\":\"sv-SE\",\"potentialAction\":[{\"@type\":\"ReadAction\",\"target\":[\"https:\/\/musikverket-old.test.consids5.se\/capricemusic\/skivor\/serier\/\"]}]},{\"@type\":\"BreadcrumbList\",\"@id\":\"https:\/\/musikverket-old.test.consids5.se\/capricemusic\/skivor\/serier\/#breadcrumb\",\"itemListElement\":[{\"@type\":\"ListItem\",\"position\":1,\"item\":{\"@type\":\"WebPage\",\"@id\":\"https:\/\/musikverket-old.test.consids5.se\/capricemusic\/\",\"url\":\"https:\/\/musikverket-old.test.consids5.se\/capricemusic\/\",\"name\":\"Hem\"}},{\"@type\":\"ListItem\",\"position\":2,\"item\":{\"@type\":\"WebPage\",\"@id\":\"https:\/\/musikverket-old.test.consids5.se\/capricemusic\/skivor\/\",\"url\":\"https:\/\/musikverket-old.test.consids5.se\/capricemusic\/skivor\/\",\"name\":\"Skivor\"}},{\"@type\":\"ListItem\",\"position\":3,\"item\":{\"@id\":\"https:\/\/musikverket-old.test.consids5.se\/capricemusic\/skivor\/serier\/#webpage\"}}]}]}<\/script>\n<!-- \/ Yoast SEO plugin. -->","jetpack_shortlink":"https:\/\/wp.me\/P2Zwn0-i","jetpack_sharing_enabled":true,"_links":{"self":[{"href":"https:\/\/musikverket-old.test.consids5.se\/capricemusic\/wp-json\/wp\/v2\/pages\/18"}],"collection":[{"href":"https:\/\/musikverket-old.test.consids5.se\/capricemusic\/wp-json\/wp\/v2\/pages"}],"about":[{"href":"https:\/\/musikverket-old.test.consids5.se\/capricemusic\/wp-json\/wp\/v2\/types\/page"}],"author":[{"embeddable":true,"href":"https:\/\/musikverket-old.test.consids5.se\/capricemusic\/wp-json\/wp\/v2\/users\/4"}],"replies":[{"embeddable":true,"href":"https:\/\/musikverket-old.test.consids5.se\/capricemusic\/wp-json\/wp\/v2\/comments?post=18"}],"version-history":[{"count":0,"href":"https:\/\/musikverket-old.test.consids5.se\/capricemusic\/wp-json\/wp\/v2\/pages\/18\/revisions"}],"up":[{"embeddable":true,"href":"https:\/\/musikverket-old.test.consids5.se\/capricemusic\/wp-json\/wp\/v2\/pages\/16"}],"wp:attachment":[{"href":"https:\/\/musikverket-old.test.consids5.se\/capricemusic\/wp-json\/wp\/v2\/media?parent=18"}],"wp:term":[{"taxonomy":"category","embeddable":true,"href":"https:\/\/musikverket-old.test.consids5.se\/capricemusic\/wp-json\/wp\/v2\/categories?post=18"},{"taxonomy":"post_tag","embeddable":true,"href":"https:\/\/musikverket-old.test.consids5.se\/capricemusic\/wp-json\/wp\/v2\/tags?post=18"}],"curies":[{"name":"wp","href":"https:\/\/api.w.org\/{rel}","templated":true}]}}