{"id":45,"date":"2012-05-09T15:04:52","date_gmt":"2012-05-09T13:04:52","guid":{"rendered":"http:\/\/musikverket.adeprimo.se\/musikochteaterbiblioteket\/?page_id=281"},"modified":"2022-01-20T14:00:21","modified_gmt":"2022-01-20T13:00:21","slug":"rariteter","status":"publish","type":"page","link":"https:\/\/musikverket-old.test.consids5.se\/musikochteaterbiblioteket\/rariteter\/","title":{"rendered":"Rariteter"},"content":{"rendered":"<div id=\"pl-45\"  class=\"panel-layout\" ><div id=\"pg-45-0\"  class=\"panel-grid panel-no-style\" ><div id=\"pgc-45-0-0\"  class=\"panel-grid-cell\" ><div id=\"panel-45-0-0-0\" class=\"so-panel widget widget_headers panel-first-child panel-last-child\" data-index=\"0\" ><div class=\"so-widget-headers so-widget-headers-base\"><h1 id=\"30-000-rariteter\">30\u00a0000 rariteter<\/h1>\n<\/div><\/div><\/div><\/div><div id=\"pg-45-1\"  class=\"panel-grid panel-no-style\" ><div id=\"pgc-45-1-0\"  class=\"panel-grid-cell panel-grid-cell-mobile-last\" ><div id=\"panel-45-1-0-0\" class=\"so-panel widget widget_black-studio-tinymce widget_black_studio_tinymce panel-first-child panel-last-child\" data-index=\"1\" ><div class=\"textwidget\"><p><em>Noter i tryck och handskrift, b&ouml;cker och tidskrifter fr&auml;mst fr&aring;n 1500&ndash;1800-talen.&nbsp;<\/em><em>Den &auml;ldsta handskriften &auml;r ett vikt blad med kyrkomusik fr&aring;n mitten av 1100-talet.<\/em><\/p>\n<\/div><\/div><\/div><div id=\"pgc-45-1-1\"  class=\"panel-grid-cell panel-grid-cell-empty\" ><\/div><\/div><div id=\"pg-45-2\"  class=\"panel-grid panel-has-style\" ><div class=\"siteorigin-panels-stretch panel-row-style panel-row-style-for-45-2\" data-stretch-type=\"full-stretched\" ><div id=\"pgc-45-2-0\"  class=\"panel-grid-cell\" ><div id=\"panel-45-2-0-0\" class=\"so-panel widget widget_slideshow_widget panel-first-child panel-last-child\" data-index=\"2\" >\n\n<div class=\"slideshow-container\" style=\"background: #f3f3f3\">\n  <div data-duration=\"10\" class=\"slideshow standard\">\n    <ul class=\"inner centrerad\">\n    <li class=\"item\"><img class=\"image\" src=\"\/musikochteaterbiblioteket\/files\/2012\/12\/MTB_toppsnurra_rariteter_flickor.png\" alt=\"\" \/><div class=\"content\"><p><\/p><p><\/p><\/div><\/li><li class=\"item\"><img class=\"image\" src=\"\/musikochteaterbiblioteket\/files\/2012\/12\/MTB_toppsnurra_rariteter_laserbok.png\" alt=\"\" \/><div class=\"content\"><p><\/p><p><\/p><\/div><\/li><li class=\"item\"><img class=\"image\" src=\"\/musikochteaterbiblioteket\/files\/2012\/12\/MTB_toppsnurra_rariteter_graf.png\" alt=\"\" \/><div class=\"content\"><p><\/p><p><\/p><\/div><\/li><li class=\"item\"><img class=\"image\" src=\"\/musikochteaterbiblioteket\/files\/2012\/12\/MTB_toppsnurra_rariteter_angel.png\" alt=\"\" \/><div class=\"content\"><p><\/p><p><\/p><\/div><\/li><li class=\"item\"><img class=\"image\" src=\"\/musikochteaterbiblioteket\/files\/2012\/12\/MTB_toppsnurra_rariteter_joses.png\" alt=\"\" \/><div class=\"content\"><p><\/p><p><\/p><\/div><\/li>    <\/ul>\n  <\/div>\n<\/div>\n\n\t\t<\/div><\/div><\/div><\/div><div id=\"pg-45-3\"  class=\"panel-grid panel-no-style\" ><div id=\"pgc-45-3-0\"  class=\"panel-grid-cell\" ><div id=\"panel-45-3-0-0\" class=\"so-panel widget widget_headers panel-first-child\" data-index=\"3\" ><div class=\"so-widget-headers so-widget-headers-base\"><h3 id=\"omfattande-samling-av-aldre-material\">Omfattande samling av \u00e4ldre material<\/h3>\n<\/div><\/div><div id=\"panel-45-3-0-1\" class=\"so-panel widget widget_black-studio-tinymce widget_black_studio_tinymce\" data-index=\"4\" ><div class=\"textwidget\"><p>Raritetssamlingarna best&aring;r dels av sammanh&aring;llna samlingar och dels av verk som st&aring;r uppst&auml;llda enligt genre, som till exempel orkestermusik, s&aring;nger, kammarmusik, litteratur och liturgik.&nbsp;Samlingarna uppg&aring;r i dag till cirka 30&nbsp;000 enheter, d&auml;rtill kommer en brevsamling om cirka 15&nbsp;000 brev.<\/p>\n<p>Samlingarna inneh&aring;ller noter i tryck och handskrift, b&ouml;cker och tidskrifter fr&auml;mst fr&aring;n 1500-1800-talen.&nbsp;Den &auml;ldsta handskriften &auml;r ett vikt blad med kyrkomusik fr&aring;n cirka 1150. Till det mest v&auml;rdefulla h&ouml;r ocks&aring; en Haydn-symfoni i autograf, nr 49, en fyra sidors skiss till Mozarts opera&nbsp;<em>Clemenza di Tito<\/em>&nbsp;och n&aring;gra Beethoven-skisser.&nbsp;<\/p>\n<p><a title=\"&Auml;ldre viktiga samlingar\" href=\"http:\/\/statensmusikverk.se\/musikochteaterbiblioteket\/artikel\/aldre-viktiga-samlingar\/\">L&auml;s om n&aring;gra viktiga raritetssamlingar<\/a><\/p>\n<\/div><\/div><div id=\"panel-45-3-0-2\" class=\"so-panel widget widget_headers\" data-index=\"5\" ><div class=\"so-widget-headers so-widget-headers-base\"><h3 id=\"resurs-for-forskning\">Resurs f\u00f6r forskning<\/h3>\n<\/div><\/div><div id=\"panel-45-3-0-3\" class=\"so-panel widget widget_black-studio-tinymce widget_black_studio_tinymce panel-last-child\" data-index=\"6\" ><div class=\"textwidget\"><p>Bredden och omfattningen av best&aring;nden, snarare &auml;n enstaka unika objekt, &auml;r det som g&ouml;r biblioteket till en oumb&auml;rlig resurs f&ouml;r studier av fr&auml;mst 1700-talets och det tidiga 1800-talets europeiska musik. Biblioteket har en mycket stor samling av 1700-talstryck fr&aring;n de tysk-nederl&auml;ndska musikf&ouml;rl&auml;ggarna Hummel.<\/p>\n<\/div><\/div><\/div><div id=\"pgc-45-3-1\"  class=\"panel-grid-cell\" ><div id=\"panel-45-3-1-0\" class=\"so-panel widget widget_headers panel-first-child\" data-index=\"7\" ><div class=\"so-widget-headers so-widget-headers-base\"><h3 id=\"ta-del-av-samlingarna\">Ta del av samlingarna<\/h3>\n<\/div><\/div><div id=\"panel-45-3-1-1\" class=\"so-panel widget widget_black-studio-tinymce widget_black_studio_tinymce panel-last-child\" data-index=\"8\" ><div class=\"textwidget\"><p>Sedan 2011 st\u00e5r nyinkomna verk i raritetssamlingen uppst\u00e4llda p\u00e5 l\u00f6pnummer och kan s\u00f6kas i&nbsp;<a title=\"Onlinekatalogen\" href=\"http:\/\/discover.musikverket.se\" target=\"_blank\" rel=\"noopener\">onlinekatalogen<\/a>.&nbsp;Varje samling \u00e4r f\u00f6rtecknad i en verklista, antingen online i&nbsp;<a title=\"Arkivregistret\" href=\"http:\/\/statensmusikverk.se\/musikochteaterbiblioteket\/arkiv\/arkivregistret\/\" target=\"_self\">arkivregistret<\/a> eller endast tillg\u00e4nglig i pappersform p\u00e5 biblioteket. Vissa verk i samlingarna samt verk som st\u00e5r uppst\u00e4llda efter genre kan s\u00f6kas i de digitaliserade kortkatalogerna f\u00f6r <a title=\"Kortkatalog f\u00f6r noter\" href=\"http:\/\/www2.muslib.se\/digilellky.php\" target=\"_blank\" rel=\"noopener\">noter<\/a> och <a title=\"Kortkatalog f\u00f6r teater\" href=\"http:\/\/www2.muslib.se\/DigiBeijer\/DigiBeijer.php\" target=\"_blank\" rel=\"noopener\">teater<\/a>.<\/p>\n<p>Material ur raritetssamlingarna kan l\u00e5nas som&nbsp;<a title=\"L\u00e4s mer om vad som g\u00e4ller vid l\u00e4sesalsl\u00e5n\" href=\"http:\/\/statensmusikverk.se\/musikochteaterbiblioteket\/lana\/#lasesalslan\">l\u00e4sesalsl\u00e5n<\/a>. Det g\u00e5r \u00e4ven bra att best\u00e4lla kopior av materialet vid l\u00e5nedisken eller genom att kontakta <a href=\"mailto:specialsamlingar@musikverket.se\">specialsamlingar@musikverket.se<\/a>, som \u00e4ven kan h\u00e4lpa dig att hitta i samlingarna. Se <a title=\"Prislista\" href=\"http:\/\/statensmusikverk.se\/musikochteaterbiblioteket\/besok-biblioteket\/prislista\/\">prislista<\/a> f\u00f6r kopior.<\/p>\n<\/div><\/div><\/div><\/div><\/div>","protected":false},"excerpt":{"rendered":"<p>Noter i tryck och handskrift, b&ouml;cker och tidskrifter fr&auml;mst fr&aring;n 1500&ndash;1800-talen.&nbsp;Den &auml;ldsta handskriften &auml;r ett vikt blad med kyrkomusik fr&aring;n mitten av 1100-talet.<\/p>\n","protected":false},"author":1,"featured_media":310,"parent":0,"menu_order":0,"comment_status":"open","ping_status":"closed","template":"","meta":{"ngg_post_thumbnail":0,"spay_email":""},"categories":[4,3,8],"tags":[15],"yoast_head":"<!-- This site is optimized with the Yoast SEO plugin v16.3 - https:\/\/yoast.com\/wordpress\/plugins\/seo\/ -->\n<meta name=\"robots\" content=\"index, follow, max-snippet:-1, max-image-preview:large, max-video-preview:-1\" \/>\n<link rel=\"canonical\" href=\"https:\/\/musikverket-old.test.consids5.se\/musikochteaterbiblioteket\/rariteter\/\" \/>\n<meta property=\"og:locale\" content=\"sv_SE\" \/>\n<meta property=\"og:type\" content=\"article\" \/>\n<meta property=\"og:title\" content=\"Rariteter - Musik- och teaterbiblioteket\" \/>\n<meta property=\"og:description\" content=\"Noter i tryck och handskrift, b&ouml;cker och tidskrifter fr&auml;mst fr&aring;n 1500&ndash;1800-talen.&nbsp;Den &auml;ldsta handskriften &auml;r ett vikt blad med kyrkomusik fr&aring;n mitten av 1100-talet.\" \/>\n<meta property=\"og:url\" content=\"https:\/\/musikverket-old.test.consids5.se\/musikochteaterbiblioteket\/rariteter\/\" \/>\n<meta property=\"og:site_name\" content=\"Musik- och teaterbiblioteket\" \/>\n<meta property=\"article:modified_time\" content=\"2022-01-20T13:00:21+00:00\" \/>\n<meta property=\"og:image\" content=\"https:\/\/musikverket.se\/musikochteaterbiblioteket\/files\/2012\/12\/MTB_raritet_storloop.png\" \/>\n\t<meta property=\"og:image:width\" content=\"680\" \/>\n\t<meta property=\"og:image:height\" content=\"364\" \/>\n<meta name=\"twitter:label1\" content=\"Ber\u00e4knad l\u00e4stid\">\n\t<meta name=\"twitter:data1\" content=\"2 minuter\">\n<script type=\"application\/ld+json\" class=\"yoast-schema-graph\">{\"@context\":\"https:\/\/schema.org\",\"@graph\":[{\"@type\":\"WebSite\",\"@id\":\"https:\/\/musikverket-old.test.consids5.se\/musikochteaterbiblioteket\/#website\",\"url\":\"https:\/\/musikverket-old.test.consids5.se\/musikochteaterbiblioteket\/\",\"name\":\"Musik- och teaterbiblioteket\",\"description\":\"F\\u00f6rdjupning, kunskap och spelgl\\u00e4dje\",\"potentialAction\":[{\"@type\":\"SearchAction\",\"target\":\"https:\/\/musikverket-old.test.consids5.se\/musikochteaterbiblioteket\/?s={search_term_string}\",\"query-input\":\"required name=search_term_string\"}],\"inLanguage\":\"sv-SE\"},{\"@type\":\"ImageObject\",\"@id\":\"https:\/\/musikverket-old.test.consids5.se\/musikochteaterbiblioteket\/rariteter\/#primaryimage\",\"inLanguage\":\"sv-SE\",\"url\":\"https:\/\/musikverket-old.test.consids5.se\/musikochteaterbiblioteket\/files\/2012\/12\/MTB_raritet_storloop.png\",\"contentUrl\":\"https:\/\/musikverket-old.test.consids5.se\/musikochteaterbiblioteket\/files\/2012\/12\/MTB_raritet_storloop.png\",\"width\":\"680\",\"height\":\"364\",\"caption\":\"Rariteter. Foto: Miki Anagrius\"},{\"@type\":\"WebPage\",\"@id\":\"https:\/\/musikverket-old.test.consids5.se\/musikochteaterbiblioteket\/rariteter\/#webpage\",\"url\":\"https:\/\/musikverket-old.test.consids5.se\/musikochteaterbiblioteket\/rariteter\/\",\"name\":\"Rariteter - Musik- och teaterbiblioteket\",\"isPartOf\":{\"@id\":\"https:\/\/musikverket-old.test.consids5.se\/musikochteaterbiblioteket\/#website\"},\"primaryImageOfPage\":{\"@id\":\"https:\/\/musikverket-old.test.consids5.se\/musikochteaterbiblioteket\/rariteter\/#primaryimage\"},\"datePublished\":\"2012-05-09T13:04:52+00:00\",\"dateModified\":\"2022-01-20T13:00:21+00:00\",\"breadcrumb\":{\"@id\":\"https:\/\/musikverket-old.test.consids5.se\/musikochteaterbiblioteket\/rariteter\/#breadcrumb\"},\"inLanguage\":\"sv-SE\",\"potentialAction\":[{\"@type\":\"ReadAction\",\"target\":[\"https:\/\/musikverket-old.test.consids5.se\/musikochteaterbiblioteket\/rariteter\/\"]}]},{\"@type\":\"BreadcrumbList\",\"@id\":\"https:\/\/musikverket-old.test.consids5.se\/musikochteaterbiblioteket\/rariteter\/#breadcrumb\",\"itemListElement\":[{\"@type\":\"ListItem\",\"position\":1,\"item\":{\"@type\":\"WebPage\",\"@id\":\"https:\/\/musikverket-old.test.consids5.se\/musikochteaterbiblioteket\/\",\"url\":\"https:\/\/musikverket-old.test.consids5.se\/musikochteaterbiblioteket\/\",\"name\":\"Hem\"}},{\"@type\":\"ListItem\",\"position\":2,\"item\":{\"@id\":\"https:\/\/musikverket-old.test.consids5.se\/musikochteaterbiblioteket\/rariteter\/#webpage\"}}]}]}<\/script>\n<!-- \/ Yoast SEO plugin. -->","jetpack_shortlink":"https:\/\/wp.me\/P2ZwmI-J","jetpack_sharing_enabled":true,"_links":{"self":[{"href":"https:\/\/musikverket-old.test.consids5.se\/musikochteaterbiblioteket\/wp-json\/wp\/v2\/pages\/45"}],"collection":[{"href":"https:\/\/musikverket-old.test.consids5.se\/musikochteaterbiblioteket\/wp-json\/wp\/v2\/pages"}],"about":[{"href":"https:\/\/musikverket-old.test.consids5.se\/musikochteaterbiblioteket\/wp-json\/wp\/v2\/types\/page"}],"author":[{"embeddable":true,"href":"https:\/\/musikverket-old.test.consids5.se\/musikochteaterbiblioteket\/wp-json\/wp\/v2\/users\/1"}],"replies":[{"embeddable":true,"href":"https:\/\/musikverket-old.test.consids5.se\/musikochteaterbiblioteket\/wp-json\/wp\/v2\/comments?post=45"}],"version-history":[{"count":0,"href":"https:\/\/musikverket-old.test.consids5.se\/musikochteaterbiblioteket\/wp-json\/wp\/v2\/pages\/45\/revisions"}],"wp:featuredmedia":[{"embeddable":true,"href":"https:\/\/musikverket-old.test.consids5.se\/musikochteaterbiblioteket\/wp-json\/wp\/v2\/media\/310"}],"wp:attachment":[{"href":"https:\/\/musikverket-old.test.consids5.se\/musikochteaterbiblioteket\/wp-json\/wp\/v2\/media?parent=45"}],"wp:term":[{"taxonomy":"category","embeddable":true,"href":"https:\/\/musikverket-old.test.consids5.se\/musikochteaterbiblioteket\/wp-json\/wp\/v2\/categories?post=45"},{"taxonomy":"post_tag","embeddable":true,"href":"https:\/\/musikverket-old.test.consids5.se\/musikochteaterbiblioteket\/wp-json\/wp\/v2\/tags?post=45"}],"curies":[{"name":"wp","href":"https:\/\/api.w.org\/{rel}","templated":true}]}}