{"id":9421,"date":"2018-01-16T15:13:47","date_gmt":"2018-01-16T14:13:47","guid":{"rendered":"http:\/\/musikverket.se\/musikochteaterbiblioteket\/?page_id=9421"},"modified":"2021-09-07T16:56:24","modified_gmt":"2021-09-07T14:56:24","slug":"ernst-rolfs-jubileumsrevy-1928","status":"publish","type":"page","link":"https:\/\/musikverket-old.test.consids5.se\/musikochteaterbiblioteket\/rariteter\/utvalda-rariteter\/ernst-rolfs-jubileumsrevy-1928\/","title":{"rendered":"Ernst Rolfs Jubileumsrevy 1928"},"content":{"rendered":"<div id=\"pl-9421\"  class=\"panel-layout\" ><div id=\"pg-9421-0\"  class=\"panel-grid panel-no-style\" ><div id=\"pgc-9421-0-0\"  class=\"panel-grid-cell\" ><div id=\"panel-9421-0-0-0\" class=\"so-panel widget widget_headers panel-first-child\" data-index=\"0\" ><div class=\"so-widget-headers so-widget-headers-base\"><h1 id=\"ernst-rolfs-jubileumsrevy-1928\">Ernst Rolfs jubileumsrevy 1928<\/h1>\n<\/div><\/div><div id=\"panel-9421-0-0-1\" class=\"so-panel widget widget_headers panel-last-child\" data-index=\"1\" ><div class=\"so-widget-headers so-widget-headers-base\"><h2 id=\"det-bor-i-varje-hjarta-en-liten-amorin\">Det bor i varje hj\u00e4rta en liten amorin<\/h2>\n<\/div><\/div><\/div><\/div><div id=\"pg-9421-1\"  class=\"panel-grid panel-no-style\" ><div id=\"pgc-9421-1-0\"  class=\"panel-grid-cell\" ><div id=\"panel-9421-1-0-0\" class=\"so-panel widget widget_black-studio-tinymce widget_black_studio_tinymce panel-first-child panel-last-child\" data-index=\"2\" ><div class=\"textwidget\"><p>Det bor i varje hj\u00e4rta en liten amorin heter foxtrotvisan som Alfhild \u201dBullan\u201d Weijden (1901\u20131969)sj\u00f6ng i Ernst Rolfs jubileumsrevy 1928. Bullan sj\u00f6ng, sv\u00e4vandes \u00f6ver parketten i ett sj\u00e4lvlysande hj\u00e4rta. Revykupletten av George Enders (1898\u20131954) ingick i Ernst Rolfs Jubileumsrevy p\u00e5 Cirkus i Stockholm 1928.<\/p>\n<p>Illustrationen p\u00e5 notbladets framsida \u00e4r m\u00e5lad av Einar Norelius (1900\u20131985) som ocks\u00e5 gjort programblad och scendekorationer f\u00f6r revyn (f\u00f6r \u00f6vrigt samma konstn\u00e4r som illustrerat barnboken Petter och hans fyra getter.) Texten, som b\u00f6rjar \"Jag kommer som en tjuv om natten\", \u00e4r skriven av pseudonymen Nils Georg, alias de tv\u00e5 studentspexkamraterna Nils Perne (1905\u20131965) och Georg Eliasson (1905\u20131973).<br \/>Med jubileumsrevyn ville Ernst Rolf (1891\u20131932) fira att det var 20 \u00e5r sedan han f\u00f6r f\u00f6rsta g\u00e5ngen kom till Stockholm, tillsammans med Axel Engdahls (1863\u20131922) revys\u00e4llskap, d\u00e5 som den ok\u00e4nde Ragnar Johansson fr\u00e5n Falun.<\/p>\n<p>Revyn b\u00f6rjade ta form p\u00e5 vintern 1928 n\u00e4r Ernst Rolf spelade en annan revy i Oslo, och han verkade vilja sl\u00e5 p\u00e5 stort. Kostymtecknaren Gueye Rolf (1902\u20131973) i Paris fick m\u00e4ngder av telegram av typen \"k\u00f6p v\u00e4nligast guldp\u00e4rlor silverp\u00e4rlor guldpaljetter bl\u00e5 paljetter guldspetsar silverspetsar blommor i olika f\u00e4rger Ernst\". I Stockholm gick rykten om en j\u00e4tterevy, och dessutom talades det om att Ernst Rolf skulle ha f\u00f6rlovat sig med en ung norska som medverkat i Oslorevyn. Mycket riktigt hade Ernst Rolf spanat in en av dans\u00f6serna under genrepet p\u00e5 Casino-teatern i Oslo, den d\u00e5 20-\u00e5riga Jenny Solveig \"Tutta\" Berntzen (1907\u20131994).<\/p>\n<p>Ernst skickade sin maskinm\u00e4stare att k\u00f6pa en j\u00e4ttebukett blommor till henne, uppvaktade henne intensivt och lyckades s\u00e5 sm\u00e5ningom k\u00f6pa loss henne fr\u00e5n det kontrakt hon hade med Chat Noir-teatern s\u00e5 att hon kunde f\u00f6lja med till G\u00f6teborg och Stockholm och medverka i jubileumsrevyn. Tutta Berntzen fick i revyn framf\u00f6rallt sjunga kupletter d\u00e4r man lekte med kontrasten mellan hennes oskuldsfulla utstr\u00e5lning och den lite mer v\u00e5gade texten.<\/p>\n<p>Revyn bestod av 36 olika tabl\u00e5er och spelades av en ensemble p\u00e5 totalt 96 personer. Inledningen m\u00e5ste f\u00f6rst\u00e5s vara ansl\u00e5ende och storstilad, s\u00e5 Ernst Rolf hade byggt upp en sj\u00f6manstabl\u00e5 d\u00e4r 48 svenska, danska, norska och engelska paraderade, sj\u00f6ng och dansade en semaforeringsdans.<\/p>\n<p>1928 blev ett lyckosamt \u00e5r f\u00f6r Ernst Rolf. Han spelade jubileumsrevyn i bland annat Halmstad, G\u00f6teborg och Stockholm samt hann med att spela in 77 grammofonskivor.<\/p>\n<p><em>Johanna Grut, bibliotekarie<\/em><\/p>\n<p>&nbsp;<\/p>\n<\/div><\/div><\/div><div id=\"pgc-9421-1-1\"  class=\"panel-grid-cell\" ><div id=\"panel-9421-1-1-0\" class=\"so-panel widget widget_text panel-first-child panel-last-child\" data-index=\"3\" >\t\t\t<div class=\"textwidget\"><p><style type='text\/css'>\n    #ngg-gallery-4ac47d0c04aba89b7c473dfb4f32d6d9 .ngg-pro-masonry-item {\n        margin-bottom: 10px;\n    }\n<\/style>\n<div class=\"ngg-pro-masonry-wrapper\">\n    <div class=\"ngg-pro-masonry-spinner\">\n        <i class='fa fa-spin fa-spinner'><\/i>\n    <\/div>\n    <div class=\"ngg-pro-masonry\" id=\"ngg-gallery-4ac47d0c04aba89b7c473dfb4f32d6d9\">\n        <div class='ngg-pro-masonry-gutter' style='width: 10px'><\/div>\n        <div class='ngg-pro-masonry-sizer' style='width: 180px'><\/div>\n                    <div class='ngg-pro-masonry-item' style='height: 224px; max-width: 180px;'>\n                <a href=\"https:\/\/musikverket-old.test.consids5.se\/musikochteaterbiblioteket\/wp-content\/blogs.dir\/2\/files\/ernst-rolf\/amorin_startsida.jpg\"\n                   title=\"\"\n                   data-src=\"https:\/\/musikverket-old.test.consids5.se\/musikochteaterbiblioteket\/wp-content\/blogs.dir\/2\/files\/ernst-rolf\/amorin_startsida.jpg\"\n                   data-thumbnail=\"https:\/\/musikverket-old.test.consids5.se\/musikochteaterbiblioteket\/wp-content\/blogs.dir\/2\/files\/ernst-rolf\/cache\/amorin_startsida.jpg-nggid019-ngg0dyn-180x0-00f0w010c010r110f110r010t010.jpg\"\n                   data-image-id=\"9\"\n                   data-title=\"amorin_startsida\"\n                   data-description=\"\"\n                   data-ngg-captions-nostylecopy=\"1\"\n                    class='nextgen_pro_lightbox' data-nplmodal-gallery-id='4ac47d0c04aba89b7c473dfb4f32d6d9'>\n                    <picture>\n\t\n<source srcset='https:\/\/musikverket-old.test.consids5.se\/musikochteaterbiblioteket\/wp-content\/blogs.dir\/2\/files\/ernst-rolf\/cache\/amorin_startsida.jpg-nggid019-ngg0dyn-180x0-00f0w010c010r110f110r010t010.jpg' media=''>\n<img title=\"amorin_startsida\" alt=\"amorin_startsida\" width=\"180\" height=\"224\" style=\"max-width:180px;max-height:224px\" src=\"https:\/\/musikverket-old.test.consids5.se\/musikochteaterbiblioteket\/wp-content\/blogs.dir\/2\/files\/ernst-rolf\/cache\/amorin_startsida.jpg-nggid019-ngg0dyn-180x0-00f0w010c010r110f110r010t010.jpg\" srcset=\"https:\/\/musikverket-old.test.consids5.se\/musikochteaterbiblioteket\/wp-content\/blogs.dir\/2\/files\/ernst-rolf\/cache\/amorin_startsida.jpg-nggid019-ngg0dyn-180x0-00f0w010c010r110f110r010t010.jpg\" onerror=\"nggRetryFailedImage(this);\"\/>\n<\/picture>                <\/a>\n            <\/div>\n                                            <div class='ngg-pro-masonry-item' style='height: 181px; max-width: 180px;'>\n                <a href=\"https:\/\/musikverket-old.test.consids5.se\/musikochteaterbiblioteket\/wp-content\/blogs.dir\/2\/files\/ernst-rolf\/refrang.jpg\"\n                   title=\"\"\n                   data-src=\"https:\/\/musikverket-old.test.consids5.se\/musikochteaterbiblioteket\/wp-content\/blogs.dir\/2\/files\/ernst-rolf\/refrang.jpg\"\n                   data-thumbnail=\"https:\/\/musikverket-old.test.consids5.se\/musikochteaterbiblioteket\/wp-content\/blogs.dir\/2\/files\/ernst-rolf\/cache\/refrang.jpg-nggid0210-ngg0dyn-180x0-00f0w010c010r110f110r010t010.jpg\"\n                   data-image-id=\"10\"\n                   data-title=\"refrang\"\n                   data-description=\"\"\n                   data-ngg-captions-nostylecopy=\"1\"\n                    class='nextgen_pro_lightbox' data-nplmodal-gallery-id='4ac47d0c04aba89b7c473dfb4f32d6d9'>\n                    <picture>\n\t\n<source srcset='https:\/\/musikverket-old.test.consids5.se\/musikochteaterbiblioteket\/wp-content\/blogs.dir\/2\/files\/ernst-rolf\/cache\/refrang.jpg-nggid0210-ngg0dyn-180x0-00f0w010c010r110f110r010t010.jpg' media=''>\n<img title=\"refrang\" alt=\"refrang\" width=\"180\" height=\"181\" style=\"max-width:180px;max-height:181px\" src=\"https:\/\/musikverket-old.test.consids5.se\/musikochteaterbiblioteket\/wp-content\/blogs.dir\/2\/files\/ernst-rolf\/cache\/refrang.jpg-nggid0210-ngg0dyn-180x0-00f0w010c010r110f110r010t010.jpg\" srcset=\"https:\/\/musikverket-old.test.consids5.se\/musikochteaterbiblioteket\/wp-content\/blogs.dir\/2\/files\/ernst-rolf\/cache\/refrang.jpg-nggid0210-ngg0dyn-180x0-00f0w010c010r110f110r010t010.jpg\" onerror=\"nggRetryFailedImage(this);\"\/>\n<\/picture>                <\/a>\n            <\/div>\n                                            <div class='ngg-pro-masonry-item' style='height: 250px; max-width: 180px;'>\n                <a href=\"https:\/\/musikverket-old.test.consids5.se\/musikochteaterbiblioteket\/wp-content\/blogs.dir\/2\/files\/ernst-rolf\/sjomanstablan.jpg\"\n                   title=\"\"\n                   data-src=\"https:\/\/musikverket-old.test.consids5.se\/musikochteaterbiblioteket\/wp-content\/blogs.dir\/2\/files\/ernst-rolf\/sjomanstablan.jpg\"\n                   data-thumbnail=\"https:\/\/musikverket-old.test.consids5.se\/musikochteaterbiblioteket\/wp-content\/blogs.dir\/2\/files\/ernst-rolf\/cache\/sjomanstablan.jpg-nggid0211-ngg0dyn-180x0-00f0w010c010r110f110r010t010.jpg\"\n                   data-image-id=\"11\"\n                   data-title=\"sjomanstablan\"\n                   data-description=\"\"\n                   data-ngg-captions-nostylecopy=\"1\"\n                    class='nextgen_pro_lightbox' data-nplmodal-gallery-id='4ac47d0c04aba89b7c473dfb4f32d6d9'>\n                    <picture>\n\t\n<source srcset='https:\/\/musikverket-old.test.consids5.se\/musikochteaterbiblioteket\/wp-content\/blogs.dir\/2\/files\/ernst-rolf\/cache\/sjomanstablan.jpg-nggid0211-ngg0dyn-180x0-00f0w010c010r110f110r010t010.jpg' media=''>\n<img title=\"sjomanstablan\" alt=\"sjomanstablan\" width=\"180\" height=\"250\" style=\"max-width:180px;max-height:250px\" src=\"https:\/\/musikverket-old.test.consids5.se\/musikochteaterbiblioteket\/wp-content\/blogs.dir\/2\/files\/ernst-rolf\/cache\/sjomanstablan.jpg-nggid0211-ngg0dyn-180x0-00f0w010c010r110f110r010t010.jpg\" srcset=\"https:\/\/musikverket-old.test.consids5.se\/musikochteaterbiblioteket\/wp-content\/blogs.dir\/2\/files\/ernst-rolf\/cache\/sjomanstablan.jpg-nggid0211-ngg0dyn-180x0-00f0w010c010r110f110r010t010.jpg\" onerror=\"nggRetryFailedImage(this);\"\/>\n<\/picture>                <\/a>\n            <\/div>\n                                            <div class='ngg-pro-masonry-item' style='height: 237px; max-width: 180px;'>\n                <a href=\"https:\/\/musikverket-old.test.consids5.se\/musikochteaterbiblioteket\/wp-content\/blogs.dir\/2\/files\/ernst-rolf\/tutta.jpg\"\n                   title=\"\"\n                   data-src=\"https:\/\/musikverket-old.test.consids5.se\/musikochteaterbiblioteket\/wp-content\/blogs.dir\/2\/files\/ernst-rolf\/tutta.jpg\"\n                   data-thumbnail=\"https:\/\/musikverket-old.test.consids5.se\/musikochteaterbiblioteket\/wp-content\/blogs.dir\/2\/files\/ernst-rolf\/cache\/tutta.jpg-nggid0212-ngg0dyn-180x0-00f0w010c010r110f110r010t010.jpg\"\n                   data-image-id=\"12\"\n                   data-title=\"tutta\"\n                   data-description=\"\"\n                   data-ngg-captions-nostylecopy=\"1\"\n                    class='nextgen_pro_lightbox' data-nplmodal-gallery-id='4ac47d0c04aba89b7c473dfb4f32d6d9'>\n                    <picture>\n\t\n<source srcset='https:\/\/musikverket-old.test.consids5.se\/musikochteaterbiblioteket\/wp-content\/blogs.dir\/2\/files\/ernst-rolf\/cache\/tutta.jpg-nggid0212-ngg0dyn-180x0-00f0w010c010r110f110r010t010.jpg' media=''>\n<img title=\"tutta\" alt=\"tutta\" width=\"180\" height=\"237\" style=\"max-width:180px;max-height:237px\" src=\"https:\/\/musikverket-old.test.consids5.se\/musikochteaterbiblioteket\/wp-content\/blogs.dir\/2\/files\/ernst-rolf\/cache\/tutta.jpg-nggid0212-ngg0dyn-180x0-00f0w010c010r110f110r010t010.jpg\" srcset=\"https:\/\/musikverket-old.test.consids5.se\/musikochteaterbiblioteket\/wp-content\/blogs.dir\/2\/files\/ernst-rolf\/cache\/tutta.jpg-nggid0212-ngg0dyn-180x0-00f0w010c010r110f110r010t010.jpg\" onerror=\"nggRetryFailedImage(this);\"\/>\n<\/picture>                <\/a>\n            <\/div>\n                                            <div class='ngg-pro-masonry-item' style='height: 205px; max-width: 180px;'>\n                <a href=\"https:\/\/musikverket-old.test.consids5.se\/musikochteaterbiblioteket\/wp-content\/blogs.dir\/2\/files\/ernst-rolf\/tutta_rolf_mindre.jpg\"\n                   title=\"\"\n                   data-src=\"https:\/\/musikverket-old.test.consids5.se\/musikochteaterbiblioteket\/wp-content\/blogs.dir\/2\/files\/ernst-rolf\/tutta_rolf_mindre.jpg\"\n                   data-thumbnail=\"https:\/\/musikverket-old.test.consids5.se\/musikochteaterbiblioteket\/wp-content\/blogs.dir\/2\/files\/ernst-rolf\/cache\/tutta_rolf_mindre.jpg-nggid0213-ngg0dyn-180x0-00f0w010c010r110f110r010t010.jpg\"\n                   data-image-id=\"13\"\n                   data-title=\"tutta_rolf_mindre\"\n                   data-description=\"\"\n                   data-ngg-captions-nostylecopy=\"1\"\n                    class='nextgen_pro_lightbox' data-nplmodal-gallery-id='4ac47d0c04aba89b7c473dfb4f32d6d9'>\n                    <picture>\n\t\n<source srcset='https:\/\/musikverket-old.test.consids5.se\/musikochteaterbiblioteket\/wp-content\/blogs.dir\/2\/files\/ernst-rolf\/cache\/tutta_rolf_mindre.jpg-nggid0213-ngg0dyn-180x0-00f0w010c010r110f110r010t010.jpg' media=''>\n<img title=\"tutta_rolf_mindre\" alt=\"tutta_rolf_mindre\" width=\"180\" height=\"205\" style=\"max-width:180px;max-height:205px\" src=\"https:\/\/musikverket-old.test.consids5.se\/musikochteaterbiblioteket\/wp-content\/blogs.dir\/2\/files\/ernst-rolf\/cache\/tutta_rolf_mindre.jpg-nggid0213-ngg0dyn-180x0-00f0w010c010r110f110r010t010.jpg\" srcset=\"https:\/\/musikverket-old.test.consids5.se\/musikochteaterbiblioteket\/wp-content\/blogs.dir\/2\/files\/ernst-rolf\/cache\/tutta_rolf_mindre.jpg-nggid0213-ngg0dyn-180x0-00f0w010c010r110f110r010t010.jpg\" onerror=\"nggRetryFailedImage(this);\"\/>\n<\/picture>                <\/a>\n            <\/div>\n                                            <\/div><\/div><\/p><\/div>\n\t\t<\/div><\/div><\/div><\/div>","protected":false},"excerpt":{"rendered":"<p>Det bor i varje hj\u00e4rta en liten amorin heter foxtrotvisan som Alfhild \u201dBullan\u201d Weijden (1901\u20131969)sj\u00f6ng i Ernst Rolfs jubileumsrevy 1928. Bullan sj\u00f6ng, sv\u00e4vandes \u00f6ver parketten i ett sj\u00e4lvlysande hj\u00e4rta. Revykupletten av George Enders (1898\u20131954) ingick i Ernst Rolfs Jubileumsrevy p\u00e5 Cirkus i Stockholm 1928.Illustrationen p\u00e5 notbladets framsida \u00e4r m\u00e5lad av Einar Norelius (1900\u20131985) som ocks\u00e5 [&hellip;]<\/p>\n","protected":false},"author":70,"featured_media":0,"parent":9313,"menu_order":0,"comment_status":"closed","ping_status":"closed","template":"","meta":{"ngg_post_thumbnail":0,"spay_email":""},"categories":[3,8],"tags":[],"yoast_head":"<!-- This site is optimized with the Yoast SEO plugin v16.3 - https:\/\/yoast.com\/wordpress\/plugins\/seo\/ -->\n<meta name=\"robots\" content=\"index, follow, max-snippet:-1, max-image-preview:large, max-video-preview:-1\" \/>\n<link rel=\"canonical\" href=\"https:\/\/musikverket-old.test.consids5.se\/musikochteaterbiblioteket\/rariteter\/utvalda-rariteter\/ernst-rolfs-jubileumsrevy-1928\/\" \/>\n<meta property=\"og:locale\" content=\"sv_SE\" \/>\n<meta property=\"og:type\" content=\"article\" \/>\n<meta property=\"og:title\" content=\"Ernst Rolfs Jubileumsrevy 1928 - Musik- och teaterbiblioteket\" \/>\n<meta property=\"og:description\" content=\"Det bor i varje hj\u00e4rta en liten amorin heter foxtrotvisan som Alfhild \u201dBullan\u201d Weijden (1901\u20131969)sj\u00f6ng i Ernst Rolfs jubileumsrevy 1928. Bullan sj\u00f6ng, sv\u00e4vandes \u00f6ver parketten i ett sj\u00e4lvlysande hj\u00e4rta. Revykupletten av George Enders (1898\u20131954) ingick i Ernst Rolfs Jubileumsrevy p\u00e5 Cirkus i Stockholm 1928.Illustrationen p\u00e5 notbladets framsida \u00e4r m\u00e5lad av Einar Norelius (1900\u20131985) som ocks\u00e5 [&hellip;]\" \/>\n<meta property=\"og:url\" content=\"https:\/\/musikverket-old.test.consids5.se\/musikochteaterbiblioteket\/rariteter\/utvalda-rariteter\/ernst-rolfs-jubileumsrevy-1928\/\" \/>\n<meta property=\"og:site_name\" content=\"Musik- och teaterbiblioteket\" \/>\n<meta property=\"article:modified_time\" content=\"2021-09-07T14:56:24+00:00\" \/>\n<meta property=\"og:image\" content=\"https:\/\/musikverket.se\/musikochteaterbiblioteket\/wp-content\/blogs.dir\/2\/files\/ernst-rolf\/cache\/amorin_startsida.jpg-nggid019-ngg0dyn-180x0-00f0w010c010r110f110r010t010.jpg\" \/>\n<meta name=\"twitter:label1\" content=\"Ber\u00e4knad l\u00e4stid\">\n\t<meta name=\"twitter:data1\" content=\"3 minuter\">\n<script type=\"application\/ld+json\" class=\"yoast-schema-graph\">{\"@context\":\"https:\/\/schema.org\",\"@graph\":[{\"@type\":\"WebSite\",\"@id\":\"https:\/\/musikverket-old.test.consids5.se\/musikochteaterbiblioteket\/#website\",\"url\":\"https:\/\/musikverket-old.test.consids5.se\/musikochteaterbiblioteket\/\",\"name\":\"Musik- och teaterbiblioteket\",\"description\":\"F\\u00f6rdjupning, kunskap och spelgl\\u00e4dje\",\"potentialAction\":[{\"@type\":\"SearchAction\",\"target\":\"https:\/\/musikverket-old.test.consids5.se\/musikochteaterbiblioteket\/?s={search_term_string}\",\"query-input\":\"required name=search_term_string\"}],\"inLanguage\":\"sv-SE\"},{\"@type\":\"ImageObject\",\"@id\":\"https:\/\/musikverket-old.test.consids5.se\/musikochteaterbiblioteket\/rariteter\/utvalda-rariteter\/ernst-rolfs-jubileumsrevy-1928\/#primaryimage\",\"inLanguage\":\"sv-SE\",\"url\":\"https:\/\/musikverket.se\/musikochteaterbiblioteket\/wp-content\/blogs.dir\/2\/files\/ernst-rolf\/cache\/amorin_startsida.jpg-nggid019-ngg0dyn-180x0-00f0w010c010r110f110r010t010.jpg\",\"contentUrl\":\"https:\/\/musikverket.se\/musikochteaterbiblioteket\/wp-content\/blogs.dir\/2\/files\/ernst-rolf\/cache\/amorin_startsida.jpg-nggid019-ngg0dyn-180x0-00f0w010c010r110f110r010t010.jpg\"},{\"@type\":\"WebPage\",\"@id\":\"https:\/\/musikverket-old.test.consids5.se\/musikochteaterbiblioteket\/rariteter\/utvalda-rariteter\/ernst-rolfs-jubileumsrevy-1928\/#webpage\",\"url\":\"https:\/\/musikverket-old.test.consids5.se\/musikochteaterbiblioteket\/rariteter\/utvalda-rariteter\/ernst-rolfs-jubileumsrevy-1928\/\",\"name\":\"Ernst Rolfs Jubileumsrevy 1928 - Musik- och teaterbiblioteket\",\"isPartOf\":{\"@id\":\"https:\/\/musikverket-old.test.consids5.se\/musikochteaterbiblioteket\/#website\"},\"primaryImageOfPage\":{\"@id\":\"https:\/\/musikverket-old.test.consids5.se\/musikochteaterbiblioteket\/rariteter\/utvalda-rariteter\/ernst-rolfs-jubileumsrevy-1928\/#primaryimage\"},\"datePublished\":\"2018-01-16T14:13:47+00:00\",\"dateModified\":\"2021-09-07T14:56:24+00:00\",\"breadcrumb\":{\"@id\":\"https:\/\/musikverket-old.test.consids5.se\/musikochteaterbiblioteket\/rariteter\/utvalda-rariteter\/ernst-rolfs-jubileumsrevy-1928\/#breadcrumb\"},\"inLanguage\":\"sv-SE\",\"potentialAction\":[{\"@type\":\"ReadAction\",\"target\":[\"https:\/\/musikverket-old.test.consids5.se\/musikochteaterbiblioteket\/rariteter\/utvalda-rariteter\/ernst-rolfs-jubileumsrevy-1928\/\"]}]},{\"@type\":\"BreadcrumbList\",\"@id\":\"https:\/\/musikverket-old.test.consids5.se\/musikochteaterbiblioteket\/rariteter\/utvalda-rariteter\/ernst-rolfs-jubileumsrevy-1928\/#breadcrumb\",\"itemListElement\":[{\"@type\":\"ListItem\",\"position\":1,\"item\":{\"@type\":\"WebPage\",\"@id\":\"https:\/\/musikverket-old.test.consids5.se\/musikochteaterbiblioteket\/\",\"url\":\"https:\/\/musikverket-old.test.consids5.se\/musikochteaterbiblioteket\/\",\"name\":\"Hem\"}},{\"@type\":\"ListItem\",\"position\":2,\"item\":{\"@type\":\"WebPage\",\"@id\":\"https:\/\/musikverket-old.test.consids5.se\/musikochteaterbiblioteket\/rariteter\/\",\"url\":\"https:\/\/musikverket-old.test.consids5.se\/musikochteaterbiblioteket\/rariteter\/\",\"name\":\"Rariteter\"}},{\"@type\":\"ListItem\",\"position\":3,\"item\":{\"@type\":\"WebPage\",\"@id\":\"https:\/\/musikverket-old.test.consids5.se\/musikochteaterbiblioteket\/rariteter\/utvalda-rariteter\/\",\"url\":\"https:\/\/musikverket-old.test.consids5.se\/musikochteaterbiblioteket\/rariteter\/utvalda-rariteter\/\",\"name\":\"Utvalda rariteter\"}},{\"@type\":\"ListItem\",\"position\":4,\"item\":{\"@id\":\"https:\/\/musikverket-old.test.consids5.se\/musikochteaterbiblioteket\/rariteter\/utvalda-rariteter\/ernst-rolfs-jubileumsrevy-1928\/#webpage\"}}]}]}<\/script>\n<!-- \/ Yoast SEO plugin. -->","jetpack_shortlink":"https:\/\/wp.me\/P2ZwmI-2rX","jetpack_sharing_enabled":true,"_links":{"self":[{"href":"https:\/\/musikverket-old.test.consids5.se\/musikochteaterbiblioteket\/wp-json\/wp\/v2\/pages\/9421"}],"collection":[{"href":"https:\/\/musikverket-old.test.consids5.se\/musikochteaterbiblioteket\/wp-json\/wp\/v2\/pages"}],"about":[{"href":"https:\/\/musikverket-old.test.consids5.se\/musikochteaterbiblioteket\/wp-json\/wp\/v2\/types\/page"}],"author":[{"embeddable":true,"href":"https:\/\/musikverket-old.test.consids5.se\/musikochteaterbiblioteket\/wp-json\/wp\/v2\/users\/70"}],"replies":[{"embeddable":true,"href":"https:\/\/musikverket-old.test.consids5.se\/musikochteaterbiblioteket\/wp-json\/wp\/v2\/comments?post=9421"}],"version-history":[{"count":0,"href":"https:\/\/musikverket-old.test.consids5.se\/musikochteaterbiblioteket\/wp-json\/wp\/v2\/pages\/9421\/revisions"}],"up":[{"embeddable":true,"href":"https:\/\/musikverket-old.test.consids5.se\/musikochteaterbiblioteket\/wp-json\/wp\/v2\/pages\/9313"}],"wp:attachment":[{"href":"https:\/\/musikverket-old.test.consids5.se\/musikochteaterbiblioteket\/wp-json\/wp\/v2\/media?parent=9421"}],"wp:term":[{"taxonomy":"category","embeddable":true,"href":"https:\/\/musikverket-old.test.consids5.se\/musikochteaterbiblioteket\/wp-json\/wp\/v2\/categories?post=9421"},{"taxonomy":"post_tag","embeddable":true,"href":"https:\/\/musikverket-old.test.consids5.se\/musikochteaterbiblioteket\/wp-json\/wp\/v2\/tags?post=9421"}],"curies":[{"name":"wp","href":"https:\/\/api.w.org\/{rel}","templated":true}]}}