{"id":9511,"date":"2018-01-16T15:52:38","date_gmt":"2018-01-16T14:52:38","guid":{"rendered":"http:\/\/musikverket.se\/musikochteaterbiblioteket\/?page_id=9511"},"modified":"2018-01-16T15:52:38","modified_gmt":"2018-01-16T14:52:38","slug":"en-kasperteaterbok-med-rorliga-bilder","status":"publish","type":"page","link":"https:\/\/musikverket-old.test.consids5.se\/musikochteaterbiblioteket\/rariteter\/utvalda-rariteter\/en-kasperteaterbok-med-rorliga-bilder\/","title":{"rendered":"En Kasperteaterbok med r\u00f6rliga bilder"},"content":{"rendered":"<div id=\"pl-9511\"  class=\"panel-layout\" ><div id=\"pg-9511-0\"  class=\"panel-grid panel-no-style\" ><div id=\"pgc-9511-0-0\"  class=\"panel-grid-cell\" ><div id=\"panel-9511-0-0-0\" class=\"so-panel widget widget_headers panel-first-child panel-last-child\" data-index=\"0\" ><div class=\"so-widget-headers so-widget-headers-base\"><h1 id=\"en-kasperteaterbok-med-rorliga-bilder\">En Kasperteaterbok med r\u00f6rliga bilder<\/h1>\n<\/div><\/div><\/div><\/div><div id=\"pg-9511-1\"  class=\"panel-grid panel-no-style\" ><div id=\"pgc-9511-1-0\"  class=\"panel-grid-cell\" ><div id=\"panel-9511-1-0-0\" class=\"so-panel widget widget_black-studio-tinymce widget_black_studio_tinymce panel-first-child panel-last-child\" data-index=\"1\" ><div class=\"textwidget\"><p>Den skr\u00e4nige och fr\u00e4cke Kasper har g\u00e4stat Sverige sen 1700-talet, och blev mer bofast under 1850-talet, n\u00e4r tysken JC H\u00e4usermann etablerade sig i Stockholm med sin kasperteater. Det var en portabel dockteater med handdockor, som l\u00e4tt kunde st\u00e4llas upp d\u00e4r det fanns tillg\u00e5ng till publik.<\/p>\n<p>Efter en blygsam b\u00f6rjan inne i staden, s\u00e5 blev Djurg\u00e5rdssl\u00e4tten den fasta punkten, f\u00f6r att senare flytta in i Skansen, d\u00e4r den finns \u00e4n i dag.<\/p>\n<p>Kasper-figuren har r\u00f6tter i Commedia dell'arte, och d\u00e5 framf\u00f6rallt i Pulcinella som liksom Kasper \u00e4r g\u00e5-p\u00e5ig, matlysten med stor buk och har puckelrygg. Den formen kom till Stockholm redan 1674 med herrarna Landolfi och Pelitzer. Via tyskarnas egen version: Hanswurst, som \u00e4r den lantliga varianten, kom sen stadsbon Kasper som \u00e4n i dag \u00e4r dominerande och motsvaras av Kasperle i Frankrike och Punch i England.<\/p>\n<p>Kasper \u00e4r inte bara en fr\u00e4ck person som s\u00e4ger vad han vill, utan ocks\u00e5 ett bortsk\u00e4mt och egensinnigt barn, vilket gjorde att han uppskattades b\u00e5da av de vuxna och den yngre publiken. N\u00e4r sen bilderb\u00f6ckerna f\u00f6r barn under 1800-talet blev allt vanligare, s\u00e5 kom Kasper ocks\u00e5 in d\u00e4r. Under andra h\u00e4lften av 1800-talet blev barnbilderboken allt mer p\u00e5kostad och avancerad. Den var inte bara i f\u00e4rg utan kunde ocks\u00e5 ha utstansade blad s\u00e5 att boken blev en tittsk\u00e5psteater, eller r\u00f6rliga figurer, som denna Stor utomordentlig Kasper-Teater med m\u00e5nga lefvande kolorerade gubbar: Herr Kasper och hans uppt\u00e5g i staden och p\u00e5 landet. Utgiven av f\u00f6rlaget Lamm i Stockholm 1866.<\/p>\n<p>Denna bok ing\u00e5r i Collezione Oreglia, den stora boksamling \u00f6ver commedia dell'arte fr\u00e5n alla tider och i alla dess former, som Musik- och teaterbiblioteket \u00e4rvde av Giacomo Oreglia (1924-2007).<\/p>\n<p><em>Magnus Blomkvist, teaterbibliotekarie<\/em> <\/p>\n<\/div><\/div><\/div><div id=\"pgc-9511-1-1\"  class=\"panel-grid-cell\" ><div id=\"panel-9511-1-1-0\" class=\"so-panel widget widget_text panel-first-child panel-last-child\" data-index=\"2\" >\t\t\t<div class=\"textwidget\"><p><style type='text\/css'>\n    #ngg-gallery-8855e5f6cad87e4b47e103baa4988225 .ngg-pro-masonry-item {\n        margin-bottom: 10px;\n    }\n<\/style>\n<div class=\"ngg-pro-masonry-wrapper\">\n    <div class=\"ngg-pro-masonry-spinner\">\n        <i class='fa fa-spin fa-spinner'><\/i>\n    <\/div>\n    <div class=\"ngg-pro-masonry\" id=\"ngg-gallery-8855e5f6cad87e4b47e103baa4988225\">\n        <div class='ngg-pro-masonry-gutter' style='width: 10px'><\/div>\n        <div class='ngg-pro-masonry-sizer' style='width: 180px'><\/div>\n                    <div class='ngg-pro-masonry-item' style='height: 235px; max-width: 180px;'>\n                <a href=\"https:\/\/musikverket-old.test.consids5.se\/musikochteaterbiblioteket\/wp-content\/blogs.dir\/2\/files\/kasper\/kasper_index.jpg\"\n                   title=\"\"\n                   data-src=\"https:\/\/musikverket-old.test.consids5.se\/musikochteaterbiblioteket\/wp-content\/blogs.dir\/2\/files\/kasper\/kasper_index.jpg\"\n                   data-thumbnail=\"https:\/\/musikverket-old.test.consids5.se\/musikochteaterbiblioteket\/wp-content\/blogs.dir\/2\/files\/kasper\/cache\/kasper_index.jpg-nggid0227-ngg0dyn-180x0-00f0w010c010r110f110r010t010.jpg\"\n                   data-image-id=\"27\"\n                   data-title=\"kasper_index\"\n                   data-description=\"\"\n                   data-ngg-captions-nostylecopy=\"1\"\n                    class='nextgen_pro_lightbox' data-nplmodal-gallery-id='8855e5f6cad87e4b47e103baa4988225'>\n                    <picture>\n\t\n<source srcset='https:\/\/musikverket-old.test.consids5.se\/musikochteaterbiblioteket\/wp-content\/blogs.dir\/2\/files\/kasper\/cache\/kasper_index.jpg-nggid0227-ngg0dyn-180x0-00f0w010c010r110f110r010t010.jpg' media=''>\n<img title=\"kasper_index\" alt=\"kasper_index\" width=\"180\" height=\"235\" style=\"max-width:180px;max-height:235px\" src=\"https:\/\/musikverket-old.test.consids5.se\/musikochteaterbiblioteket\/wp-content\/blogs.dir\/2\/files\/kasper\/cache\/kasper_index.jpg-nggid0227-ngg0dyn-180x0-00f0w010c010r110f110r010t010.jpg\" srcset=\"https:\/\/musikverket-old.test.consids5.se\/musikochteaterbiblioteket\/wp-content\/blogs.dir\/2\/files\/kasper\/cache\/kasper_index.jpg-nggid0227-ngg0dyn-180x0-00f0w010c010r110f110r010t010.jpg\" onerror=\"nggRetryFailedImage(this);\"\/>\n<\/picture>                <\/a>\n            <\/div>\n                                            <div class='ngg-pro-masonry-item' style='height: 244px; max-width: 180px;'>\n                <a href=\"https:\/\/musikverket-old.test.consids5.se\/musikochteaterbiblioteket\/wp-content\/blogs.dir\/2\/files\/kasper\/kasper_parm.jpg\"\n                   title=\"\"\n                   data-src=\"https:\/\/musikverket-old.test.consids5.se\/musikochteaterbiblioteket\/wp-content\/blogs.dir\/2\/files\/kasper\/kasper_parm.jpg\"\n                   data-thumbnail=\"https:\/\/musikverket-old.test.consids5.se\/musikochteaterbiblioteket\/wp-content\/blogs.dir\/2\/files\/kasper\/cache\/kasper_parm.jpg-nggid0228-ngg0dyn-180x0-00f0w010c010r110f110r010t010.jpg\"\n                   data-image-id=\"28\"\n                   data-title=\"kasper_parm\"\n                   data-description=\"\"\n                   data-ngg-captions-nostylecopy=\"1\"\n                    class='nextgen_pro_lightbox' data-nplmodal-gallery-id='8855e5f6cad87e4b47e103baa4988225'>\n                    <picture>\n\t\n<source srcset='https:\/\/musikverket-old.test.consids5.se\/musikochteaterbiblioteket\/wp-content\/blogs.dir\/2\/files\/kasper\/cache\/kasper_parm.jpg-nggid0228-ngg0dyn-180x0-00f0w010c010r110f110r010t010.jpg' media=''>\n<img title=\"kasper_parm\" alt=\"kasper_parm\" width=\"180\" height=\"244\" style=\"max-width:180px;max-height:244px\" src=\"https:\/\/musikverket-old.test.consids5.se\/musikochteaterbiblioteket\/wp-content\/blogs.dir\/2\/files\/kasper\/cache\/kasper_parm.jpg-nggid0228-ngg0dyn-180x0-00f0w010c010r110f110r010t010.jpg\" srcset=\"https:\/\/musikverket-old.test.consids5.se\/musikochteaterbiblioteket\/wp-content\/blogs.dir\/2\/files\/kasper\/cache\/kasper_parm.jpg-nggid0228-ngg0dyn-180x0-00f0w010c010r110f110r010t010.jpg\" onerror=\"nggRetryFailedImage(this);\"\/>\n<\/picture>                <\/a>\n            <\/div>\n                                            <div class='ngg-pro-masonry-item' style='height: 258px; max-width: 180px;'>\n                <a href=\"https:\/\/musikverket-old.test.consids5.se\/musikochteaterbiblioteket\/wp-content\/blogs.dir\/2\/files\/kasper\/kasper_titelsida.jpg\"\n                   title=\"\"\n                   data-src=\"https:\/\/musikverket-old.test.consids5.se\/musikochteaterbiblioteket\/wp-content\/blogs.dir\/2\/files\/kasper\/kasper_titelsida.jpg\"\n                   data-thumbnail=\"https:\/\/musikverket-old.test.consids5.se\/musikochteaterbiblioteket\/wp-content\/blogs.dir\/2\/files\/kasper\/cache\/kasper_titelsida.jpg-nggid0229-ngg0dyn-180x0-00f0w010c010r110f110r010t010.jpg\"\n                   data-image-id=\"29\"\n                   data-title=\"kasper_titelsida\"\n                   data-description=\"\"\n                   data-ngg-captions-nostylecopy=\"1\"\n                    class='nextgen_pro_lightbox' data-nplmodal-gallery-id='8855e5f6cad87e4b47e103baa4988225'>\n                    <picture>\n\t\n<source srcset='https:\/\/musikverket-old.test.consids5.se\/musikochteaterbiblioteket\/wp-content\/blogs.dir\/2\/files\/kasper\/cache\/kasper_titelsida.jpg-nggid0229-ngg0dyn-180x0-00f0w010c010r110f110r010t010.jpg' media=''>\n<img title=\"kasper_titelsida\" alt=\"kasper_titelsida\" width=\"180\" height=\"258\" style=\"max-width:180px;max-height:258px\" src=\"https:\/\/musikverket-old.test.consids5.se\/musikochteaterbiblioteket\/wp-content\/blogs.dir\/2\/files\/kasper\/cache\/kasper_titelsida.jpg-nggid0229-ngg0dyn-180x0-00f0w010c010r110f110r010t010.jpg\" srcset=\"https:\/\/musikverket-old.test.consids5.se\/musikochteaterbiblioteket\/wp-content\/blogs.dir\/2\/files\/kasper\/cache\/kasper_titelsida.jpg-nggid0229-ngg0dyn-180x0-00f0w010c010r110f110r010t010.jpg\" onerror=\"nggRetryFailedImage(this);\"\/>\n<\/picture>                <\/a>\n            <\/div>\n                                            <\/div><\/div><\/p><\/div>\n\t\t<\/div><\/div><\/div><\/div>","protected":false},"excerpt":{"rendered":"<p>Den skr\u00e4nige och fr\u00e4cke Kasper har g\u00e4stat Sverige sen 1700-talet, och blev mer bofast under 1850-talet, n\u00e4r tysken JC H\u00e4usermann etablerade sig i Stockholm med sin kasperteater. Det var en portabel dockteater med handdockor, som l\u00e4tt kunde st\u00e4llas upp d\u00e4r det fanns tillg\u00e5ng till publik.Efter en blygsam b\u00f6rjan inne i staden, s\u00e5 blev Djurg\u00e5rdssl\u00e4tten den [&hellip;]<\/p>\n","protected":false},"author":70,"featured_media":0,"parent":9313,"menu_order":0,"comment_status":"closed","ping_status":"closed","template":"","meta":{"ngg_post_thumbnail":0,"spay_email":""},"categories":[3,8],"tags":[15],"yoast_head":"<!-- This site is optimized with the Yoast SEO plugin v16.3 - https:\/\/yoast.com\/wordpress\/plugins\/seo\/ -->\n<meta name=\"robots\" content=\"index, follow, max-snippet:-1, max-image-preview:large, max-video-preview:-1\" \/>\n<link rel=\"canonical\" href=\"https:\/\/musikverket-old.test.consids5.se\/musikochteaterbiblioteket\/rariteter\/utvalda-rariteter\/en-kasperteaterbok-med-rorliga-bilder\/\" \/>\n<meta property=\"og:locale\" content=\"sv_SE\" \/>\n<meta property=\"og:type\" content=\"article\" \/>\n<meta property=\"og:title\" content=\"En Kasperteaterbok med r\u00f6rliga bilder - Musik- och teaterbiblioteket\" \/>\n<meta property=\"og:description\" content=\"Den skr\u00e4nige och fr\u00e4cke Kasper har g\u00e4stat Sverige sen 1700-talet, och blev mer bofast under 1850-talet, n\u00e4r tysken JC H\u00e4usermann etablerade sig i Stockholm med sin kasperteater. Det var en portabel dockteater med handdockor, som l\u00e4tt kunde st\u00e4llas upp d\u00e4r det fanns tillg\u00e5ng till publik.Efter en blygsam b\u00f6rjan inne i staden, s\u00e5 blev Djurg\u00e5rdssl\u00e4tten den [&hellip;]\" \/>\n<meta property=\"og:url\" content=\"https:\/\/musikverket-old.test.consids5.se\/musikochteaterbiblioteket\/rariteter\/utvalda-rariteter\/en-kasperteaterbok-med-rorliga-bilder\/\" \/>\n<meta property=\"og:site_name\" content=\"Musik- och teaterbiblioteket\" \/>\n<meta name=\"twitter:label1\" content=\"Ber\u00e4knad l\u00e4stid\">\n\t<meta name=\"twitter:data1\" content=\"2 minuter\">\n<script type=\"application\/ld+json\" class=\"yoast-schema-graph\">{\"@context\":\"https:\/\/schema.org\",\"@graph\":[{\"@type\":\"WebSite\",\"@id\":\"https:\/\/musikverket-old.test.consids5.se\/musikochteaterbiblioteket\/#website\",\"url\":\"https:\/\/musikverket-old.test.consids5.se\/musikochteaterbiblioteket\/\",\"name\":\"Musik- och teaterbiblioteket\",\"description\":\"F\\u00f6rdjupning, kunskap och spelgl\\u00e4dje\",\"potentialAction\":[{\"@type\":\"SearchAction\",\"target\":\"https:\/\/musikverket-old.test.consids5.se\/musikochteaterbiblioteket\/?s={search_term_string}\",\"query-input\":\"required name=search_term_string\"}],\"inLanguage\":\"sv-SE\"},{\"@type\":\"WebPage\",\"@id\":\"https:\/\/musikverket-old.test.consids5.se\/musikochteaterbiblioteket\/rariteter\/utvalda-rariteter\/en-kasperteaterbok-med-rorliga-bilder\/#webpage\",\"url\":\"https:\/\/musikverket-old.test.consids5.se\/musikochteaterbiblioteket\/rariteter\/utvalda-rariteter\/en-kasperteaterbok-med-rorliga-bilder\/\",\"name\":\"En Kasperteaterbok med r\\u00f6rliga bilder - Musik- och teaterbiblioteket\",\"isPartOf\":{\"@id\":\"https:\/\/musikverket-old.test.consids5.se\/musikochteaterbiblioteket\/#website\"},\"datePublished\":\"2018-01-16T14:52:38+00:00\",\"dateModified\":\"2018-01-16T14:52:38+00:00\",\"breadcrumb\":{\"@id\":\"https:\/\/musikverket-old.test.consids5.se\/musikochteaterbiblioteket\/rariteter\/utvalda-rariteter\/en-kasperteaterbok-med-rorliga-bilder\/#breadcrumb\"},\"inLanguage\":\"sv-SE\",\"potentialAction\":[{\"@type\":\"ReadAction\",\"target\":[\"https:\/\/musikverket-old.test.consids5.se\/musikochteaterbiblioteket\/rariteter\/utvalda-rariteter\/en-kasperteaterbok-med-rorliga-bilder\/\"]}]},{\"@type\":\"BreadcrumbList\",\"@id\":\"https:\/\/musikverket-old.test.consids5.se\/musikochteaterbiblioteket\/rariteter\/utvalda-rariteter\/en-kasperteaterbok-med-rorliga-bilder\/#breadcrumb\",\"itemListElement\":[{\"@type\":\"ListItem\",\"position\":1,\"item\":{\"@type\":\"WebPage\",\"@id\":\"https:\/\/musikverket-old.test.consids5.se\/musikochteaterbiblioteket\/\",\"url\":\"https:\/\/musikverket-old.test.consids5.se\/musikochteaterbiblioteket\/\",\"name\":\"Hem\"}},{\"@type\":\"ListItem\",\"position\":2,\"item\":{\"@type\":\"WebPage\",\"@id\":\"https:\/\/musikverket-old.test.consids5.se\/musikochteaterbiblioteket\/rariteter\/\",\"url\":\"https:\/\/musikverket-old.test.consids5.se\/musikochteaterbiblioteket\/rariteter\/\",\"name\":\"Rariteter\"}},{\"@type\":\"ListItem\",\"position\":3,\"item\":{\"@type\":\"WebPage\",\"@id\":\"https:\/\/musikverket-old.test.consids5.se\/musikochteaterbiblioteket\/rariteter\/utvalda-rariteter\/\",\"url\":\"https:\/\/musikverket-old.test.consids5.se\/musikochteaterbiblioteket\/rariteter\/utvalda-rariteter\/\",\"name\":\"Utvalda rariteter\"}},{\"@type\":\"ListItem\",\"position\":4,\"item\":{\"@id\":\"https:\/\/musikverket-old.test.consids5.se\/musikochteaterbiblioteket\/rariteter\/utvalda-rariteter\/en-kasperteaterbok-med-rorliga-bilder\/#webpage\"}}]}]}<\/script>\n<!-- \/ Yoast SEO plugin. -->","jetpack_shortlink":"https:\/\/wp.me\/P2ZwmI-2tp","jetpack_sharing_enabled":true,"_links":{"self":[{"href":"https:\/\/musikverket-old.test.consids5.se\/musikochteaterbiblioteket\/wp-json\/wp\/v2\/pages\/9511"}],"collection":[{"href":"https:\/\/musikverket-old.test.consids5.se\/musikochteaterbiblioteket\/wp-json\/wp\/v2\/pages"}],"about":[{"href":"https:\/\/musikverket-old.test.consids5.se\/musikochteaterbiblioteket\/wp-json\/wp\/v2\/types\/page"}],"author":[{"embeddable":true,"href":"https:\/\/musikverket-old.test.consids5.se\/musikochteaterbiblioteket\/wp-json\/wp\/v2\/users\/70"}],"replies":[{"embeddable":true,"href":"https:\/\/musikverket-old.test.consids5.se\/musikochteaterbiblioteket\/wp-json\/wp\/v2\/comments?post=9511"}],"version-history":[{"count":0,"href":"https:\/\/musikverket-old.test.consids5.se\/musikochteaterbiblioteket\/wp-json\/wp\/v2\/pages\/9511\/revisions"}],"up":[{"embeddable":true,"href":"https:\/\/musikverket-old.test.consids5.se\/musikochteaterbiblioteket\/wp-json\/wp\/v2\/pages\/9313"}],"wp:attachment":[{"href":"https:\/\/musikverket-old.test.consids5.se\/musikochteaterbiblioteket\/wp-json\/wp\/v2\/media?parent=9511"}],"wp:term":[{"taxonomy":"category","embeddable":true,"href":"https:\/\/musikverket-old.test.consids5.se\/musikochteaterbiblioteket\/wp-json\/wp\/v2\/categories?post=9511"},{"taxonomy":"post_tag","embeddable":true,"href":"https:\/\/musikverket-old.test.consids5.se\/musikochteaterbiblioteket\/wp-json\/wp\/v2\/tags?post=9511"}],"curies":[{"name":"wp","href":"https:\/\/api.w.org\/{rel}","templated":true}]}}