{"id":9560,"date":"2018-02-14T10:32:39","date_gmt":"2018-02-14T09:32:39","guid":{"rendered":"http:\/\/musikverket.se\/musikochteaterbiblioteket\/?page_id=9560"},"modified":"2018-02-14T10:32:39","modified_gmt":"2018-02-14T09:32:39","slug":"da-foll-skottet","status":"publish","type":"page","link":"https:\/\/musikverket-old.test.consids5.se\/musikochteaterbiblioteket\/rariteter\/utvalda-rariteter\/da-foll-skottet\/","title":{"rendered":"D\u00e5 f\u00f6ll skottet"},"content":{"rendered":"<div id=\"pl-9560\"  class=\"panel-layout\" ><div id=\"pg-9560-0\"  class=\"panel-grid panel-no-style\" ><div id=\"pgc-9560-0-0\"  class=\"panel-grid-cell\" ><div id=\"panel-9560-0-0-0\" class=\"so-panel widget widget_headers panel-first-child\" data-index=\"0\" ><div class=\"so-widget-headers so-widget-headers-base\"><h1 id=\"da-foll-skottet\">D\u00e5 f\u00f6ll skottet<\/h1>\n<\/div><\/div><div id=\"panel-9560-0-0-1\" class=\"so-panel widget widget_headers panel-last-child\" data-index=\"1\" ><div class=\"so-widget-headers so-widget-headers-base\"><h2 id=\"mordet-pa-gustav-iii\">Mordet p\u00e5 Gustav III<\/h2>\n<\/div><\/div><\/div><\/div><div id=\"pg-9560-1\"  class=\"panel-grid panel-no-style\" ><div id=\"pgc-9560-1-0\"  class=\"panel-grid-cell\" ><div id=\"panel-9560-1-0-0\" class=\"so-panel widget widget_black-studio-tinymce widget_black_studio_tinymce panel-first-child panel-last-child\" data-index=\"2\" ><div class=\"textwidget\"><p>Det \u00e4r maskeradbal p\u00e5 Operan i Stockholm 16 mars 1792. Gustav III deltar i festligheterna. En orkester spelar. G\u00e4ster i maskeraddr\u00e4kt dansar och roar sig. Pl\u00f6tsligt ljuder ett pistolskott. Kungen \u00e4r tr\u00e4ffad och musiken tystnar.<\/p>\n<p>Vad var det f\u00f6r musik som spelades n\u00e4r skottet f\u00f6ll? Det \u00e4r en fr\u00e5ga som ofta st\u00e4lls till Musik- och teaterbiblioteket.<\/p>\n<p>Svensk Musiktidning kan i nummer 10, 1884 meddela att det var en kadrilj som spelades vid detta historiska \u00f6gonblick. Musik- och teaterbiblioteket har i sina samlingar inte mindre \u00e4n tre kopior av denna kadrilj och p\u00e5 tv\u00e5 av dem finns en punkt som visar exakt vid vilket taktslag musiken tystnade. Svensk Musiktidning skriver:<\/p>\n<blockquote>\n<p>\u201dDenna punkt ditsattes, d\u00e5 musiken i samma \u00f6gonblick afstannade, af d\u00e5varande orkesteranf\u00f6raren herr Kluth, musikdirekt\u00f6r vid artilleriet, hvilken sedermera till sina v\u00e4nner utdelade n\u00e5gra afskrifter af originalnoterna till kadriljen med punkten anbragt s\u00e5som ett slut p\u00e5 de toner, som sedermera aldrig fingo ljuda p\u00e5 n\u00e5gon kunglig operamaskerad.\u201d<\/p>\n<\/blockquote>\n<p>Om det verkligen var denna melodi som spelades p\u00e5 den \u00f6desdigra balen vet vi inte. Det kan vara en skr\u00f6na som spreds l\u00e5ngt senare. Men visst blir historien lite mer levande n\u00e4r man ser punkten i noterna och t\u00e4nker att kanske var det just denna musik som spelades n\u00e4r Gustav III m\u00f6rdades.<\/p>\n<p>H\u00e4r finns <a title=\"Svensk Musiktidning\" href=\"\/musikochteaterbiblioteket\/rariteter\/svensk-musiktidning\/\">alla nummer av Svensk Musiktidning<\/a>, som utkom 1880-1913 <\/p>\n<\/div><\/div><\/div><div id=\"pgc-9560-1-1\"  class=\"panel-grid-cell\" ><div id=\"panel-9560-1-1-0\" class=\"so-panel widget widget_black-studio-tinymce widget_black_studio_tinymce panel-first-child panel-last-child\" data-index=\"3\" ><div class=\"textwidget\"><p><style type='text\/css'>\n    #ngg-gallery-e8abd81cdab42c7780af2fd206200509 .ngg-pro-masonry-item {\n        margin-bottom: 10px;\n    }\n<\/style>\n<div class=\"ngg-pro-masonry-wrapper\">\n    <div class=\"ngg-pro-masonry-spinner\">\n        <i class='fa fa-spin fa-spinner'><\/i>\n    <\/div>\n    <div class=\"ngg-pro-masonry\" id=\"ngg-gallery-e8abd81cdab42c7780af2fd206200509\">\n        <div class='ngg-pro-masonry-gutter' style='width: 10px'><\/div>\n        <div class='ngg-pro-masonry-sizer' style='width: 180px'><\/div>\n                    <div class='ngg-pro-masonry-item' style='height: 127px; max-width: 180px;'>\n                <a href=\"https:\/\/musikverket-old.test.consids5.se\/musikochteaterbiblioteket\/wp-content\/blogs.dir\/2\/files\/mordet-pa-gustav-iii\/Gustav-III-2.jpg\"\n                   title=\"\"\n                   data-src=\"https:\/\/musikverket-old.test.consids5.se\/musikochteaterbiblioteket\/wp-content\/blogs.dir\/2\/files\/mordet-pa-gustav-iii\/Gustav-III-2.jpg\"\n                   data-thumbnail=\"https:\/\/musikverket-old.test.consids5.se\/musikochteaterbiblioteket\/wp-content\/blogs.dir\/2\/files\/mordet-pa-gustav-iii\/cache\/Gustav-III-2.jpg-nggid0230-ngg0dyn-180x0-00f0w010c010r110f110r010t010.jpg\"\n                   data-image-id=\"30\"\n                   data-title=\"Gustav III 2\"\n                   data-description=\"\"\n                   data-ngg-captions-nostylecopy=\"1\"\n                    class='nextgen_pro_lightbox' data-nplmodal-gallery-id='e8abd81cdab42c7780af2fd206200509'>\n                    <picture>\n\t\n<source srcset='https:\/\/musikverket-old.test.consids5.se\/musikochteaterbiblioteket\/wp-content\/blogs.dir\/2\/files\/mordet-pa-gustav-iii\/cache\/Gustav-III-2.jpg-nggid0230-ngg0dyn-180x0-00f0w010c010r110f110r010t010.jpg' media=''>\n<img title=\"Gustav III 2\" alt=\"Gustav III 2\" width=\"180\" height=\"127\" style=\"max-width:180px;max-height:127px\" src=\"https:\/\/musikverket-old.test.consids5.se\/musikochteaterbiblioteket\/wp-content\/blogs.dir\/2\/files\/mordet-pa-gustav-iii\/cache\/Gustav-III-2.jpg-nggid0230-ngg0dyn-180x0-00f0w010c010r110f110r010t010.jpg\" srcset=\"https:\/\/musikverket-old.test.consids5.se\/musikochteaterbiblioteket\/wp-content\/blogs.dir\/2\/files\/mordet-pa-gustav-iii\/cache\/Gustav-III-2.jpg-nggid0230-ngg0dyn-180x0-00f0w010c010r110f110r010t010.jpg\" onerror=\"nggRetryFailedImage(this);\"\/>\n<\/picture>                <\/a>\n            <\/div>\n                                            <div class='ngg-pro-masonry-item' style='height: 248px; max-width: 180px;'>\n                <a href=\"https:\/\/musikverket-old.test.consids5.se\/musikochteaterbiblioteket\/wp-content\/blogs.dir\/2\/files\/mordet-pa-gustav-iii\/Gustav-III.jpg\"\n                   title=\"\"\n                   data-src=\"https:\/\/musikverket-old.test.consids5.se\/musikochteaterbiblioteket\/wp-content\/blogs.dir\/2\/files\/mordet-pa-gustav-iii\/Gustav-III.jpg\"\n                   data-thumbnail=\"https:\/\/musikverket-old.test.consids5.se\/musikochteaterbiblioteket\/wp-content\/blogs.dir\/2\/files\/mordet-pa-gustav-iii\/cache\/Gustav-III.jpg-nggid0231-ngg0dyn-180x0-00f0w010c010r110f110r010t010.jpg\"\n                   data-image-id=\"31\"\n                   data-title=\"Gustav III\"\n                   data-description=\"\"\n                   data-ngg-captions-nostylecopy=\"1\"\n                    class='nextgen_pro_lightbox' data-nplmodal-gallery-id='e8abd81cdab42c7780af2fd206200509'>\n                    <picture>\n\t\n<source srcset='https:\/\/musikverket-old.test.consids5.se\/musikochteaterbiblioteket\/wp-content\/blogs.dir\/2\/files\/mordet-pa-gustav-iii\/cache\/Gustav-III.jpg-nggid0231-ngg0dyn-180x0-00f0w010c010r110f110r010t010.jpg' media=''>\n<img title=\"Gustav III\" alt=\"Gustav III\" width=\"180\" height=\"248\" style=\"max-width:180px;max-height:248px\" src=\"https:\/\/musikverket-old.test.consids5.se\/musikochteaterbiblioteket\/wp-content\/blogs.dir\/2\/files\/mordet-pa-gustav-iii\/cache\/Gustav-III.jpg-nggid0231-ngg0dyn-180x0-00f0w010c010r110f110r010t010.jpg\" srcset=\"https:\/\/musikverket-old.test.consids5.se\/musikochteaterbiblioteket\/wp-content\/blogs.dir\/2\/files\/mordet-pa-gustav-iii\/cache\/Gustav-III.jpg-nggid0231-ngg0dyn-180x0-00f0w010c010r110f110r010t010.jpg\" onerror=\"nggRetryFailedImage(this);\"\/>\n<\/picture>                <\/a>\n            <\/div>\n                                            <div class='ngg-pro-masonry-item' style='height: 132px; max-width: 180px;'>\n                <a href=\"https:\/\/musikverket-old.test.consids5.se\/musikochteaterbiblioteket\/wp-content\/blogs.dir\/2\/files\/mordet-pa-gustav-iii\/Gustav-III-3.jpg\"\n                   title=\"\"\n                   data-src=\"https:\/\/musikverket-old.test.consids5.se\/musikochteaterbiblioteket\/wp-content\/blogs.dir\/2\/files\/mordet-pa-gustav-iii\/Gustav-III-3.jpg\"\n                   data-thumbnail=\"https:\/\/musikverket-old.test.consids5.se\/musikochteaterbiblioteket\/wp-content\/blogs.dir\/2\/files\/mordet-pa-gustav-iii\/cache\/Gustav-III-3.jpg-nggid0233-ngg0dyn-180x0-00f0w010c010r110f110r010t010.jpg\"\n                   data-image-id=\"33\"\n                   data-title=\"Gustav III 3\"\n                   data-description=\"\"\n                   data-ngg-captions-nostylecopy=\"1\"\n                    class='nextgen_pro_lightbox' data-nplmodal-gallery-id='e8abd81cdab42c7780af2fd206200509'>\n                    <picture>\n\t\n<source srcset='https:\/\/musikverket-old.test.consids5.se\/musikochteaterbiblioteket\/wp-content\/blogs.dir\/2\/files\/mordet-pa-gustav-iii\/cache\/Gustav-III-3.jpg-nggid0233-ngg0dyn-180x0-00f0w010c010r110f110r010t010.jpg' media=''>\n<img title=\"Gustav III 3\" alt=\"Gustav III 3\" width=\"180\" height=\"132\" style=\"max-width:180px;max-height:132px\" src=\"https:\/\/musikverket-old.test.consids5.se\/musikochteaterbiblioteket\/wp-content\/blogs.dir\/2\/files\/mordet-pa-gustav-iii\/cache\/Gustav-III-3.jpg-nggid0233-ngg0dyn-180x0-00f0w010c010r110f110r010t010.jpg\" srcset=\"https:\/\/musikverket-old.test.consids5.se\/musikochteaterbiblioteket\/wp-content\/blogs.dir\/2\/files\/mordet-pa-gustav-iii\/cache\/Gustav-III-3.jpg-nggid0233-ngg0dyn-180x0-00f0w010c010r110f110r010t010.jpg\" onerror=\"nggRetryFailedImage(this);\"\/>\n<\/picture>                <\/a>\n            <\/div>\n                                            <div class='ngg-pro-masonry-item' style='height: 255px; max-width: 180px;'>\n                <a href=\"https:\/\/musikverket-old.test.consids5.se\/musikochteaterbiblioteket\/wp-content\/blogs.dir\/2\/files\/mordet-pa-gustav-iii\/Svensk_Musiktidning.jpg\"\n                   title=\"\"\n                   data-src=\"https:\/\/musikverket-old.test.consids5.se\/musikochteaterbiblioteket\/wp-content\/blogs.dir\/2\/files\/mordet-pa-gustav-iii\/Svensk_Musiktidning.jpg\"\n                   data-thumbnail=\"https:\/\/musikverket-old.test.consids5.se\/musikochteaterbiblioteket\/wp-content\/blogs.dir\/2\/files\/mordet-pa-gustav-iii\/cache\/Svensk_Musiktidning.jpg-nggid0235-ngg0dyn-180x0-00f0w010c010r110f110r010t010.jpg\"\n                   data-image-id=\"35\"\n                   data-title=\"Svensk_Musiktidning\"\n                   data-description=\"\"\n                   data-ngg-captions-nostylecopy=\"1\"\n                    class='nextgen_pro_lightbox' data-nplmodal-gallery-id='e8abd81cdab42c7780af2fd206200509'>\n                    <picture>\n\t\n<source srcset='https:\/\/musikverket-old.test.consids5.se\/musikochteaterbiblioteket\/wp-content\/blogs.dir\/2\/files\/mordet-pa-gustav-iii\/cache\/Svensk_Musiktidning.jpg-nggid0235-ngg0dyn-180x0-00f0w010c010r110f110r010t010.jpg' media=''>\n<img title=\"Svensk_Musiktidning\" alt=\"Svensk_Musiktidning\" width=\"180\" height=\"255\" style=\"max-width:180px;max-height:255px\" src=\"https:\/\/musikverket-old.test.consids5.se\/musikochteaterbiblioteket\/wp-content\/blogs.dir\/2\/files\/mordet-pa-gustav-iii\/cache\/Svensk_Musiktidning.jpg-nggid0235-ngg0dyn-180x0-00f0w010c010r110f110r010t010.jpg\" srcset=\"https:\/\/musikverket-old.test.consids5.se\/musikochteaterbiblioteket\/wp-content\/blogs.dir\/2\/files\/mordet-pa-gustav-iii\/cache\/Svensk_Musiktidning.jpg-nggid0235-ngg0dyn-180x0-00f0w010c010r110f110r010t010.jpg\" onerror=\"nggRetryFailedImage(this);\"\/>\n<\/picture>                <\/a>\n            <\/div>\n                                            <div class='ngg-pro-masonry-item' style='height: 226px; max-width: 180px;'>\n                <a href=\"https:\/\/musikverket-old.test.consids5.se\/musikochteaterbiblioteket\/wp-content\/blogs.dir\/2\/files\/mordet-pa-gustav-iii\/Lorens_Pasch_the_Younger_-_Gustav_III_King_of_Sweden_1772-1792_-_Google_Art_Project.jpg\"\n                   title=\"Gustav III. Portr\u00e4tt av Lorens Pasch den yngre\"\n                   data-src=\"https:\/\/musikverket-old.test.consids5.se\/musikochteaterbiblioteket\/wp-content\/blogs.dir\/2\/files\/mordet-pa-gustav-iii\/Lorens_Pasch_the_Younger_-_Gustav_III_King_of_Sweden_1772-1792_-_Google_Art_Project.jpg\"\n                   data-thumbnail=\"https:\/\/musikverket-old.test.consids5.se\/musikochteaterbiblioteket\/wp-content\/blogs.dir\/2\/files\/mordet-pa-gustav-iii\/cache\/Lorens_Pasch_the_Younger_-_Gustav_III_King_of_Sweden_1772-1792_-_Google_Art_Project.jpg-nggid0259-ngg0dyn-180x0-00f0w010c010r110f110r010t010.jpg\"\n                   data-image-id=\"59\"\n                   data-title=\"Lorens_Pasch_the_Younger_-_Gustav_III,_King_of_Sweden_1772-1792_-_Google_Art_Project\"\n                   data-description=\"Gustav III. Portr\u00e4tt av Lorens Pasch den yngre\"\n                   data-ngg-captions-nostylecopy=\"1\"\n                    class='nextgen_pro_lightbox' data-nplmodal-gallery-id='e8abd81cdab42c7780af2fd206200509'>\n                    <picture>\n\t\n<source srcset='https:\/\/musikverket-old.test.consids5.se\/musikochteaterbiblioteket\/wp-content\/blogs.dir\/2\/files\/mordet-pa-gustav-iii\/cache\/Lorens_Pasch_the_Younger_-_Gustav_III_King_of_Sweden_1772-1792_-_Google_Art_Project.jpg-nggid0259-ngg0dyn-180x0-00f0w010c010r110f110r010t010.jpg' media=''>\n<img title=\"Lorens_Pasch_the_Younger_-_Gustav_III,_King_of_Sweden_1772-1792_-_Google_Art_Project\" alt=\"Lorens_Pasch_the_Younger_-_Gustav_III,_King_of_Sweden_1772-1792_-_Google_Art_Project\" width=\"180\" height=\"226\" style=\"max-width:180px;max-height:226px\" src=\"https:\/\/musikverket-old.test.consids5.se\/musikochteaterbiblioteket\/wp-content\/blogs.dir\/2\/files\/mordet-pa-gustav-iii\/cache\/Lorens_Pasch_the_Younger_-_Gustav_III_King_of_Sweden_1772-1792_-_Google_Art_Project.jpg-nggid0259-ngg0dyn-180x0-00f0w010c010r110f110r010t010.jpg\" srcset=\"https:\/\/musikverket-old.test.consids5.se\/musikochteaterbiblioteket\/wp-content\/blogs.dir\/2\/files\/mordet-pa-gustav-iii\/cache\/Lorens_Pasch_the_Younger_-_Gustav_III_King_of_Sweden_1772-1792_-_Google_Art_Project.jpg-nggid0259-ngg0dyn-180x0-00f0w010c010r110f110r010t010.jpg\" onerror=\"nggRetryFailedImage(this);\"\/>\n<\/picture>                <\/a>\n            <\/div>\n                                            <\/div><\/div><\/p>\n<\/div><\/div><\/div><\/div><\/div>","protected":false},"excerpt":{"rendered":"<p>Det \u00e4r maskeradbal p\u00e5 Operan i Stockholm 16 mars 1792. Gustav III deltar i festligheterna. En orkester spelar. G\u00e4ster i maskeraddr\u00e4kt dansar och roar sig. Pl\u00f6tsligt ljuder ett pistolskott. Kungen \u00e4r tr\u00e4ffad och musiken tystnar.Vad var det f\u00f6r musik som spelades n\u00e4r skottet f\u00f6ll? Det \u00e4r en fr\u00e5ga som ofta st\u00e4lls till Musik- och teaterbiblioteket.Svensk [&hellip;]<\/p>\n","protected":false},"author":70,"featured_media":0,"parent":9313,"menu_order":0,"comment_status":"closed","ping_status":"closed","template":"","meta":{"ngg_post_thumbnail":0,"spay_email":""},"categories":[],"tags":[],"yoast_head":"<!-- This site is optimized with the Yoast SEO plugin v16.3 - https:\/\/yoast.com\/wordpress\/plugins\/seo\/ -->\n<meta name=\"robots\" content=\"index, follow, max-snippet:-1, max-image-preview:large, max-video-preview:-1\" \/>\n<link rel=\"canonical\" href=\"https:\/\/musikverket-old.test.consids5.se\/musikochteaterbiblioteket\/rariteter\/utvalda-rariteter\/da-foll-skottet\/\" \/>\n<meta property=\"og:locale\" content=\"sv_SE\" \/>\n<meta property=\"og:type\" content=\"article\" \/>\n<meta property=\"og:title\" content=\"D\u00e5 f\u00f6ll skottet - Musik- och teaterbiblioteket\" \/>\n<meta property=\"og:description\" content=\"Det \u00e4r maskeradbal p\u00e5 Operan i Stockholm 16 mars 1792. Gustav III deltar i festligheterna. En orkester spelar. G\u00e4ster i maskeraddr\u00e4kt dansar och roar sig. Pl\u00f6tsligt ljuder ett pistolskott. Kungen \u00e4r tr\u00e4ffad och musiken tystnar.Vad var det f\u00f6r musik som spelades n\u00e4r skottet f\u00f6ll? Det \u00e4r en fr\u00e5ga som ofta st\u00e4lls till Musik- och teaterbiblioteket.Svensk [&hellip;]\" \/>\n<meta property=\"og:url\" content=\"https:\/\/musikverket-old.test.consids5.se\/musikochteaterbiblioteket\/rariteter\/utvalda-rariteter\/da-foll-skottet\/\" \/>\n<meta property=\"og:site_name\" content=\"Musik- och teaterbiblioteket\" \/>\n<meta name=\"twitter:label1\" content=\"Ber\u00e4knad l\u00e4stid\">\n\t<meta name=\"twitter:data1\" content=\"1 minut\">\n<script type=\"application\/ld+json\" class=\"yoast-schema-graph\">{\"@context\":\"https:\/\/schema.org\",\"@graph\":[{\"@type\":\"WebSite\",\"@id\":\"https:\/\/musikverket-old.test.consids5.se\/musikochteaterbiblioteket\/#website\",\"url\":\"https:\/\/musikverket-old.test.consids5.se\/musikochteaterbiblioteket\/\",\"name\":\"Musik- och teaterbiblioteket\",\"description\":\"F\\u00f6rdjupning, kunskap och spelgl\\u00e4dje\",\"potentialAction\":[{\"@type\":\"SearchAction\",\"target\":\"https:\/\/musikverket-old.test.consids5.se\/musikochteaterbiblioteket\/?s={search_term_string}\",\"query-input\":\"required name=search_term_string\"}],\"inLanguage\":\"sv-SE\"},{\"@type\":\"WebPage\",\"@id\":\"https:\/\/musikverket-old.test.consids5.se\/musikochteaterbiblioteket\/rariteter\/utvalda-rariteter\/da-foll-skottet\/#webpage\",\"url\":\"https:\/\/musikverket-old.test.consids5.se\/musikochteaterbiblioteket\/rariteter\/utvalda-rariteter\/da-foll-skottet\/\",\"name\":\"D\\u00e5 f\\u00f6ll skottet - Musik- och teaterbiblioteket\",\"isPartOf\":{\"@id\":\"https:\/\/musikverket-old.test.consids5.se\/musikochteaterbiblioteket\/#website\"},\"datePublished\":\"2018-02-14T09:32:39+00:00\",\"dateModified\":\"2018-02-14T09:32:39+00:00\",\"breadcrumb\":{\"@id\":\"https:\/\/musikverket-old.test.consids5.se\/musikochteaterbiblioteket\/rariteter\/utvalda-rariteter\/da-foll-skottet\/#breadcrumb\"},\"inLanguage\":\"sv-SE\",\"potentialAction\":[{\"@type\":\"ReadAction\",\"target\":[\"https:\/\/musikverket-old.test.consids5.se\/musikochteaterbiblioteket\/rariteter\/utvalda-rariteter\/da-foll-skottet\/\"]}]},{\"@type\":\"BreadcrumbList\",\"@id\":\"https:\/\/musikverket-old.test.consids5.se\/musikochteaterbiblioteket\/rariteter\/utvalda-rariteter\/da-foll-skottet\/#breadcrumb\",\"itemListElement\":[{\"@type\":\"ListItem\",\"position\":1,\"item\":{\"@type\":\"WebPage\",\"@id\":\"https:\/\/musikverket-old.test.consids5.se\/musikochteaterbiblioteket\/\",\"url\":\"https:\/\/musikverket-old.test.consids5.se\/musikochteaterbiblioteket\/\",\"name\":\"Hem\"}},{\"@type\":\"ListItem\",\"position\":2,\"item\":{\"@type\":\"WebPage\",\"@id\":\"https:\/\/musikverket-old.test.consids5.se\/musikochteaterbiblioteket\/rariteter\/\",\"url\":\"https:\/\/musikverket-old.test.consids5.se\/musikochteaterbiblioteket\/rariteter\/\",\"name\":\"Rariteter\"}},{\"@type\":\"ListItem\",\"position\":3,\"item\":{\"@type\":\"WebPage\",\"@id\":\"https:\/\/musikverket-old.test.consids5.se\/musikochteaterbiblioteket\/rariteter\/utvalda-rariteter\/\",\"url\":\"https:\/\/musikverket-old.test.consids5.se\/musikochteaterbiblioteket\/rariteter\/utvalda-rariteter\/\",\"name\":\"Utvalda rariteter\"}},{\"@type\":\"ListItem\",\"position\":4,\"item\":{\"@id\":\"https:\/\/musikverket-old.test.consids5.se\/musikochteaterbiblioteket\/rariteter\/utvalda-rariteter\/da-foll-skottet\/#webpage\"}}]}]}<\/script>\n<!-- \/ Yoast SEO plugin. -->","jetpack_shortlink":"https:\/\/wp.me\/P2ZwmI-2uc","jetpack_sharing_enabled":true,"_links":{"self":[{"href":"https:\/\/musikverket-old.test.consids5.se\/musikochteaterbiblioteket\/wp-json\/wp\/v2\/pages\/9560"}],"collection":[{"href":"https:\/\/musikverket-old.test.consids5.se\/musikochteaterbiblioteket\/wp-json\/wp\/v2\/pages"}],"about":[{"href":"https:\/\/musikverket-old.test.consids5.se\/musikochteaterbiblioteket\/wp-json\/wp\/v2\/types\/page"}],"author":[{"embeddable":true,"href":"https:\/\/musikverket-old.test.consids5.se\/musikochteaterbiblioteket\/wp-json\/wp\/v2\/users\/70"}],"replies":[{"embeddable":true,"href":"https:\/\/musikverket-old.test.consids5.se\/musikochteaterbiblioteket\/wp-json\/wp\/v2\/comments?post=9560"}],"version-history":[{"count":0,"href":"https:\/\/musikverket-old.test.consids5.se\/musikochteaterbiblioteket\/wp-json\/wp\/v2\/pages\/9560\/revisions"}],"up":[{"embeddable":true,"href":"https:\/\/musikverket-old.test.consids5.se\/musikochteaterbiblioteket\/wp-json\/wp\/v2\/pages\/9313"}],"wp:attachment":[{"href":"https:\/\/musikverket-old.test.consids5.se\/musikochteaterbiblioteket\/wp-json\/wp\/v2\/media?parent=9560"}],"wp:term":[{"taxonomy":"category","embeddable":true,"href":"https:\/\/musikverket-old.test.consids5.se\/musikochteaterbiblioteket\/wp-json\/wp\/v2\/categories?post=9560"},{"taxonomy":"post_tag","embeddable":true,"href":"https:\/\/musikverket-old.test.consids5.se\/musikochteaterbiblioteket\/wp-json\/wp\/v2\/tags?post=9560"}],"curies":[{"name":"wp","href":"https:\/\/api.w.org\/{rel}","templated":true}]}}