{"id":3368,"date":"2014-06-17T13:34:30","date_gmt":"2014-06-17T11:34:30","guid":{"rendered":"http:\/\/statensmusikverk.se\/svensktvisarkiv\/?page_id=3368"},"modified":"2018-01-12T11:33:47","modified_gmt":"2018-01-12T10:33:47","slug":"handskrivna-visbocker","status":"publish","type":"page","link":"https:\/\/musikverket-old.test.consids5.se\/svensktvisarkiv\/handskrivna-visbocker\/","title":{"rendered":"Handskrivna visb\u00f6cker"},"content":{"rendered":"<div id=\"pl-3368\"  class=\"panel-layout\" ><div id=\"pg-3368-0\"  class=\"panel-grid panel-no-style\" ><div id=\"pgc-3368-0-0\"  class=\"panel-grid-cell\" ><div id=\"panel-3368-0-0-0\" class=\"so-panel widget widget_headers panel-first-child panel-last-child\" data-index=\"0\" ><div class=\"so-widget-headers so-widget-headers-base\"><h1 id=\"handskrivna-visbocker\">Handskrivna visb\u00f6cker<\/h1>\n<\/div><\/div><\/div><\/div><div id=\"pg-3368-1\"  class=\"panel-grid panel-no-style\" ><div id=\"pgc-3368-1-0\"  class=\"panel-grid-cell panel-grid-cell-mobile-last\" ><div id=\"panel-3368-1-0-0\" class=\"so-panel widget widget_black-studio-tinymce widget_black_studio_tinymce panel-first-child panel-last-child\" data-index=\"1\" ><div class=\"textwidget\"><p><em>2009 startade Svenskt visarkiv och Sveriges Radio en insamling av handskrivna visb&ouml;cker p&aring; Gotland. Nu har Visarkivet tillsammans med f&ouml;rfattaren och radioproducenten Eva Sj&ouml;strand gjort ett urval av dessa b&ouml;cker f&ouml;r att visa vilken roll de kunde fylla i gotl&auml;nningarnas vardag. H&auml;r presenteras sju personers visb&ouml;cker med portr&auml;tt av upphovspersonerna i text och bild.<\/em><\/p>\n<\/div><\/div><\/div><div id=\"pgc-3368-1-1\"  class=\"panel-grid-cell panel-grid-cell-empty\" ><\/div><\/div><div id=\"pg-3368-2\"  class=\"panel-grid panel-has-style\" ><div class=\"siteorigin-panels-stretch panel-row-style panel-row-style-for-3368-2\" data-stretch-type=\"full-stretched\" ><div id=\"pgc-3368-2-0\"  class=\"panel-grid-cell\" ><div id=\"panel-3368-2-0-0\" class=\"so-panel widget widget_slideshow_widget panel-first-child panel-last-child\" data-index=\"2\" >\n\n<div class=\"slideshow-container\" style=\"background: #d9d8c9\">\n  <div data-duration=\"10\" class=\"slideshow standard\">\n    <ul class=\"inner centrerad\">\n    <li class=\"item\"><img class=\"image\" src=\"\/svensktvisarkiv\/files\/2014\/01\/SVA_toppsnurra_gotlandska_visbocker_3.jpg\" alt=\"\" \/><div class=\"content\"><p><\/p><p><\/p><\/div><\/li><li class=\"item\"><img class=\"image\" src=\"\/svensktvisarkiv\/files\/2014\/01\/SVA_toppsnurra_gotlandska_visbocker_1.jpg\" alt=\"\" \/><div class=\"content\"><p><\/p><p><\/p><\/div><\/li><li class=\"item\"><img class=\"image\" src=\"\/svensktvisarkiv\/files\/2014\/01\/SVA_toppsnurra_gotlandska_visbocker_2.jpg\" alt=\"\" \/><div class=\"content\"><p><\/p><p><\/p><\/div><\/li>    <\/ul>\n  <\/div>\n<\/div>\n\n\t\t<\/div><\/div><\/div><\/div><div id=\"pg-3368-3\"  class=\"panel-grid panel-no-style\" ><div id=\"pgc-3368-3-0\"  class=\"panel-grid-cell\" ><div id=\"panel-3368-3-0-0\" class=\"so-panel widget widget_black-studio-tinymce widget_black_studio_tinymce panel-first-child panel-last-child\" data-index=\"3\" ><div class=\"textwidget\"><h3>Introduktion<\/h3>\n<p>Det lilla h&auml;ftet har svart p&auml;rm i vaxduk, boken &auml;r v&auml;ltummad och anv&auml;nd, luktar inte s&auml;llan k&auml;llare eller vindsf&ouml;rr&aring;d. Bladen &auml;r bruna och slitna, handstilen sirligt sk&ouml;n. Visorna &auml;r pr&auml;ntade enligt samma m&ouml;nster; &ouml;verst en understruken rubrik, s&aring; vers efter vers av tidens s&aring;nger. H&auml;ftet andas sent 1800-tal, sekelskifte. N&aring;gon g&aring;ng v&aring;gar visboksskrivaren vara lite sm&aring;tt ekivok, eller antyder bara det fr&auml;cka med&hellip;<\/p>\n<p>H&auml;r finns sj&ouml;manss&aring;nger som klingar l&auml;ngtan efter &auml;ventyr och l&auml;ngtan hem. H&auml;r hyllas eller f&ouml;rd&ouml;ms br&auml;nnvinet, h&auml;r klingar fr&auml;lsning och &ouml;ver alltihop sv&auml;var en nyans av vemod och k&auml;rlek: ur visb&ouml;ckerna.<\/p>\n<p>Detta insamlingsprojekt startade i redaktionen f&ouml;r radioprogrammet <em>Mimer<\/em> i P2. Svenskt visarkivs chef Dan Lundberg ber&auml;ttade att av samlingarna p&aring; visarkivet var den gotl&auml;ndska minst. Gotl&auml;nningarna i redaktionen, etnologprofessorn Owe Ronstr&ouml;m och jag, tog det som en utmaning. Och nu, efter ett oerh&ouml;rt lyckat insamlingsprojekt, &auml;r den gotl&auml;ndska samlingen i st&auml;llet st&ouml;rst med &ouml;ver 80 b&ouml;cker!<\/p>\n<p>Visarkivets experter och gr&auml;ddan av Gotlands viss&aring;ngare startade insamlingen i det popul&auml;ra programmet&nbsp;<em>Maris Caf&eacute;<\/em>&nbsp;i Radio Gotland i februari 2009. N&auml;r visprojektet avrundades i samma radioprogram, tv&aring; m&aring;nader senare, kom de gotl&auml;ndska radiolyssnarna med sina skatter. Nu finns alla visb&ouml;cker kopierade och bevarade, tillg&auml;ngliga f&ouml;r framtida forskning i Svenskt visarkiv. De &auml;r handskrivna av kvinnor och m&auml;n, de flesta vid tiden f&ouml;r f&ouml;rra sekelskiftet, den &auml;ldsta &auml;r daterad 1820. &Auml;nnu finns det m&auml;nniskor som minns. Jag har letat och fr&aring;gat och &auml;r glad att kunna presentera sju av f&ouml;rfattarna och deras visb&ouml;cker n&auml;rmare.<\/p>\n<p style=\"text-align: right;\"><em>Eva Sj&ouml;strand,<br \/><\/em><em>f&ouml;rfattare och radioproducent p&aring; Sveriges Radio<\/em><\/p>\n<\/div><\/div><\/div><div id=\"pgc-3368-3-1\"  class=\"panel-grid-cell\" ><div id=\"panel-3368-3-1-0\" class=\"so-panel widget widget_black-studio-tinymce widget_black_studio_tinymce panel-first-child panel-last-child\" data-index=\"4\" ><div class=\"textwidget\"><h3>Att samla visor<\/h3>\n<p>Bruket att skriva visbok b&ouml;rjade i adliga kretsar under 1500- och 1600-talet. I takt med den &ouml;kade l&auml;s- och skrivkunnigheten spred det sig till m&auml;nniskor ur alla samh&auml;llsklasser mot slutet av 1800-talet. I sin artikel <a title=\"Att samla visor\" href=\"http:\/\/statensmusikverk.se\/svensktvisarkiv\/att-samla-visor\/\" target=\"_self\"><em>Att samla visor<\/em><\/a> tecknar Svenskt visarkivs bitr&auml;dande arkivchef Karin Strand visb&ouml;ckernas historia och ber&auml;ttar varf&ouml;r visboken kan ses som en analog motsvarighet till dagens mp3-spelare. H&auml;r nedan f&ouml;ljer l&auml;nkar till de sju upphovspersoner p&aring; Gotland vars visb&ouml;cker nu finns tillg&auml;ngliga i digital form.<\/p>\n<h3>Visb&ouml;ckerna<\/h3>\n<ul>\n<li><a title=\"Reinhold Hansson\" href=\"http:\/\/statensmusikverk.se\/svensktvisarkiv\/reinhold-hansson\/\" target=\"_self\">Reinhold Hansson<\/a>&nbsp;<a title=\"Reinhold Hansson visbok 1\" href=\"http:\/\/urn.kb.se\/resolve?urn=urn:nbn:se:statensmusikverk-281\" target=\"_blank\">Visbok 1<\/a>&nbsp;<a title=\"Reinhold Hansson visbok 2\" href=\"http:\/\/urn.kb.se\/resolve?urn=urn:nbn:se:statensmusikverk-282\" target=\"_blank\">Visbok 2<\/a><\/li>\n<li><a title=\"Maria Isberg\" href=\"http:\/\/statensmusikverk.se\/svensktvisarkiv\/maria-isberg\/\" target=\"_self\">Maria Isberg<\/a>&nbsp;<a title=\"Maria Isbergs visbok\" href=\"http:\/\/urn.kb.se\/resolve?urn=urn:nbn:se:statensmusikverk-283\" target=\"_blank\">Visbok<\/a>&nbsp;<\/li>\n<li><a title=\"Anna Jakobsson\" href=\"http:\/\/statensmusikverk.se\/svensktvisarkiv\/anna-jakobsson\/\" target=\"_self\">Anna Jakobsson<\/a>&nbsp;<a title=\"Anna Jakobssons visbok 1\" href=\"http:\/\/urn.kb.se\/resolve?urn=urn:nbn:se:statensmusikverk-271\" target=\"_blank\">Visbok 1<\/a>&nbsp;<a title=\"Anna Jakobssons visbok 2\" href=\"http:\/\/urn.kb.se\/resolve?urn=urn:nbn:se:statensmusikverk-272\" target=\"_blank\">Visbok 2<\/a>&nbsp;<a title=\"Anna Jakobssons visbok 3\" href=\"http:\/\/urn.kb.se\/resolve?urn=urn:nbn:se:statensmusikverk-273\" target=\"_blank\">Visbok 3<\/a><\/li>\n<li><a title=\"Hilda Larsson\" href=\"http:\/\/statensmusikverk.se\/svensktvisarkiv\/hilda-larsson\/%20\">Hilda Larsson<\/a>&nbsp;<a title=\"Hilda Larssons visbok\" href=\"http:\/\/urn.kb.se\/resolve?urn=urn:nbn:se:statensmusikverk-278\" target=\"_blank\">Visbok<\/a><\/li>\n<li><a title=\"Henning Svensson\" href=\"http:\/\/statensmusikverk.se\/svensktvisarkiv\/henning-svensson\/\" target=\"_self\">Henning Svensson<\/a>&nbsp;<a title=\"Henning Svenssons visbok\" href=\"http:\/\/urn.kb.se\/resolve?urn=urn:nbn:se:statensmusikverk-277\" target=\"_blank\">Visbok<\/a><\/li>\n<li><a title=\"Josef Winberg\" href=\"http:\/\/statensmusikverk.se\/svensktvisarkiv\/josef-winberg\/%20\" target=\"_self\">Josef Winberg<\/a>&nbsp;<a title=\"Josef Winbergs visbok 1\" href=\"http:\/\/urn.kb.se\/resolve?urn=urn:nbn:se:statensmusikverk-279\" target=\"_blank\">Visbok 1<\/a> <a title=\"Josef Winbergs visbok 2\" href=\"http:\/\/urn.kb.se\/resolve?urn=urn:nbn:se:statensmusikverk-280\" target=\"_blank\">Visbok 2<\/a><\/li>\n<li><a title=\"Harald Winberg\" href=\"http:\/\/statensmusikverk.se\/svensktvisarkiv\/harald-winberg\/\" target=\"_self\">Harald Winberg<\/a>&nbsp;<a title=\"Harald Winbergs visbok 1\" href=\"http:\/\/urn.kb.se\/resolve?urn=urn:nbn:se:statensmusikverk-274\" target=\"_blank\">Visbok 1<\/a>&nbsp;<a title=\"Harald Winbergs visbok 2\" href=\"http:\/\/urn.kb.se\/resolve?urn=urn:nbn:se:statensmusikverk-275\" target=\"_blank\">Visbok 2<\/a>&nbsp;<a title=\"Harald Winbergs visbok 3\" href=\"http:\/\/urn.kb.se\/resolve?urn=urn:nbn:se:statensmusikverk-276\" target=\"_blank\">Visbok 3<\/a><\/li>\n<\/ul>\n<p><a title=\"F&ouml;rteckning &ouml;ver gotl&auml;ndska visb&ouml;cker\" href=\"http:\/\/katalog.visarkiv.se\/lib\/views\/visolat\/HitList.aspx?ccl=find+xrkod+gotlvb?\" target=\"_blank\">F&ouml;rteckning &ouml;ver visorna i de gotl&auml;ndska visb&ouml;ckerna<\/a><\/p>\n<h3>Litteraturtips<\/h3>\n<ul>\n<li><a title=\"Noterat 1\" href=\"http:\/\/urn.kb.se\/resolve?urn=urn:nbn:se:statensmusikverk-1454\" target=\"_blank\">Nordstr&ouml;m, Annika. \"Jag m&aring;ste bliva sj&ouml;man vid marinen -\" : Bohusl&auml;nska m&auml;ns handskrivna visb&ouml;cker fr&aring;n flottan. Ing&aring;r i: <em>Noterat 1<\/em><\/a><\/li>\n<li><a title=\"Noterat 4\" href=\"http:\/\/urn.kb.se\/resolve?urn=urn:nbn:se:statensmusikverk-1455\" target=\"_blank\">Ternhag, Gunnar. \"Vad s&auml;ger Daniel Hanssons visbok?\" Ing&aring;r i: <em>Noterat 4<\/em><\/a><\/li>\n<li><a title=\"Samlade visor - perspektiv p&aring; handskrivna visb&ouml;cker\" href=\"http:\/\/katalog.visarkiv.se\/lib\/views\/prisl\/ShowRecord.aspx?id=1357364\" target=\"_blank\">Ternhag, Gunnar (red.) <em>Samlade visor: perspektiv p&aring; handskrivna visb&ouml;cker: f&ouml;redrag vid ett symposium p&aring; Svenskt visarkiv<\/em> 6-7 februari 2008<\/a><\/li>\n<li><a title=\"Gunnar Ternhag - Till vissamlandets f&ouml;rsvar\" href=\"http:\/\/urn.kb.se\/resolve?urn=urn:nbn:se:su:diva-101280\" target=\"_blank\">Ternhag, Gunnar. \"Till vissamlandets f&ouml;rsvar: Att samla visor f&ouml;r livet\". Ing&aring;r i:&nbsp;<em>M&auml;nniskor som skriver i vardagen - ig&aring;r och idag<\/em><\/a><\/li>\n<\/ul>\n<h3>L&auml;nktips<\/h3>\n<ul>\n<li><a title=\"Personlige viseb&oslash;ger (&ouml;ppnas i ett nytt f&ouml;nster)\" href=\"http:\/\/www.kb.dk\/da\/nb\/fag\/dafos\/personlige_viseboeger\/index.html\" target=\"_blank\">Personlige viseb&oslash;ger (Dansk Folkemindesamlings webbpresentation om handskrivna visb&ouml;cker)<\/a><\/li>\n<\/ul>\n<\/div><\/div><\/div><\/div><div id=\"pg-3368-4\"  class=\"panel-grid panel-no-style\" ><div id=\"pgc-3368-4-0\"  class=\"panel-grid-cell panel-grid-cell-mobile-last\" ><div id=\"panel-3368-4-0-0\" class=\"so-panel widget widget_headers panel-first-child panel-last-child\" data-index=\"5\" ><div class=\"so-widget-headers so-widget-headers-base\"><h3 id=\"personerna-bakom-visbockerna\">Personerna bakom visb\u00f6ckerna<\/h3>\n<\/div><\/div><\/div><div id=\"pgc-3368-4-1\"  class=\"panel-grid-cell panel-grid-cell-empty\" ><\/div><\/div><div id=\"pg-3368-5\"  class=\"panel-grid panel-no-style\" ><div id=\"pgc-3368-5-0\"  class=\"panel-grid-cell\" ><div id=\"panel-3368-5-0-0\" class=\"so-panel widget widget_puff_widget panel-first-child panel-last-child\" data-index=\"6\" >\t\t\t<div class=\"inner with_title with_text with_picture with_link\" >\r\n\t\t\t<a href=\"\/svensktvisarkiv\/handskrivna-visbocker\/reinhold-hansson\/\">\t\t\t<div class=\"puff-picture\"><img src=\"\/svensktvisarkiv\/files\/2018\/01\/SVA_gotl_visb_Reinhold_Hansson_puff_680px.jpg\" alt=\"Puff Picture\" \/><\/div>\t\t\t<h4>Reinhold Hansson<\/h4>\t\t\t<div class=\"puff-text\">Reinhold Hansson (1892\u20131971) var sm\u00e5brukare och fiskare. Han har l\u00e4mnat efter sig tv\u00e5 visb\u00f6cker med humoristiska verser, poesi och prosaiska inslag.<\/div>\t\t\t<\/a>\t\t\t<\/div>\r\n\t\t<\/div><\/div><div id=\"pgc-3368-5-1\"  class=\"panel-grid-cell\" ><div id=\"panel-3368-5-1-0\" class=\"so-panel widget widget_puff_widget panel-first-child panel-last-child\" data-index=\"7\" >\t\t\t<div class=\"inner with_title with_text with_picture with_link\" >\r\n\t\t\t<a href=\"\/svensktvisarkiv\/handskrivna-visbocker\/maria-isberg\/\">\t\t\t<div class=\"puff-picture\"><img src=\"\/svensktvisarkiv\/files\/2018\/01\/SVA_gotl_visb_Maria_Isberg_puff.jpg\" alt=\"Puff Picture\" \/><\/div>\t\t\t<h4>Maria Isberg<\/h4>\t\t\t<div class=\"puff-text\">Maria Isberg (1869\u20131940) var baptist och bodde i Visby under sitt liv. I hennes visbok dominerar religi\u00f6sa s\u00e5nger.<\/div>\t\t\t<\/a>\t\t\t<\/div>\r\n\t\t<\/div><\/div><div id=\"pgc-3368-5-2\"  class=\"panel-grid-cell\" ><div id=\"panel-3368-5-2-0\" class=\"so-panel widget widget_puff_widget panel-first-child panel-last-child\" data-index=\"8\" >\t\t\t<div class=\"inner with_title with_text with_picture with_link\" >\r\n\t\t\t<a href=\"\/svensktvisarkiv\/handskrivna-visbocker\/anna-jakobsson\/\">\t\t\t<div class=\"puff-picture\"><img src=\"\/svensktvisarkiv\/files\/2018\/01\/SVA_gotl_visb_Anna_Jakobsson_puff.jpg\" alt=\"Puff Picture\" \/><\/div>\t\t\t<h4>Anna Jakobsson<\/h4>\t\t\t<div class=\"puff-text\">Anna Jakobsson (1889\u20131964) var baptist och sj\u00f6ng i flera k\u00f6rer. Hon har l\u00e4mnat efter sig tre visb\u00f6cker med andliga visor.<\/div>\t\t\t<\/a>\t\t\t<\/div>\r\n\t\t<\/div><\/div><div id=\"pgc-3368-5-3\"  class=\"panel-grid-cell panel-grid-cell-mobile-last\" ><div id=\"panel-3368-5-3-0\" class=\"so-panel widget widget_puff_widget panel-first-child panel-last-child\" data-index=\"9\" >\t\t\t<div class=\"inner with_title with_text with_picture with_link\" >\r\n\t\t\t<a href=\"\/svensktvisarkiv\/handskrivna-visbocker\/hilda-larsson\/\">\t\t\t<div class=\"puff-picture\"><img src=\"\/svensktvisarkiv\/files\/2018\/01\/SVA_gotl_visb_Hilda_Larsson_puff.jpg\" alt=\"Puff Picture\" \/><\/div>\t\t\t<h4>Hilda Larsson<\/h4>\t\t\t<div class=\"puff-text\">Hilda Larsson (1895\u20131965) f\u00f6ddes p\u00e5 Gotland men bodde i b\u00e5de Europa och USA under sin levnadstid. Hon har l\u00e4mnat efter sig en visbok som domineras av k\u00e4rleksvisor.<\/div>\t\t\t<\/a>\t\t\t<\/div>\r\n\t\t<\/div><\/div><div id=\"pgc-3368-5-4\"  class=\"panel-grid-cell panel-grid-cell-empty\" ><\/div><\/div><div id=\"pg-3368-6\"  class=\"panel-grid panel-no-style\" ><div id=\"pgc-3368-6-0\"  class=\"panel-grid-cell\" ><div id=\"panel-3368-6-0-0\" class=\"so-panel widget widget_puff_widget panel-first-child panel-last-child\" data-index=\"10\" >\t\t\t<div class=\"inner with_title with_text with_picture with_link\" >\r\n\t\t\t<a href=\"\/svensktvisarkiv\/handskrivna-visbocker\/henning-svensson\/\">\t\t\t<div class=\"puff-picture\"><img src=\"\/svensktvisarkiv\/files\/2018\/01\/SVA_gotl_visb_Henning_Svensson_puff.jpg\" alt=\"Puff Picture\" \/><\/div>\t\t\t<h4>Henning Svensson<\/h4>\t\t\t<div class=\"puff-text\">Henning Svensson (1893\u20131964) gick tidigt till sj\u00f6ss men en olycka f\u00f6r\u00e4ndrade hans yrkesbana. Han har l\u00e4mnat efter sig en visbok som han skrev under v\u00e4rnplikten i flottan.<\/div>\t\t\t<\/a>\t\t\t<\/div>\r\n\t\t<\/div><\/div><div id=\"pgc-3368-6-1\"  class=\"panel-grid-cell\" ><div id=\"panel-3368-6-1-0\" class=\"so-panel widget widget_puff_widget panel-first-child panel-last-child\" data-index=\"11\" >\t\t\t<div class=\"inner with_title with_text with_picture with_link\" >\r\n\t\t\t<a href=\"\/svensktvisarkiv\/handskrivna-visbocker\/josef-winberg\/\">\t\t\t<div class=\"puff-picture\"><img src=\"\/svensktvisarkiv\/files\/2018\/01\/SVA_gotl_visb_Josef_Winberg_puff.jpg\" alt=\"Puff Picture\" \/><\/div>\t\t\t<h4>Josef Winberg<\/h4>\t\t\t<div class=\"puff-text\">Josef Winberg (1883\u20131974) var snickare och hade ett stort musikintresse. Han har l\u00e4mnat efter sig tv\u00e5 visb\u00f6cker med k\u00e4rleksvisor och dryckesvisor.<\/div>\t\t\t<\/a>\t\t\t<\/div>\r\n\t\t<\/div><\/div><div id=\"pgc-3368-6-2\"  class=\"panel-grid-cell\" ><div id=\"panel-3368-6-2-0\" class=\"so-panel widget widget_puff_widget panel-first-child panel-last-child\" data-index=\"12\" >\t\t\t<div class=\"inner with_title with_text with_picture with_link\" >\r\n\t\t\t<a href=\"\/svensktvisarkiv\/handskrivna-visbocker\/harald-winberg\/\">\t\t\t<div class=\"puff-picture\"><img src=\"\/svensktvisarkiv\/files\/2018\/01\/SVA_gotl_visb_Harald_Winberg_puff.jpg\" alt=\"Puff Picture\" \/><\/div>\t\t\t<h4>Harald Winberg<\/h4>\t\t\t<div class=\"puff-text\">Harald Winberg (1910\u20131993) l\u00e4mnade efter sig tre visb\u00f6cker som inneh\u00e5ller fredsvisor, schlagers och en s\u00e5ng om Titanics f\u00f6rlisning.<\/div>\t\t\t<\/a>\t\t\t<\/div>\r\n\t\t<\/div><\/div><div id=\"pgc-3368-6-3\"  class=\"panel-grid-cell panel-grid-cell-empty panel-grid-cell-mobile-last\" ><\/div><div id=\"pgc-3368-6-4\"  class=\"panel-grid-cell panel-grid-cell-empty\" ><\/div><\/div><\/div>","protected":false},"excerpt":{"rendered":"<p>2009 startade Svenskt visarkiv och Sveriges Radio en insamling av handskrivna visb&ouml;cker p&aring; Gotland. Nu har Visarkivet tillsammans med f&ouml;rfattaren och radioproducenten Eva Sj&ouml;strand gjort ett urval av dessa b&ouml;cker f&ouml;r att visa vilken roll de kunde fylla i gotl&auml;nningarnas vardag. H&auml;r presenteras sju personers visb&ouml;cker med portr&auml;tt av upphovspersonerna i text och bild.<\/p>\n","protected":false},"author":29,"featured_media":0,"parent":0,"menu_order":0,"comment_status":"closed","ping_status":"closed","template":"","meta":{"ngg_post_thumbnail":0,"spay_email":""},"categories":[4],"tags":[],"yoast_head":"<!-- This site is optimized with the Yoast SEO plugin v16.3 - https:\/\/yoast.com\/wordpress\/plugins\/seo\/ -->\n<meta name=\"robots\" content=\"index, follow, max-snippet:-1, max-image-preview:large, max-video-preview:-1\" \/>\n<link rel=\"canonical\" href=\"https:\/\/musikverket-old.test.consids5.se\/svensktvisarkiv\/handskrivna-visbocker\/\" \/>\n<meta property=\"og:locale\" content=\"sv_SE\" \/>\n<meta property=\"og:type\" content=\"article\" \/>\n<meta property=\"og:title\" content=\"Handskrivna visb\u00f6cker - Svenskt visarkiv\" \/>\n<meta property=\"og:description\" content=\"2009 startade Svenskt visarkiv och Sveriges Radio en insamling av handskrivna visb&ouml;cker p&aring; Gotland. Nu har Visarkivet tillsammans med f&ouml;rfattaren och radioproducenten Eva Sj&ouml;strand gjort ett urval av dessa b&ouml;cker f&ouml;r att visa vilken roll de kunde fylla i gotl&auml;nningarnas vardag. H&auml;r presenteras sju personers visb&ouml;cker med portr&auml;tt av upphovspersonerna i text och bild.\" \/>\n<meta property=\"og:url\" content=\"https:\/\/musikverket-old.test.consids5.se\/svensktvisarkiv\/handskrivna-visbocker\/\" \/>\n<meta property=\"og:site_name\" content=\"Svenskt visarkiv\" \/>\n<meta property=\"article:modified_time\" content=\"2018-01-12T10:33:47+00:00\" \/>\n<meta name=\"twitter:label1\" content=\"Ber\u00e4knad l\u00e4stid\">\n\t<meta name=\"twitter:data1\" content=\"4 minuter\">\n<script type=\"application\/ld+json\" class=\"yoast-schema-graph\">{\"@context\":\"https:\/\/schema.org\",\"@graph\":[{\"@type\":\"WebSite\",\"@id\":\"https:\/\/musikverket-old.test.consids5.se\/svensktvisarkiv\/#website\",\"url\":\"https:\/\/musikverket-old.test.consids5.se\/svensktvisarkiv\/\",\"name\":\"Svenskt visarkiv\",\"description\":\"Bevarar folkmusik, \\u00e4ldre popul\\u00e4rmusik, jazz och inflyttade musiktraditioner\",\"potentialAction\":[{\"@type\":\"SearchAction\",\"target\":\"https:\/\/musikverket-old.test.consids5.se\/svensktvisarkiv\/?s={search_term_string}\",\"query-input\":\"required name=search_term_string\"}],\"inLanguage\":\"sv-SE\"},{\"@type\":\"WebPage\",\"@id\":\"https:\/\/musikverket-old.test.consids5.se\/svensktvisarkiv\/handskrivna-visbocker\/#webpage\",\"url\":\"https:\/\/musikverket-old.test.consids5.se\/svensktvisarkiv\/handskrivna-visbocker\/\",\"name\":\"Handskrivna visb\\u00f6cker - Svenskt visarkiv\",\"isPartOf\":{\"@id\":\"https:\/\/musikverket-old.test.consids5.se\/svensktvisarkiv\/#website\"},\"datePublished\":\"2014-06-17T11:34:30+00:00\",\"dateModified\":\"2018-01-12T10:33:47+00:00\",\"breadcrumb\":{\"@id\":\"https:\/\/musikverket-old.test.consids5.se\/svensktvisarkiv\/handskrivna-visbocker\/#breadcrumb\"},\"inLanguage\":\"sv-SE\",\"potentialAction\":[{\"@type\":\"ReadAction\",\"target\":[\"https:\/\/musikverket-old.test.consids5.se\/svensktvisarkiv\/handskrivna-visbocker\/\"]}]},{\"@type\":\"BreadcrumbList\",\"@id\":\"https:\/\/musikverket-old.test.consids5.se\/svensktvisarkiv\/handskrivna-visbocker\/#breadcrumb\",\"itemListElement\":[{\"@type\":\"ListItem\",\"position\":1,\"item\":{\"@type\":\"WebPage\",\"@id\":\"https:\/\/musikverket-old.test.consids5.se\/svensktvisarkiv\/\",\"url\":\"https:\/\/musikverket-old.test.consids5.se\/svensktvisarkiv\/\",\"name\":\"Hem\"}},{\"@type\":\"ListItem\",\"position\":2,\"item\":{\"@id\":\"https:\/\/musikverket-old.test.consids5.se\/svensktvisarkiv\/handskrivna-visbocker\/#webpage\"}}]}]}<\/script>\n<!-- \/ Yoast SEO plugin. -->","jetpack_shortlink":"https:\/\/wp.me\/P2Zwnz-Sk","jetpack_sharing_enabled":true,"_links":{"self":[{"href":"https:\/\/musikverket-old.test.consids5.se\/svensktvisarkiv\/wp-json\/wp\/v2\/pages\/3368"}],"collection":[{"href":"https:\/\/musikverket-old.test.consids5.se\/svensktvisarkiv\/wp-json\/wp\/v2\/pages"}],"about":[{"href":"https:\/\/musikverket-old.test.consids5.se\/svensktvisarkiv\/wp-json\/wp\/v2\/types\/page"}],"author":[{"embeddable":true,"href":"https:\/\/musikverket-old.test.consids5.se\/svensktvisarkiv\/wp-json\/wp\/v2\/users\/29"}],"replies":[{"embeddable":true,"href":"https:\/\/musikverket-old.test.consids5.se\/svensktvisarkiv\/wp-json\/wp\/v2\/comments?post=3368"}],"version-history":[{"count":0,"href":"https:\/\/musikverket-old.test.consids5.se\/svensktvisarkiv\/wp-json\/wp\/v2\/pages\/3368\/revisions"}],"wp:attachment":[{"href":"https:\/\/musikverket-old.test.consids5.se\/svensktvisarkiv\/wp-json\/wp\/v2\/media?parent=3368"}],"wp:term":[{"taxonomy":"category","embeddable":true,"href":"https:\/\/musikverket-old.test.consids5.se\/svensktvisarkiv\/wp-json\/wp\/v2\/categories?post=3368"},{"taxonomy":"post_tag","embeddable":true,"href":"https:\/\/musikverket-old.test.consids5.se\/svensktvisarkiv\/wp-json\/wp\/v2\/tags?post=3368"}],"curies":[{"name":"wp","href":"https:\/\/api.w.org\/{rel}","templated":true}]}}