{"id":3465,"date":"2014-06-11T12:54:14","date_gmt":"2014-06-11T10:54:14","guid":{"rendered":"http:\/\/statensmusikverk.se\/svensktvisarkiv\/?page_id=3465"},"modified":"2016-02-12T11:58:52","modified_gmt":"2016-02-12T10:58:52","slug":"harald-winberg","status":"publish","type":"page","link":"https:\/\/musikverket-old.test.consids5.se\/svensktvisarkiv\/handskrivna-visbocker\/harald-winberg\/","title":{"rendered":"Harald Winberg"},"content":{"rendered":"<div id=\"pl-3465\"  class=\"panel-layout\" ><div id=\"pg-3465-0\"  class=\"panel-grid panel-no-style\" ><div id=\"pgc-3465-0-0\"  class=\"panel-grid-cell\" ><div id=\"panel-3465-0-0-0\" class=\"so-panel widget widget_headers panel-first-child panel-last-child\" data-index=\"0\" ><div class=\"so-widget-headers so-widget-headers-base\"><h1 id=\"harald-winberg\">Harald Winberg<\/h1>\n<\/div><\/div><\/div><\/div><div id=\"pg-3465-1\"  class=\"panel-grid panel-no-style\" ><div id=\"pgc-3465-1-0\"  class=\"panel-grid-cell panel-grid-cell-mobile-last\" ><div id=\"panel-3465-1-0-0\" class=\"so-panel widget widget_black-studio-tinymce widget_black_studio_tinymce panel-first-child\" data-index=\"1\" ><div class=\"textwidget\"><p><em>Harald Winberg (1910&ndash;1993), son till Josef Winberg, var bonddr&auml;ng i unga &aring;r, gjorde milit&auml;rtj&auml;nst i Visby och blev inkallad under andra v&auml;rldskriget. I sina visb&ouml;cker samlade han allt fr&aring;n fredsvisor och schlagers till en s&aring;ng om Titanics f&ouml;rlisning.<\/em><\/p>\n<\/div><\/div><div id=\"panel-3465-1-0-1\" class=\"so-panel widget widget_sow-image\" data-index=\"2\" ><div class=\"so-widget-sow-image so-widget-sow-image-default-d6014b76747a\">\n\n<div class=\"sow-image-container\">\n\t<img src=\"https:\/\/musikverket-old.test.consids5.se\/svensktvisarkiv\/files\/2014\/01\/SVA_gotl_visb_Harald_Winberg_artikel_680px.jpg\" width=\"680\" height=\"364\" srcset=\"https:\/\/musikverket-old.test.consids5.se\/svensktvisarkiv\/files\/2014\/01\/SVA_gotl_visb_Harald_Winberg_artikel_680px.jpg 680w, https:\/\/musikverket-old.test.consids5.se\/svensktvisarkiv\/files\/2014\/01\/SVA_gotl_visb_Harald_Winberg_artikel_680px-300x160.jpg 300w, https:\/\/musikverket-old.test.consids5.se\/svensktvisarkiv\/files\/2014\/01\/SVA_gotl_visb_Harald_Winberg_artikel_680px-252x134.jpg 252w, https:\/\/musikverket-old.test.consids5.se\/svensktvisarkiv\/files\/2014\/01\/SVA_gotl_visb_Harald_Winberg_artikel_680px-467x250.jpg 467w, https:\/\/musikverket-old.test.consids5.se\/svensktvisarkiv\/files\/2014\/01\/SVA_gotl_visb_Harald_Winberg_artikel_680px-251x134.jpg 251w\" sizes=\"(max-width: 680px) 100vw, 680px\" title=\"Harald Winberg. Foto: Svenskt visarkiv\" alt=\"Harald Winberg. Foto: Svenskt visarkiv\" \t\tclass=\"so-widget-image\"\/>\n<\/div>\n\n<\/div><\/div><div id=\"panel-3465-1-0-2\" class=\"so-panel widget widget_black-studio-tinymce widget_black_studio_tinymce panel-last-child\" data-index=\"3\" ><div class=\"textwidget\"><p>Josef Winbergs son, Ivar Karl Harald Winberg&nbsp;har l&auml;mnat tre visb&ouml;cker efter sig. Harald Winberg f&ouml;ddes vid Mallg&aring;rds i Alskog den 6 april 1910. Efter skolg&aring;ngen fick han ge sig ut och tj&auml;na bonddr&auml;ng i unga &aring;r, bland annat i Eksta socken. Han gjorde milit&auml;rtj&auml;nst vid I 18 i Visby 1931, bilden i uniform togs d&auml;r n&auml;r Harald var 21 &aring;r.<\/p>\n<h2>K&auml;rleksvisor och skillingtryck<\/h2>\n<p>Den f&ouml;rsta visboken, nummer 33, har han p&aring;b&ouml;rjat vid Bj&auml;stavs i Sanda 1929 och skrivit i till 1931. H&auml;r finns <em>Emigrantvisan<\/em>, en visa om Titanics f&ouml;rlisning, k&auml;rleksvisor, skillingtryck och <em>En katekes f&ouml;r flickor<\/em>: &rdquo;Du skall inga andra &auml;lskare hava f&ouml;re mig!&rdquo;<\/p>\n<p>Den andra visboken, nummer 32, har Harald b&ouml;rjat p&aring; hemma vid Mallg&aring;rds 1934. Den inleds med <em>Br&ouml;llopet i Fl&auml;nga<\/em>, k&auml;rleksvisor och <em>Bonnjazz<\/em> men det blir snart dystrare tider. I januari 1941 skriver han visan <em>F&ouml;r h&ouml;sten 1939<\/em> om hur de &rdquo;h&ouml;rde det mullra i &ouml;ster&rdquo;. Samma m&aring;nad skriver han <em>Fredsvisan<\/em>, &rdquo;Varf&ouml;r skola m&auml;nskor strida?&rdquo;<\/p>\n<p>I februari 1942 &auml;r han f&ouml;rlagd till Borgvik i &Ouml;stergarn och skriver ned en visa om &rdquo;den gotl&auml;ndska istiden 1942 i februari&rdquo;. H&auml;r finns en svensk text till <em>Lili Marlen<\/em>: &rdquo;En lotta i arm&eacute;n&rdquo; och en visa avskriven ur Gotlands Allehanda diktad till det tyska krigsskeppets Albatross beskjutning utanf&ouml;r &Ouml;stergarn under f&ouml;rsta v&auml;rldskriget 1915. Boken avslutas med tv&aring; s&aring;nger p&aring; gutam&aring;l av Edvin &rdquo;Solst&auml;darn&rdquo; Lindquist fr&aring;n Havdhem.<\/p>\n<p>Den tredje visboken, nummer 34, &auml;r p&aring;b&ouml;rjad 1935 och skriven fram till 1938. H&auml;r finns k&auml;rleksvisor, skillingtryck, schlagers men ocks&aring; ber&auml;ttande visor som <em>Frihetss&aring;ng vid Ryska Kejsarens d&ouml;d<\/em> fr&aring;n 1881 och <em>Attentatet &aring; kejsarinnan Elisabeth av &Ouml;sterrike 1898<\/em>.<\/p>\n<h2>F&ouml;rde dagbok hela livet<\/h2>\n<p>Under andra v&auml;rldskriget var Harald inkallad, han k&ouml;rde lastbil och var den mesta tiden f&ouml;rlagd p&aring; norra Gotland. &Aring;r 1944 gifte han sig med Gertrud Larsson fr&aring;n Lau. De bodde i Lau n&aring;gra &aring;r innan de med tre barn flyttade till Alskog. D&aring; arbetade Harald som sotare, ett yrke han hade i n&auml;stan 30 &aring;r innan han sadlade om och blev klockare i Garde pastorat.<\/p>\n<p>Precis som sin far&nbsp;f&ouml;rde Harald dagbok hela livet. Han tecknade ocks&aring; ner visor och kupletter &auml;nda fram p&aring; 1980-talet. Harald var mycket musikintresserad och hade en ansenlig samling stenkakor med d&aring;tidens artister. Han tog ocks&aring; varje tillf&auml;lle i akt att lyssna p&aring; g&auml;stande musiker. Barnen ber&auml;ttar hur de fick f&ouml;lja med och h&ouml;ra p&aring; allt fr&aring;n Gunnar Hahn och Diego Blanco till Peder Svahn, Ulla Sallert och Artur Erikson!<\/p>\n<p>Harald gick ur tiden den 4 februari 1993.<\/p>\n<p style=\"text-align: right;\"><em>Eva Sj&ouml;strand<\/em><\/p>\n<h2>Bilder p&aring; Harald Winberg<\/h2>\n<ul>\n<li><a title=\"Harald Winberg v&auml;rnpliktig\" href=\"http:\/\/statensmusikverk.se\/svensktvisarkiv\/files\/2014\/04\/SMV_gotl_visb_bild_Harald-Winberg-varnpliktig.jpg\" target=\"_blank\">Bild 1 (v&auml;rnpliktig)<\/a><\/li>\n<li><a title=\"Harald Winberg studio\" href=\"http:\/\/statensmusikverk.se\/svensktvisarkiv\/files\/2014\/04\/SMV_gotl_visb_bild_Harald-Winberg-studio.jpg\" target=\"_blank\">Bild 2 (studio)<\/a><\/li>\n<\/ul>\n<h2>Haralds visb&ouml;cker<\/h2>\n<ul>\n<li><a title=\"Harald Winbergs visbok 1\" href=\"http:\/\/urn.kb.se\/resolve?urn=urn:nbn:se:statensmusikverk-274\" target=\"_blank\">Visbok 1 (acc. nr KopD Gotl V 032)<\/a><\/li>\n<li><a title=\"Harald Winbergs visbok 2\" href=\"http:\/\/urn.kb.se\/resolve?urn=urn:nbn:se:statensmusikverk-275\" target=\"_blank\">Visbok 2 (acc. nr KopD Gotl V 033)<\/a><\/li>\n<li><a title=\"Harald Winbergs visbok 3\" href=\"http:\/\/urn.kb.se\/resolve?urn=urn:nbn:se:statensmusikverk-276\" target=\"_blank\">Visbok 3 (acc. nr KopD Gotl V 034)<\/a><\/li>\n<\/ul>\n<\/div><\/div><\/div><div id=\"pgc-3465-1-1\"  class=\"panel-grid-cell panel-grid-cell-empty\" ><\/div><\/div><\/div>","protected":false},"excerpt":{"rendered":"<p>Harald Winberg (1910\u20131993) l\u00e4mnade efter sig tre visb\u00f6cker som inneh\u00e5ller fredsvisor, schlagers och en s\u00e5ng om Titanics f\u00f6rlisning.<\/p>\n","protected":false},"author":3,"featured_media":3523,"parent":3368,"menu_order":0,"comment_status":"open","ping_status":"open","template":"","meta":{"ngg_post_thumbnail":0,"spay_email":""},"categories":[4],"tags":[329],"yoast_head":"<!-- This site is optimized with the Yoast SEO plugin v16.3 - https:\/\/yoast.com\/wordpress\/plugins\/seo\/ -->\n<meta name=\"robots\" content=\"index, follow, max-snippet:-1, max-image-preview:large, max-video-preview:-1\" \/>\n<link rel=\"canonical\" href=\"https:\/\/musikverket-old.test.consids5.se\/svensktvisarkiv\/handskrivna-visbocker\/harald-winberg\/\" \/>\n<meta property=\"og:locale\" content=\"sv_SE\" \/>\n<meta property=\"og:type\" content=\"article\" \/>\n<meta property=\"og:title\" content=\"Harald Winberg - Svenskt visarkiv\" \/>\n<meta property=\"og:description\" content=\"Harald Winberg (1910\u20131993) l\u00e4mnade efter sig tre visb\u00f6cker som inneh\u00e5ller fredsvisor, schlagers och en s\u00e5ng om Titanics f\u00f6rlisning.\" \/>\n<meta property=\"og:url\" content=\"https:\/\/musikverket-old.test.consids5.se\/svensktvisarkiv\/handskrivna-visbocker\/harald-winberg\/\" \/>\n<meta property=\"og:site_name\" content=\"Svenskt visarkiv\" \/>\n<meta property=\"article:modified_time\" content=\"2016-02-12T10:58:52+00:00\" \/>\n<meta property=\"og:image\" content=\"https:\/\/musikverket.se\/svensktvisarkiv\/files\/2014\/01\/SVA_gotl_visb_Harald_Winberg_artikel_680px.jpg\" \/>\n\t<meta property=\"og:image:width\" content=\"680\" \/>\n\t<meta property=\"og:image:height\" content=\"364\" \/>\n<script type=\"application\/ld+json\" class=\"yoast-schema-graph\">{\"@context\":\"https:\/\/schema.org\",\"@graph\":[{\"@type\":\"WebSite\",\"@id\":\"https:\/\/musikverket-old.test.consids5.se\/svensktvisarkiv\/#website\",\"url\":\"https:\/\/musikverket-old.test.consids5.se\/svensktvisarkiv\/\",\"name\":\"Svenskt visarkiv\",\"description\":\"Bevarar folkmusik, \\u00e4ldre popul\\u00e4rmusik, jazz och inflyttade musiktraditioner\",\"potentialAction\":[{\"@type\":\"SearchAction\",\"target\":\"https:\/\/musikverket-old.test.consids5.se\/svensktvisarkiv\/?s={search_term_string}\",\"query-input\":\"required name=search_term_string\"}],\"inLanguage\":\"sv-SE\"},{\"@type\":\"ImageObject\",\"@id\":\"https:\/\/musikverket-old.test.consids5.se\/svensktvisarkiv\/handskrivna-visbocker\/harald-winberg\/#primaryimage\",\"inLanguage\":\"sv-SE\",\"url\":\"https:\/\/musikverket-old.test.consids5.se\/svensktvisarkiv\/files\/2014\/01\/SVA_gotl_visb_Harald_Winberg_artikel_680px.jpg\",\"contentUrl\":\"https:\/\/musikverket-old.test.consids5.se\/svensktvisarkiv\/files\/2014\/01\/SVA_gotl_visb_Harald_Winberg_artikel_680px.jpg\",\"width\":\"680\",\"height\":\"364\",\"caption\":\"Harald Winberg. Foto: Svenskt visarkiv\"},{\"@type\":\"WebPage\",\"@id\":\"https:\/\/musikverket-old.test.consids5.se\/svensktvisarkiv\/handskrivna-visbocker\/harald-winberg\/#webpage\",\"url\":\"https:\/\/musikverket-old.test.consids5.se\/svensktvisarkiv\/handskrivna-visbocker\/harald-winberg\/\",\"name\":\"Harald Winberg - Svenskt visarkiv\",\"isPartOf\":{\"@id\":\"https:\/\/musikverket-old.test.consids5.se\/svensktvisarkiv\/#website\"},\"primaryImageOfPage\":{\"@id\":\"https:\/\/musikverket-old.test.consids5.se\/svensktvisarkiv\/handskrivna-visbocker\/harald-winberg\/#primaryimage\"},\"datePublished\":\"2014-06-11T10:54:14+00:00\",\"dateModified\":\"2016-02-12T10:58:52+00:00\",\"breadcrumb\":{\"@id\":\"https:\/\/musikverket-old.test.consids5.se\/svensktvisarkiv\/handskrivna-visbocker\/harald-winberg\/#breadcrumb\"},\"inLanguage\":\"sv-SE\",\"potentialAction\":[{\"@type\":\"ReadAction\",\"target\":[\"https:\/\/musikverket-old.test.consids5.se\/svensktvisarkiv\/handskrivna-visbocker\/harald-winberg\/\"]}]},{\"@type\":\"BreadcrumbList\",\"@id\":\"https:\/\/musikverket-old.test.consids5.se\/svensktvisarkiv\/handskrivna-visbocker\/harald-winberg\/#breadcrumb\",\"itemListElement\":[{\"@type\":\"ListItem\",\"position\":1,\"item\":{\"@type\":\"WebPage\",\"@id\":\"https:\/\/musikverket-old.test.consids5.se\/svensktvisarkiv\/\",\"url\":\"https:\/\/musikverket-old.test.consids5.se\/svensktvisarkiv\/\",\"name\":\"Hem\"}},{\"@type\":\"ListItem\",\"position\":2,\"item\":{\"@type\":\"WebPage\",\"@id\":\"https:\/\/musikverket-old.test.consids5.se\/svensktvisarkiv\/handskrivna-visbocker\/\",\"url\":\"https:\/\/musikverket-old.test.consids5.se\/svensktvisarkiv\/handskrivna-visbocker\/\",\"name\":\"Handskrivna visb\\u00f6cker\"}},{\"@type\":\"ListItem\",\"position\":3,\"item\":{\"@id\":\"https:\/\/musikverket-old.test.consids5.se\/svensktvisarkiv\/handskrivna-visbocker\/harald-winberg\/#webpage\"}}]}]}<\/script>\n<!-- \/ Yoast SEO plugin. -->","jetpack_shortlink":"https:\/\/wp.me\/P2Zwnz-TT","jetpack_sharing_enabled":true,"_links":{"self":[{"href":"https:\/\/musikverket-old.test.consids5.se\/svensktvisarkiv\/wp-json\/wp\/v2\/pages\/3465"}],"collection":[{"href":"https:\/\/musikverket-old.test.consids5.se\/svensktvisarkiv\/wp-json\/wp\/v2\/pages"}],"about":[{"href":"https:\/\/musikverket-old.test.consids5.se\/svensktvisarkiv\/wp-json\/wp\/v2\/types\/page"}],"author":[{"embeddable":true,"href":"https:\/\/musikverket-old.test.consids5.se\/svensktvisarkiv\/wp-json\/wp\/v2\/users\/3"}],"replies":[{"embeddable":true,"href":"https:\/\/musikverket-old.test.consids5.se\/svensktvisarkiv\/wp-json\/wp\/v2\/comments?post=3465"}],"version-history":[{"count":0,"href":"https:\/\/musikverket-old.test.consids5.se\/svensktvisarkiv\/wp-json\/wp\/v2\/pages\/3465\/revisions"}],"up":[{"embeddable":true,"href":"https:\/\/musikverket-old.test.consids5.se\/svensktvisarkiv\/wp-json\/wp\/v2\/pages\/3368"}],"wp:featuredmedia":[{"embeddable":true,"href":"https:\/\/musikverket-old.test.consids5.se\/svensktvisarkiv\/wp-json\/wp\/v2\/media\/3523"}],"wp:attachment":[{"href":"https:\/\/musikverket-old.test.consids5.se\/svensktvisarkiv\/wp-json\/wp\/v2\/media?parent=3465"}],"wp:term":[{"taxonomy":"category","embeddable":true,"href":"https:\/\/musikverket-old.test.consids5.se\/svensktvisarkiv\/wp-json\/wp\/v2\/categories?post=3465"},{"taxonomy":"post_tag","embeddable":true,"href":"https:\/\/musikverket-old.test.consids5.se\/svensktvisarkiv\/wp-json\/wp\/v2\/tags?post=3465"}],"curies":[{"name":"wp","href":"https:\/\/api.w.org\/{rel}","templated":true}]}}