{"id":4825,"date":"2014-09-12T08:57:33","date_gmt":"2014-09-12T06:57:33","guid":{"rendered":"https:\/\/musikverket.se\/svensktvisarkiv\/?page_id=4825"},"modified":"2016-11-11T10:03:56","modified_gmt":"2016-11-11T09:03:56","slug":"spelmansbocker","status":"publish","type":"page","link":"https:\/\/musikverket-old.test.consids5.se\/svensktvisarkiv\/spelmansbocker\/","title":{"rendered":"Spelmansb\u00f6cker"},"content":{"rendered":"<div id=\"pl-4825\"  class=\"panel-layout\" ><div id=\"pg-4825-0\"  class=\"panel-grid panel-no-style\" ><div id=\"pgc-4825-0-0\"  class=\"panel-grid-cell\" ><div id=\"panel-4825-0-0-0\" class=\"so-panel widget widget_headers panel-first-child panel-last-child\" data-index=\"0\" ><div class=\"so-widget-headers so-widget-headers-base\"><h1 id=\"spelmansbocker\">Spelmansb\u00f6cker<\/h1>\n<\/div><\/div><\/div><\/div><div id=\"pg-4825-1\"  class=\"panel-grid panel-no-style\" ><div id=\"pgc-4825-1-0\"  class=\"panel-grid-cell panel-grid-cell-mobile-last\" ><div id=\"panel-4825-1-0-0\" class=\"so-panel widget widget_black-studio-tinymce widget_black_studio_tinymce panel-first-child panel-last-child\" data-index=\"1\" ><div class=\"textwidget\"><p><em>Sexdregasamlingen \u00e4r en samling med spelmansmusik fr\u00e5n sent 1700-tal som nyligen sk\u00e4nkts till Svenskt visarkiv av Kindgillet i G\u00f6teborg. Den\u00a0<em>best\u00e5r av tv\u00e5\u00a0<\/em><em>spelmansb\u00f6cker, ett mindre noth\u00e4fte och ett antal l\u00f6sa notblad. H\u00e4r presenteras samlingen i f\u00e4rg tillsammans med<\/em><\/em><em>\u00a0tv\u00e5 ljudexempel.<\/em><\/p>\n<\/div><\/div><\/div><div id=\"pgc-4825-1-1\"  class=\"panel-grid-cell panel-grid-cell-empty\" ><\/div><\/div><div id=\"pg-4825-2\"  class=\"panel-grid panel-has-style\" ><div class=\"siteorigin-panels-stretch panel-row-style panel-row-style-for-4825-2\" data-stretch-type=\"full-stretched\" ><div id=\"pgc-4825-2-0\"  class=\"panel-grid-cell\" ><div id=\"panel-4825-2-0-0\" class=\"so-panel widget widget_text panel-first-child panel-last-child\" data-index=\"2\" >\t\t\t<div class=\"textwidget\"><div style=\"background-color:#000000; margin:0px; height:425px\"><img src=\"\/svensktvisarkiv\/files\/2014\/08\/SVA_toppsnurra_sexdrega.jpg\" alt=\"Notb\u00f6cker i Sexdregasamlingen. Foto: Erik Hammarstr\u00f6m\"><\/div><\/div>\n\t\t<\/div><\/div><\/div><\/div><div id=\"pg-4825-3\"  class=\"panel-grid panel-no-style\" ><div id=\"pgc-4825-3-0\"  class=\"panel-grid-cell\" ><div id=\"panel-4825-3-0-0\" class=\"so-panel widget widget_headers panel-first-child panel-last-child\" data-index=\"3\" ><div class=\"so-widget-headers so-widget-headers-base\"><h3 id=\"spelmansbocker\">Spelmansb\u00f6cker<\/h3>\n<\/div><\/div><\/div><\/div><div id=\"pg-4825-4\"  class=\"panel-grid panel-no-style\" ><div id=\"pgc-4825-4-0\"  class=\"panel-grid-cell\" ><div id=\"panel-4825-4-0-0\" class=\"so-panel widget widget_black-studio-tinymce widget_black_studio_tinymce panel-first-child panel-last-child\" data-index=\"4\" ><div class=\"textwidget\"><p>Svenskt visarkiv har ett stort antal spelmansb&ouml;cker i sina samlingar. Det handlar om handskrivna notb&ouml;cker med fr&auml;mst instrumentalmusik f&ouml;r dans fr&aring;n 1700- och 1800-talen. Spelmansb&ouml;cker fungerade som ett arbetsmaterial f&ouml;r spelm&auml;n d&auml;r danser och l&aring;tar skrevs ned till st&ouml;d f&ouml;r minnet. I b&ouml;ckerna finns ofta varianter p&aring; melodier som fick f&auml;ste i den levande folkmusiktraditionen och som senare f&aring;ngades upp av folkmusikinsamlare. P&aring; s&aring; s&auml;tt ger de intressanta inblickar i repertoaren under en specifik tidsperiod. Eric Hammarstr&ouml;m och Mathias Bostr&ouml;m p&aring; Svenskt visarkiv <a title=\"Om spelmansb&ouml;cker\" href=\"https:\/\/musikverket.se\/svensktvisarkiv\/artikel\/om-spelmansbocker\/\">skriver om spelmansb&ouml;cker och varf&ouml;r de kan ses som en motsvarighet till v&aring;r tids iTunes-bibliotek<\/a>.<\/p>\n<p>&nbsp;<\/p>\n<\/div><\/div><\/div><div id=\"pgc-4825-4-1\"  class=\"panel-grid-cell\" ><div id=\"panel-4825-4-1-0\" class=\"so-panel widget widget_black-studio-tinymce widget_black_studio_tinymce panel-first-child panel-last-child\" data-index=\"5\" ><div class=\"textwidget\"><p><em>Sexdregasamlingen<\/em>&nbsp;&auml;r en av de mer k&auml;nda handskrivna samlingarna med spelmansmusik fr&aring;n 1700-talet. Den best&aring;r av tv&aring; notb&ouml;cker d&auml;r &auml;garnas namn &auml;r angivna, Johannes Bryngelsson och Anders Larsson. I samlingen finns &auml;ven ett mindre noth&auml;fte d&auml;r &auml;garen &auml;r ok&auml;nd och ett antal l&ouml;sa notblad. Alla fem delar har nu skannats in och finns att ta del av h&auml;r nedan. Eric Hammarstr&ouml;m <a title=\"Sexdregasamlingen\" href=\"https:\/\/musikverket.se\/svensktvisarkiv\/artikel\/sexdregasamlingen\/\">tecknar samlingens historia<\/a>. Han har &auml;ven gjort inspelningar av tv&aring; polskor ur Johannes Bryngelssons notbok som finns att lyssna p&aring; <a title=\"Johannes Bryngelsson - Pollonesse 1\" href=\"https:\/\/musikverket.se\/wp-content\/uploads\/2014\/08\/Bryngelsson-Pollonesse-1-s-26.mp3\" target=\"_blank\">h&auml;r<\/a> och <a title=\"Johannes Bryngelsson - Pollonesse 2\" href=\"https:\/\/musikverket.se\/wp-content\/uploads\/2014\/08\/Bryngelsson-Pollonesse-2-s-19.mp3\" target=\"_blank\">h&auml;r<\/a>.<\/p>\n<\/div><\/div><\/div><\/div><div id=\"pg-4825-5\"  class=\"panel-grid panel-no-style\" ><div id=\"pgc-4825-5-0\"  class=\"panel-grid-cell\" ><div id=\"panel-4825-5-0-0\" class=\"so-panel widget widget_puff_widget panel-first-child panel-last-child\" data-index=\"6\" >\t\t\t<div class=\"inner with_title with_text with_picture with_link\" >\r\n\t\t\t<a href=\"http:\/\/urn.kb.se\/resolve?urn=urn:nbn:se:statensmusikverk-285\">\t\t\t<div class=\"puff-picture\"><img src=\"\/svensktvisarkiv\/files\/2014\/08\/SVA_sexdrega_del1_fempuff.jpg\" alt=\"Puff Picture\" \/><\/div>\t\t\t<h4>Johannes Bryngelssons notbok<\/h4>\t\t\t<div class=\"puff-text\"><p>Johannes Bryngelssons notbok &auml;r daterad 1774 och &auml;r den del i <em>Sexdregasamlingen<\/em> som det finns mest information om. En st&ouml;rre del av inneh&aring;llet utg&ouml;rs av polskor.<\/p><\/div>\t\t\t<\/a>\t\t\t<\/div>\r\n\t\t<\/div><\/div><div id=\"pgc-4825-5-1\"  class=\"panel-grid-cell\" ><div id=\"panel-4825-5-1-0\" class=\"so-panel widget widget_puff_widget panel-first-child panel-last-child\" data-index=\"7\" >\t\t\t<div class=\"inner with_title with_text with_picture with_link\" >\r\n\t\t\t<a href=\"http:\/\/urn.kb.se\/resolve?urn=urn:nbn:se:statensmusikverk-1655\">\t\t\t<div class=\"puff-picture\"><img src=\"\/svensktvisarkiv\/files\/2014\/08\/SVA_sexdrega_del2_fempuff.jpg\" alt=\"Puff Picture\" \/><\/div>\t\t\t<h4>Anders Larssons notbok<\/h4>\t\t\t<div class=\"puff-text\"><p>Anders Larssons notbok &auml;r den n&auml;st st&ouml;rsta notboken i <em>Sexdregasamlingen<\/em>. Den utg&ouml;rs av ett noth&auml;fte fr&aring;n senare delen av 1700-talet.<\/p><\/div>\t\t\t<\/a>\t\t\t<\/div>\r\n\t\t<\/div><\/div><div id=\"pgc-4825-5-2\"  class=\"panel-grid-cell\" ><div id=\"panel-4825-5-2-0\" class=\"so-panel widget widget_puff_widget panel-first-child panel-last-child\" data-index=\"8\" >\t\t\t<div class=\"inner with_title with_text with_picture with_link\" >\r\n\t\t\t<a href=\"http:\/\/urn.kb.se\/resolve?urn=urn:nbn:se:statensmusikverk-1656\">\t\t\t<div class=\"puff-picture\"><img src=\"\/svensktvisarkiv\/files\/2014\/08\/SVA_sexdrega_del3_fempuff.jpg\" alt=\"Puff Picture\" \/><\/div>\t\t\t<h4>Notbok Ma 12ba<\/h4>\t\t\t<div class=\"puff-text\"><p>Notbok Ma 12ba &auml;r ett noth&auml;fte p&aring; 30 sidor som inneh&aring;ller en blandning av i huvudsak sm&aring; konsertstycken och marscher, ofta i tv&aring; st&auml;mmor.<\/p><\/div>\t\t\t<\/a>\t\t\t<\/div>\r\n\t\t<\/div><\/div><div id=\"pgc-4825-5-3\"  class=\"panel-grid-cell\" ><div id=\"panel-4825-5-3-0\" class=\"so-panel widget widget_puff_widget panel-first-child panel-last-child\" data-index=\"9\" >\t\t\t<div class=\"inner with_title with_text with_picture with_link\" >\r\n\t\t\t<a href=\"http:\/\/urn.kb.se\/resolve?urn=urn:nbn:se:statensmusikverk-1657\">\t\t\t<div class=\"puff-picture\"><img src=\"\/svensktvisarkiv\/files\/2014\/08\/SVA_sexdrega_del4_fempuff.jpg\" alt=\"Puff Picture\" \/><\/div>\t\t\t<h4>Notbok Ma 12bb<\/h4>\t\t\t<div class=\"puff-text\"><p>Notbok Ma 12bb best&aring;r av l&ouml;sa notblad i olika format och av olika ursprung. Melodierna utg&ouml;rs av polskor, menuetter och kontradanser.<\/p><\/div>\t\t\t<\/a>\t\t\t<\/div>\r\n\t\t<\/div><\/div><div id=\"pgc-4825-5-4\"  class=\"panel-grid-cell\" ><div id=\"panel-4825-5-4-0\" class=\"so-panel widget widget_puff_widget panel-first-child panel-last-child\" data-index=\"10\" >\t\t\t<div class=\"inner with_title with_text with_picture with_link\" >\r\n\t\t\t<a href=\"http:\/\/urn.kb.se\/resolve?urn=urn:nbn:se:statensmusikverk-1658\">\t\t\t<div class=\"puff-picture\"><img src=\"\/svensktvisarkiv\/files\/2014\/08\/SVA_sexdrega_del5_fempuff.jpg\" alt=\"Puff Picture\" \/><\/div>\t\t\t<h4>Notbok Ma 12bbL<\/h4>\t\t\t<div class=\"puff-text\"><p>Notbok Ma 12bbL best&aring;r av sex l&ouml;sa notblad som har suttit ihop i ett h&auml;fte. L&aring;tinneh&aring;llet &auml;r polskor, ett allegro och en aria, flera av dem i tv&aring; st&auml;mmor.<\/p><\/div>\t\t\t<\/a>\t\t\t<\/div>\r\n\t\t<\/div><\/div><\/div><\/div>","protected":false},"excerpt":{"rendered":"<p>Sexdregasamlingen \u00e4r en samling med spelmansmusik fr\u00e5n sent 1700-tal som nyligen sk\u00e4nkts till Svenskt visarkiv av Kindgillet i G\u00f6teborg. Den\u00a0best\u00e5r av tv\u00e5\u00a0spelmansb\u00f6cker, ett mindre noth\u00e4fte och ett antal l\u00f6sa notblad. H\u00e4r presenteras samlingen i f\u00e4rg tillsammans med\u00a0tv\u00e5 ljudexempel.<\/p>\n","protected":false},"author":19,"featured_media":0,"parent":0,"menu_order":0,"comment_status":"open","ping_status":"open","template":"","meta":{"ngg_post_thumbnail":0,"spay_email":""},"categories":[4],"tags":[9,334,331],"yoast_head":"<!-- This site is optimized with the Yoast SEO plugin v16.3 - https:\/\/yoast.com\/wordpress\/plugins\/seo\/ -->\n<meta name=\"robots\" content=\"index, follow, max-snippet:-1, max-image-preview:large, max-video-preview:-1\" \/>\n<link rel=\"canonical\" href=\"https:\/\/musikverket-old.test.consids5.se\/svensktvisarkiv\/spelmansbocker\/\" \/>\n<meta property=\"og:locale\" content=\"sv_SE\" \/>\n<meta property=\"og:type\" content=\"article\" \/>\n<meta property=\"og:title\" content=\"Spelmansb\u00f6cker - Svenskt visarkiv\" \/>\n<meta property=\"og:description\" content=\"Sexdregasamlingen \u00e4r en samling med spelmansmusik fr\u00e5n sent 1700-tal som nyligen sk\u00e4nkts till Svenskt visarkiv av Kindgillet i G\u00f6teborg. Den\u00a0best\u00e5r av tv\u00e5\u00a0spelmansb\u00f6cker, ett mindre noth\u00e4fte och ett antal l\u00f6sa notblad. H\u00e4r presenteras samlingen i f\u00e4rg tillsammans med\u00a0tv\u00e5 ljudexempel.\" \/>\n<meta property=\"og:url\" content=\"https:\/\/musikverket-old.test.consids5.se\/svensktvisarkiv\/spelmansbocker\/\" \/>\n<meta property=\"og:site_name\" content=\"Svenskt visarkiv\" \/>\n<meta property=\"article:modified_time\" content=\"2016-11-11T09:03:56+00:00\" \/>\n<meta property=\"og:image\" content=\"https:\/\/musikverket-old.test.consids5.se\/svensktvisarkiv\/files\/2014\/08\/SVA_toppsnurra_sexdrega.jpg\" \/>\n<meta name=\"twitter:label1\" content=\"Ber\u00e4knad l\u00e4stid\">\n\t<meta name=\"twitter:data1\" content=\"2 minuter\">\n<script type=\"application\/ld+json\" class=\"yoast-schema-graph\">{\"@context\":\"https:\/\/schema.org\",\"@graph\":[{\"@type\":\"WebSite\",\"@id\":\"https:\/\/musikverket-old.test.consids5.se\/svensktvisarkiv\/#website\",\"url\":\"https:\/\/musikverket-old.test.consids5.se\/svensktvisarkiv\/\",\"name\":\"Svenskt visarkiv\",\"description\":\"Bevarar folkmusik, \\u00e4ldre popul\\u00e4rmusik, jazz och inflyttade musiktraditioner\",\"potentialAction\":[{\"@type\":\"SearchAction\",\"target\":\"https:\/\/musikverket-old.test.consids5.se\/svensktvisarkiv\/?s={search_term_string}\",\"query-input\":\"required name=search_term_string\"}],\"inLanguage\":\"sv-SE\"},{\"@type\":\"ImageObject\",\"@id\":\"https:\/\/musikverket-old.test.consids5.se\/svensktvisarkiv\/spelmansbocker\/#primaryimage\",\"inLanguage\":\"sv-SE\",\"url\":\"\/svensktvisarkiv\/files\/2014\/08\/SVA_toppsnurra_sexdrega.jpg\",\"contentUrl\":\"\/svensktvisarkiv\/files\/2014\/08\/SVA_toppsnurra_sexdrega.jpg\"},{\"@type\":\"WebPage\",\"@id\":\"https:\/\/musikverket-old.test.consids5.se\/svensktvisarkiv\/spelmansbocker\/#webpage\",\"url\":\"https:\/\/musikverket-old.test.consids5.se\/svensktvisarkiv\/spelmansbocker\/\",\"name\":\"Spelmansb\\u00f6cker - Svenskt visarkiv\",\"isPartOf\":{\"@id\":\"https:\/\/musikverket-old.test.consids5.se\/svensktvisarkiv\/#website\"},\"primaryImageOfPage\":{\"@id\":\"https:\/\/musikverket-old.test.consids5.se\/svensktvisarkiv\/spelmansbocker\/#primaryimage\"},\"datePublished\":\"2014-09-12T06:57:33+00:00\",\"dateModified\":\"2016-11-11T09:03:56+00:00\",\"breadcrumb\":{\"@id\":\"https:\/\/musikverket-old.test.consids5.se\/svensktvisarkiv\/spelmansbocker\/#breadcrumb\"},\"inLanguage\":\"sv-SE\",\"potentialAction\":[{\"@type\":\"ReadAction\",\"target\":[\"https:\/\/musikverket-old.test.consids5.se\/svensktvisarkiv\/spelmansbocker\/\"]}]},{\"@type\":\"BreadcrumbList\",\"@id\":\"https:\/\/musikverket-old.test.consids5.se\/svensktvisarkiv\/spelmansbocker\/#breadcrumb\",\"itemListElement\":[{\"@type\":\"ListItem\",\"position\":1,\"item\":{\"@type\":\"WebPage\",\"@id\":\"https:\/\/musikverket-old.test.consids5.se\/svensktvisarkiv\/\",\"url\":\"https:\/\/musikverket-old.test.consids5.se\/svensktvisarkiv\/\",\"name\":\"Hem\"}},{\"@type\":\"ListItem\",\"position\":2,\"item\":{\"@id\":\"https:\/\/musikverket-old.test.consids5.se\/svensktvisarkiv\/spelmansbocker\/#webpage\"}}]}]}<\/script>\n<!-- \/ Yoast SEO plugin. -->","jetpack_shortlink":"https:\/\/wp.me\/P2Zwnz-1fP","jetpack_sharing_enabled":true,"_links":{"self":[{"href":"https:\/\/musikverket-old.test.consids5.se\/svensktvisarkiv\/wp-json\/wp\/v2\/pages\/4825"}],"collection":[{"href":"https:\/\/musikverket-old.test.consids5.se\/svensktvisarkiv\/wp-json\/wp\/v2\/pages"}],"about":[{"href":"https:\/\/musikverket-old.test.consids5.se\/svensktvisarkiv\/wp-json\/wp\/v2\/types\/page"}],"author":[{"embeddable":true,"href":"https:\/\/musikverket-old.test.consids5.se\/svensktvisarkiv\/wp-json\/wp\/v2\/users\/19"}],"replies":[{"embeddable":true,"href":"https:\/\/musikverket-old.test.consids5.se\/svensktvisarkiv\/wp-json\/wp\/v2\/comments?post=4825"}],"version-history":[{"count":0,"href":"https:\/\/musikverket-old.test.consids5.se\/svensktvisarkiv\/wp-json\/wp\/v2\/pages\/4825\/revisions"}],"wp:attachment":[{"href":"https:\/\/musikverket-old.test.consids5.se\/svensktvisarkiv\/wp-json\/wp\/v2\/media?parent=4825"}],"wp:term":[{"taxonomy":"category","embeddable":true,"href":"https:\/\/musikverket-old.test.consids5.se\/svensktvisarkiv\/wp-json\/wp\/v2\/categories?post=4825"},{"taxonomy":"post_tag","embeddable":true,"href":"https:\/\/musikverket-old.test.consids5.se\/svensktvisarkiv\/wp-json\/wp\/v2\/tags?post=4825"}],"curies":[{"name":"wp","href":"https:\/\/api.w.org\/{rel}","templated":true}]}}