{"id":7,"date":"2012-05-04T08:57:30","date_gmt":"2012-05-04T06:57:30","guid":{"rendered":"http:\/\/musikverket.adeprimo.se\/svensktvisarkiv\/?page_id=68"},"modified":"2023-01-13T11:54:25","modified_gmt":"2023-01-13T10:54:25","slug":"handskrifter","status":"publish","type":"page","link":"https:\/\/musikverket-old.test.consids5.se\/svensktvisarkiv\/i-samlingarna\/handskrifter\/","title":{"rendered":"Handskrifter och skillingtryck"},"content":{"rendered":"<div id=\"pl-7\"  class=\"panel-layout\" ><div id=\"pg-7-0\"  class=\"panel-grid panel-no-style\" ><div id=\"pgc-7-0-0\"  class=\"panel-grid-cell\" ><div id=\"panel-7-0-0-0\" class=\"so-panel widget widget_headers panel-first-child panel-last-child\" data-index=\"0\" ><div class=\"so-widget-headers so-widget-headers-base\"><h1 id=\"handskrifter-och-skillingtryck\">Handskrifter och skillingtryck<\/h1>\n<\/div><\/div><\/div><\/div><div id=\"pg-7-1\"  class=\"panel-grid panel-no-style\" ><div id=\"pgc-7-1-0\"  class=\"panel-grid-cell panel-grid-cell-mobile-last\" ><div id=\"panel-7-1-0-0\" class=\"so-panel widget widget_black-studio-tinymce widget_black_studio_tinymce panel-first-child panel-last-child\" data-index=\"1\" ><div class=\"textwidget\"><p><em>Vistexter och melodier i handskrift fr&aring;n flera hundra &aring;r, insamlade och bevarade f&ouml;r efterv&auml;rlden av intresserade samlare. Visarkivet har &auml;ven en stor samling skillingtryck i original samt en stor kopiesamling.<\/em><\/p>\n<\/div><\/div><\/div><div id=\"pgc-7-1-1\"  class=\"panel-grid-cell panel-grid-cell-empty\" ><\/div><\/div><div id=\"pg-7-2\"  class=\"panel-grid panel-has-style\" ><div class=\"siteorigin-panels-stretch panel-row-style panel-row-style-for-7-2\" data-stretch-type=\"full-stretched\" ><div id=\"pgc-7-2-0\"  class=\"panel-grid-cell\" ><div id=\"panel-7-2-0-0\" class=\"so-panel widget widget_sow-image panel-first-child panel-last-child\" data-index=\"2\" ><div class=\"so-widget-sow-image so-widget-sow-image-default-d6014b76747a\">\n\n<div class=\"sow-image-container\">\n\t<img src=\"https:\/\/musikverket-old.test.consids5.se\/svensktvisarkiv\/files\/2012\/12\/Toppsnurra_SVA_handskrifter.png\" width=\"1280\" height=\"425\" srcset=\"https:\/\/musikverket-old.test.consids5.se\/svensktvisarkiv\/files\/2012\/12\/Toppsnurra_SVA_handskrifter.png 1280w, https:\/\/musikverket-old.test.consids5.se\/svensktvisarkiv\/files\/2012\/12\/Toppsnurra_SVA_handskrifter-300x99.png 300w, https:\/\/musikverket-old.test.consids5.se\/svensktvisarkiv\/files\/2012\/12\/Toppsnurra_SVA_handskrifter-1024x340.png 1024w, https:\/\/musikverket-old.test.consids5.se\/svensktvisarkiv\/files\/2012\/12\/Toppsnurra_SVA_handskrifter-1204x400.png 1204w, https:\/\/musikverket-old.test.consids5.se\/svensktvisarkiv\/files\/2012\/12\/Toppsnurra_SVA_handskrifter-752x250.png 752w, https:\/\/musikverket-old.test.consids5.se\/svensktvisarkiv\/files\/2012\/12\/Toppsnurra_SVA_handskrifter-251x83.png 251w\" sizes=\"(max-width: 1280px) 100vw, 1280px\" title=\"Handskrifter. Foto: Fernando Medina\" alt=\"Handskrifter. Foto: Fernando Medina\" \t\tclass=\"so-widget-image\"\/>\n<\/div>\n\n<\/div><\/div><\/div><\/div><\/div><div id=\"pg-7-3\"  class=\"panel-grid panel-no-style\" ><div id=\"pgc-7-3-0\"  class=\"panel-grid-cell\" ><div id=\"panel-7-3-0-0\" class=\"so-panel widget widget_headers panel-first-child\" data-index=\"3\" ><div class=\"so-widget-headers so-widget-headers-base\"><h3 id=\"handskrifter-fran-flera-hundra-ar\">Handskrifter fr\u00e5n flera hundra \u00e5r<\/h3>\n<\/div><\/div><div id=\"panel-7-3-0-1\" class=\"so-panel widget widget_black-studio-tinymce widget_black_studio_tinymce\" data-index=\"4\" ><div class=\"textwidget\"><p>Under flera hundra &aring;r har m&auml;nniskor skrivit ner vistexter och melodier i h&auml;ften och b&ouml;cker eller p&aring; l&ouml;sa blad. Intresserade samlare har dessutom s&ouml;kt upp de personer som f&ouml;rt visorna vidare och nedtecknat b&aring;de visor och instrumentalmusik f&ouml;r efterv&auml;rlden.<\/p>\n<\/div><\/div><div id=\"panel-7-3-0-2\" class=\"so-panel widget widget_headers\" data-index=\"5\" ><div class=\"so-widget-headers so-widget-headers-base\"><h3 id=\"handskrivna-visbocker\">Handskrivna visb\u00f6cker<\/h3>\n<\/div><\/div><div id=\"panel-7-3-0-3\" class=\"so-panel widget widget_black-studio-tinymce widget_black_studio_tinymce\" data-index=\"6\" ><div class=\"textwidget\"><p>Handskrivna visb\u00f6cker \u00e4r till det yttre vanliga anteckningsb\u00f6cker d\u00e4r privatpersoner har skrivit ner och samlat vistexter. Traditionen att skriva visbok g\u00e5r tillbaka till 1500- och 1600-talens h\u00f6grest\u00e5ndsmilj\u00f6er och spred sig till bredare folklager f\u00f6r att kulminera decennierna kring sekelskiftet 1900. Visarkivet har en stor m\u00e4ngd handskrivna visb\u00f6cker i original och kopia. Materialet har dels kommit in som donationer fr\u00e5n privatpersoner, dels genom riktade insamlingsprojekt. Ett s\u00e5dant \u00e4r insamlingen av visb\u00f6cker fr\u00e5n Gotland som Visarkivet gjorde 2009 i samarbete med Sveriges Radio Gotland. Ett urval av dessa b\u00f6cker presenteras och publiceras i sin helhet p\u00e5 sidan <a title=\"Handskrivna visb\u00f6cker\" href=\"\/svensktvisarkiv\/handskrivna-visbocker\/\">Handskrivna visb\u00f6cker<\/a>. I anslutning till presentationen finns mer att l\u00e4sa om detta fascinerande musiketnologiska k\u00e4llmaterial<\/p>\n<\/div><\/div><div id=\"panel-7-3-0-4\" class=\"so-panel widget widget_headers\" data-index=\"7\" ><div class=\"so-widget-headers so-widget-headers-base\"><h3 id=\"skillingtryck\">Skillingtryck<\/h3>\n<\/div><\/div><div id=\"panel-7-3-0-5\" class=\"so-panel widget widget_black-studio-tinymce widget_black_studio_tinymce\" data-index=\"8\" ><div class=\"textwidget\"><p><a name=\"skillingtryck\"><\/a>Ett skillingtryck &auml;r ett tryckt blad, oftast vikt till &aring;tta sidor, som inneh&aring;ller vistexter och dikter. Detta var under flera hundra &aring;r en av de mest spridda publikationsformerna i Sverige och har gett namn &aring;t de s&aring; kallade skillingtrycksvisorna. &nbsp;I visarkivets samlingar finns skillingtryck i original, som till stor del &auml;r s&ouml;kbara i <a title=\"Vis- och l&aring;tregistret\" href=\"http:\/\/katalog.visarkiv.se\/lib\/views\/visolat\/\" target=\"_blank\">Vis- och l&aring;tregistret<\/a>. Det finns &auml;ven kopior av de mest betydande samlingarna av svenska skillingtryck, framf&ouml;r allt den i Kungliga Biblioteket i Stockholm. Dessa &auml;r delvis s&ouml;kbara i <a title=\"F&ouml;rstaradsregistret\" href=\"http:\/\/katalog.visarkiv.se\/kort\/views\/fr\/\" target=\"_blank\">F&ouml;rstaradsregistret<\/a>&nbsp;och <a title=\"&Auml;mnesregistret\" href=\"http:\/\/katalog.visarkiv.se\/kort\/views\/ar\/\" target=\"_blank\">&Auml;mnesregistet<\/a>. Ett urval av KB:s skillingtryck om brott och brottslingar kan du s\u00f6ka i och ta del av som fritt nedladdningsbara pdf:er <a href=\"https:\/\/katalog.visarkiv.se\/lib\/views\/vy001\/AdvancedSearch.aspx\" title=\"Ett urval av KB:s skillingtryck om brott och brottslingar (\u00f6ppnas i ett nytt f\u00f6nster)\" target=\"_blank\">h\u00e4r<\/a>. <a title=\"L&auml;s mer om skillingtryck\" href=\"http:\/\/old.visarkiv.se\/online\/svenskavisor\/sida_12.htm\" target=\"_blank\">L&auml;s mer om skillingtryck<\/a>.<\/p>\n<\/div><\/div><div id=\"panel-7-3-0-6\" class=\"so-panel widget widget_headers\" data-index=\"9\" ><div class=\"so-widget-headers so-widget-headers-base\"><h3 id=\"kopior-och-register\">Kopior och register<\/h3>\n<\/div><\/div><div id=\"panel-7-3-0-7\" class=\"so-panel widget widget_black-studio-tinymce widget_black_studio_tinymce panel-last-child\" data-index=\"10\" ><div class=\"textwidget\"><p>Svenskt visarkiv str&auml;var efter att skapa &ouml;verblick &ouml;ver hela det bevarade vis- och folkmusikmaterialet. D&auml;rf&ouml;r finns mycket material i andra arkiv, museer, bibliotek och hos privatpersoner i kopia och\/eller registrerat hos Visarkivet. Kopiesamlingen best&aring;r av mikrofilm, papperskopior och skannade dokument ur viktiga samlingar p&aring; andra h&aring;ll. Materialet &auml;r s&ouml;kbart i de &auml;ldre kortkatalogerna. Arbetet med att digitalisera dessa sker kontinuerligt f&ouml;r att p&aring; sikt publiceras p&aring; webben. Tills vidare hj&auml;lper Visarkivets personal till att s&ouml;ka i kortkatalogerna.&nbsp;<a title=\"Visarkivets expedition\" href=\"http:\/\/statensmusikverk.se\/svensktvisarkiv\/besok-visarkivet\/\">Kontakta expeditionen f&ouml;r att best&auml;lla kopior<\/a>.<\/p>\n<\/div><\/div><\/div><div id=\"pgc-7-3-1\"  class=\"panel-grid-cell\" ><div id=\"panel-7-3-1-0\" class=\"so-panel widget widget_headers panel-first-child\" data-index=\"11\" ><div class=\"so-widget-headers so-widget-headers-base\"><h3 id=\"visor-latar-och-noter\">Visor, l\u00e5tar och noter<\/h3>\n<\/div><\/div><div id=\"panel-7-3-1-1\" class=\"so-panel widget widget_black-studio-tinymce widget_black_studio_tinymce\" data-index=\"12\" ><div class=\"textwidget\"><p>I handskriftssamlingen f&ouml;rvaras bland annat:<\/p>\n<ul>\n<li>visb&ouml;cker skrivna under 1700-, 1800- och 1900-talen, de flesta s&aring; kallade vaxduksb&ouml;cker fr&aring;n decennierna kring sekelskiftet 1900<\/li>\n<li>notb&ouml;cker med l&aring;tar nedskrivna av spelm&auml;n<\/li>\n<li>st&ouml;rre samlingar efter spelm&auml;n, inneh&aring;llande nedtecknade l&aring;tar, arrangemang med mera<\/li>\n<li>visor och l&aring;tar nedtecknade av samlare<\/li>\n<li>specialsamlingar, till exempel visor insamlade genom Radiotj&auml;nsts folkviseprist&auml;vling 1947\/48 och manuskript fr&aring;n lokalrevyer.<\/li>\n<\/ul>\n<\/div><\/div><div id=\"panel-7-3-1-2\" class=\"so-panel widget widget_headers\" data-index=\"13\" ><div class=\"so-widget-headers so-widget-headers-base\"><h3 id=\"skriv-ut-handskrifter\">Skriv ut handskrifter<\/h3>\n<\/div><\/div><div id=\"panel-7-3-1-3\" class=\"so-panel widget widget_black-studio-tinymce widget_black_studio_tinymce\" data-index=\"14\" ><div class=\"textwidget\"><p>Handskrifter ing&aring;r bland annat i Visarkivets folkmusiksamlingar. Den st&ouml;rsta &auml;r <a title=\"Folkmusikkommissionens notsamling\" href=\"http:\/\/www.smus.se\/earkiv\/fmk\/\" target=\"_blank\">Folkmusikkommissionens notsamling<\/a> med &ouml;ver 100 000 l&aring;tar. Inneh&aring;llet &auml;r s&ouml;kbart och kan skrivas ut fr&aring;n webben.<\/p>\n<\/div><\/div><div id=\"panel-7-3-1-4\" class=\"so-panel widget widget_headers\" data-index=\"15\" ><div class=\"so-widget-headers so-widget-headers-base\"><h3 id=\"digitaliserad-notbok-med-lapp-nils-latar\">Digitaliserad notbok med Lapp-Nils l\u00e5tar<\/h3>\n<\/div><\/div><div id=\"panel-7-3-1-5\" class=\"so-panel widget widget_black-studio-tinymce widget_black_studio_tinymce\" data-index=\"16\" ><div class=\"textwidget\"><p class=\"p1\">Lapp-Nils (1804&ndash;1870) fr&aring;n Hallen i Offerdal i v&auml;stra J&auml;mtland var den viktigaste stilbildarna f&ouml;r den instrumentala folkmusiken i J&auml;mtland under 1800-talet. H&auml;ftet &auml;r daterat 1920 och best&aring;r huvudsakligen av uppteckningar av Lapp-Nils elev Per Danielsson (1822&ndash;1922). Uppteckningarna &auml;r gjorda av Peter Sahlin (1874&ndash;1966) fr&aring;n &Aring;re och av Bengt Bixo (1879&ndash;1962) fr&aring;n M&ouml;rsil.<\/p>\n<p class=\"p1\"><a title=\"Peter Sahlins notbok\" href=\"http:\/\/statensmusikverk.se\/svensktvisarkiv\/files\/2013\/06\/Notbok-P-Sahlin.pdf\" target=\"_blank\">Till notboken<br \/><\/a><a title=\"H&auml;fte med Lapp-Nils-l&aring;tar digitaliserat\" href=\"http:\/\/statensmusikverk.se\/aktuelltfransvensktvisarkiv\/2013\/06\/05\/nothafte-med-lapp-nils-latar-digitaliserat\/\">Mer om notboken och dess historia<\/a><\/p>\n<\/div><\/div><div id=\"panel-7-3-1-6\" class=\"so-panel widget widget_headers\" data-index=\"17\" ><div class=\"so-widget-headers so-widget-headers-base\"><h3 id=\"sexdregasamlingen\">Sexdregasamlingen<\/h3>\n<\/div><\/div><div id=\"panel-7-3-1-7\" class=\"so-panel widget widget_black-studio-tinymce widget_black_studio_tinymce panel-last-child\" data-index=\"18\" ><div class=\"textwidget\"><p>Visarkivet har en betydande m&auml;ngd med spelmansb&ouml;cker i sina samlingar. Det handlar om handskrivna notb&ouml;cker med instrumentalmusik f&ouml;r framf&ouml;r allt dans fr&aring;n 1700- och 1800-talen. Sexdregasamlingen har sitt ursprung i Sexdrega socken i V&auml;sterg&ouml;tland och best&aring;r av tv&aring; spelmansb&ouml;cker, ett mindre noth&auml;fte och ett antal l&ouml;sa notblad. Samlingen har skannats in och <a title=\"Sexdregasamlingen\" href=\"https:\/\/musikverket.se\/svensktvisarkiv\/sexdregasamlingen\/\">presenteras h&auml;r i f&auml;rg tillsammans med tv&aring; f&ouml;rdjupande artiklar och ljudexempel<\/a>.<\/p>\n<\/div><\/div><\/div><\/div><\/div>","protected":false},"excerpt":{"rendered":"<p>Vistexter och melodier i handskrift fr&aring;n flera hundra &aring;r, insamlade och bevarade f&ouml;r efterv&auml;rlden av intresserade samlare. Visarkivet har &auml;ven en stor samling skillingtryck i original samt en stor kopiesamling.<\/p>\n","protected":false},"author":1,"featured_media":0,"parent":5,"menu_order":0,"comment_status":"open","ping_status":"closed","template":"","meta":{"ngg_post_thumbnail":0,"spay_email":""},"categories":[4],"tags":[252,256,10,79],"yoast_head":"<!-- This site is optimized with the Yoast SEO plugin v16.3 - https:\/\/yoast.com\/wordpress\/plugins\/seo\/ -->\n<meta name=\"robots\" content=\"index, follow, max-snippet:-1, max-image-preview:large, max-video-preview:-1\" \/>\n<link rel=\"canonical\" href=\"https:\/\/musikverket-old.test.consids5.se\/svensktvisarkiv\/i-samlingarna\/handskrifter\/\" \/>\n<meta property=\"og:locale\" content=\"sv_SE\" \/>\n<meta property=\"og:type\" content=\"article\" \/>\n<meta property=\"og:title\" content=\"Handskrifter och skillingtryck - Svenskt visarkiv\" \/>\n<meta property=\"og:description\" content=\"Vistexter och melodier i handskrift fr&aring;n flera hundra &aring;r, insamlade och bevarade f&ouml;r efterv&auml;rlden av intresserade samlare. Visarkivet har &auml;ven en stor samling skillingtryck i original samt en stor kopiesamling.\" \/>\n<meta property=\"og:url\" content=\"https:\/\/musikverket-old.test.consids5.se\/svensktvisarkiv\/i-samlingarna\/handskrifter\/\" \/>\n<meta property=\"og:site_name\" content=\"Svenskt visarkiv\" \/>\n<meta property=\"article:modified_time\" content=\"2023-01-13T10:54:25+00:00\" \/>\n<meta name=\"twitter:label1\" content=\"Ber\u00e4knad l\u00e4stid\">\n\t<meta name=\"twitter:data1\" content=\"4 minuter\">\n<script type=\"application\/ld+json\" class=\"yoast-schema-graph\">{\"@context\":\"https:\/\/schema.org\",\"@graph\":[{\"@type\":\"WebSite\",\"@id\":\"https:\/\/musikverket-old.test.consids5.se\/svensktvisarkiv\/#website\",\"url\":\"https:\/\/musikverket-old.test.consids5.se\/svensktvisarkiv\/\",\"name\":\"Svenskt visarkiv\",\"description\":\"Bevarar folkmusik, \\u00e4ldre popul\\u00e4rmusik, jazz och inflyttade musiktraditioner\",\"potentialAction\":[{\"@type\":\"SearchAction\",\"target\":\"https:\/\/musikverket-old.test.consids5.se\/svensktvisarkiv\/?s={search_term_string}\",\"query-input\":\"required name=search_term_string\"}],\"inLanguage\":\"sv-SE\"},{\"@type\":\"WebPage\",\"@id\":\"https:\/\/musikverket-old.test.consids5.se\/svensktvisarkiv\/i-samlingarna\/handskrifter\/#webpage\",\"url\":\"https:\/\/musikverket-old.test.consids5.se\/svensktvisarkiv\/i-samlingarna\/handskrifter\/\",\"name\":\"Handskrifter och skillingtryck - Svenskt visarkiv\",\"isPartOf\":{\"@id\":\"https:\/\/musikverket-old.test.consids5.se\/svensktvisarkiv\/#website\"},\"datePublished\":\"2012-05-04T06:57:30+00:00\",\"dateModified\":\"2023-01-13T10:54:25+00:00\",\"breadcrumb\":{\"@id\":\"https:\/\/musikverket-old.test.consids5.se\/svensktvisarkiv\/i-samlingarna\/handskrifter\/#breadcrumb\"},\"inLanguage\":\"sv-SE\",\"potentialAction\":[{\"@type\":\"ReadAction\",\"target\":[\"https:\/\/musikverket-old.test.consids5.se\/svensktvisarkiv\/i-samlingarna\/handskrifter\/\"]}]},{\"@type\":\"BreadcrumbList\",\"@id\":\"https:\/\/musikverket-old.test.consids5.se\/svensktvisarkiv\/i-samlingarna\/handskrifter\/#breadcrumb\",\"itemListElement\":[{\"@type\":\"ListItem\",\"position\":1,\"item\":{\"@type\":\"WebPage\",\"@id\":\"https:\/\/musikverket-old.test.consids5.se\/svensktvisarkiv\/\",\"url\":\"https:\/\/musikverket-old.test.consids5.se\/svensktvisarkiv\/\",\"name\":\"Hem\"}},{\"@type\":\"ListItem\",\"position\":2,\"item\":{\"@type\":\"WebPage\",\"@id\":\"https:\/\/musikverket-old.test.consids5.se\/svensktvisarkiv\/i-samlingarna\/\",\"url\":\"https:\/\/musikverket-old.test.consids5.se\/svensktvisarkiv\/i-samlingarna\/\",\"name\":\"Samlingar\"}},{\"@type\":\"ListItem\",\"position\":3,\"item\":{\"@id\":\"https:\/\/musikverket-old.test.consids5.se\/svensktvisarkiv\/i-samlingarna\/handskrifter\/#webpage\"}}]}]}<\/script>\n<!-- \/ Yoast SEO plugin. -->","jetpack_shortlink":"https:\/\/wp.me\/P2Zwnz-7","jetpack_sharing_enabled":true,"_links":{"self":[{"href":"https:\/\/musikverket-old.test.consids5.se\/svensktvisarkiv\/wp-json\/wp\/v2\/pages\/7"}],"collection":[{"href":"https:\/\/musikverket-old.test.consids5.se\/svensktvisarkiv\/wp-json\/wp\/v2\/pages"}],"about":[{"href":"https:\/\/musikverket-old.test.consids5.se\/svensktvisarkiv\/wp-json\/wp\/v2\/types\/page"}],"author":[{"embeddable":true,"href":"https:\/\/musikverket-old.test.consids5.se\/svensktvisarkiv\/wp-json\/wp\/v2\/users\/1"}],"replies":[{"embeddable":true,"href":"https:\/\/musikverket-old.test.consids5.se\/svensktvisarkiv\/wp-json\/wp\/v2\/comments?post=7"}],"version-history":[{"count":0,"href":"https:\/\/musikverket-old.test.consids5.se\/svensktvisarkiv\/wp-json\/wp\/v2\/pages\/7\/revisions"}],"up":[{"embeddable":true,"href":"https:\/\/musikverket-old.test.consids5.se\/svensktvisarkiv\/wp-json\/wp\/v2\/pages\/5"}],"wp:attachment":[{"href":"https:\/\/musikverket-old.test.consids5.se\/svensktvisarkiv\/wp-json\/wp\/v2\/media?parent=7"}],"wp:term":[{"taxonomy":"category","embeddable":true,"href":"https:\/\/musikverket-old.test.consids5.se\/svensktvisarkiv\/wp-json\/wp\/v2\/categories?post=7"},{"taxonomy":"post_tag","embeddable":true,"href":"https:\/\/musikverket-old.test.consids5.se\/svensktvisarkiv\/wp-json\/wp\/v2\/tags?post=7"}],"curies":[{"name":"wp","href":"https:\/\/api.w.org\/{rel}","templated":true}]}}