{"id":8993,"date":"2019-06-18T14:27:23","date_gmt":"2019-06-18T12:27:23","guid":{"rendered":"https:\/\/musikverket.se\/svensktvisarkiv\/?page_id=8993"},"modified":"2019-06-19T11:47:01","modified_gmt":"2019-06-19T09:47:01","slug":"vallmusik","status":"publish","type":"page","link":"https:\/\/musikverket-old.test.consids5.se\/svensktvisarkiv\/vallmusik\/","title":{"rendered":"Vallmusik"},"content":{"rendered":"<div id=\"pl-8993\"  class=\"panel-layout\" ><div id=\"pg-8993-0\"  class=\"panel-grid panel-no-style\" ><div id=\"pgc-8993-0-0\"  class=\"panel-grid-cell\" ><div id=\"panel-8993-0-0-0\" class=\"so-panel widget widget_headers panel-first-child panel-last-child\" data-index=\"0\" ><div class=\"so-widget-headers so-widget-headers-base\"><h1 id=\"vallmusik\">Vallmusik<\/h1>\n<\/div><\/div><\/div><\/div><div id=\"pg-8993-1\"  class=\"panel-grid panel-no-style\" ><div id=\"pgc-8993-1-0\"  class=\"panel-grid-cell panel-grid-cell-mobile-last\" ><div id=\"panel-8993-1-0-0\" class=\"so-panel widget widget_black-studio-tinymce widget_black_studio_tinymce panel-first-child panel-last-child\" data-index=\"1\" ><div class=\"textwidget\"><p><em>Lockrop och vall\u00e5tar utg\u00f6r en viktig del av s\u00e5v\u00e4l skandinavisk kultur- och musikhistoria som Svenskt visarkivs inspelningar och uppteckningar. De utg\u00f6r en rik k\u00e4lla till kunskap om improvisation och variation i den traditionella musiken, och om kvinnors musicerande. H\u00e4r kan du f\u00f6rdjupa dig i vallmusiken \u2013 lyssna p\u00e5 f\u00e4ltinspelningar, ta del av notuppteckningar och l\u00e4sa om bland annat vallmusikens funktion, historia, teknik och tonalitet.<\/em><\/p>\n<\/div><\/div><\/div><div id=\"pgc-8993-1-1\"  class=\"panel-grid-cell panel-grid-cell-empty\" ><\/div><\/div><div id=\"pg-8993-2\"  class=\"panel-grid panel-has-style\" ><div class=\"siteorigin-panels-stretch panel-row-style panel-row-style-for-8993-2\" data-stretch-type=\"full-stretched\" ><div id=\"pgc-8993-2-0\"  class=\"panel-grid-cell\" ><div id=\"panel-8993-2-0-0\" class=\"so-panel widget widget_sow-slider panel-first-child panel-last-child\" data-index=\"2\" ><div class=\"so-widget-sow-slider so-widget-sow-slider-default-53fd0f98de19\"><div class=\"sow-slider-base \" style=\"display: none\"><ul class=\"sow-slider-images\" data-settings=\"{&quot;pagination&quot;:true,&quot;speed&quot;:800,&quot;timeout&quot;:8000,&quot;paused&quot;:false,&quot;pause_on_hover&quot;:false,&quot;swipe&quot;:true,&quot;nav_always_show_desktop&quot;:&quot;&quot;,&quot;nav_always_show_mobile&quot;:&quot;&quot;,&quot;breakpoint&quot;:&quot;780px&quot;}\">\t\t<li class=\"sow-slider-image  sow-slider-image-cover\" style=\"background-image: url(https:\/\/musikverket-old.test.consids5.se\/svensktvisarkiv\/files\/2019\/06\/Toppsnurra-ton.png)\" >\n\t\t\t\t\t\t\t\t\t<img width=\"1280\" height=\"425\" src=\"https:\/\/musikverket-old.test.consids5.se\/svensktvisarkiv\/files\/2019\/06\/Toppsnurra-ton.png\" class=\"sow-slider-background-image\" alt=\"\" loading=\"eager\" srcset=\"https:\/\/musikverket-old.test.consids5.se\/svensktvisarkiv\/files\/2019\/06\/Toppsnurra-ton.png 1280w, https:\/\/musikverket-old.test.consids5.se\/svensktvisarkiv\/files\/2019\/06\/Toppsnurra-ton-300x100.png 300w, https:\/\/musikverket-old.test.consids5.se\/svensktvisarkiv\/files\/2019\/06\/Toppsnurra-ton-768x255.png 768w, https:\/\/musikverket-old.test.consids5.se\/svensktvisarkiv\/files\/2019\/06\/Toppsnurra-ton-1024x340.png 1024w, https:\/\/musikverket-old.test.consids5.se\/svensktvisarkiv\/files\/2019\/06\/Toppsnurra-ton-252x84.png 252w, https:\/\/musikverket-old.test.consids5.se\/svensktvisarkiv\/files\/2019\/06\/Toppsnurra-ton-1205x400.png 1205w, https:\/\/musikverket-old.test.consids5.se\/svensktvisarkiv\/files\/2019\/06\/Toppsnurra-ton-753x250.png 753w, https:\/\/musikverket-old.test.consids5.se\/svensktvisarkiv\/files\/2019\/06\/Toppsnurra-ton-251x83.png 251w\" sizes=\"(max-width: 1280px) 100vw, 1280px\" \/>\t\t\t\t\t\t\t\t<\/li>\n\t\t<\/ul>\t\t\t\t<ol class=\"sow-slider-pagination\">\n\t\t\t\t\t\t\t\t\t\t\t<li><a href=\"#\" data-goto=\"0\" aria-label=\"display slide 1\"><\/a><\/li>\n\t\t\t\t\t\t\t\t\t<\/ol>\n\n\t\t\t\t<div class=\"sow-slide-nav sow-slide-nav-next\">\n\t\t\t\t\t<a href=\"#\" data-goto=\"next\" aria-label=\"next slide\" data-action=\"next\">\n\t\t\t\t\t\t<em class=\"sow-sld-icon-thin-right\"><\/em>\n\t\t\t\t\t<\/a>\n\t\t\t\t<\/div>\n\n\t\t\t\t<div class=\"sow-slide-nav sow-slide-nav-prev\">\n\t\t\t\t\t<a href=\"#\" data-goto=\"previous\" aria-label=\"previous slide\" data-action=\"prev\">\n\t\t\t\t\t\t<em class=\"sow-sld-icon-thin-left\"><\/em>\n\t\t\t\t\t<\/a>\n\t\t\t\t<\/div>\n\t\t\t\t<\/div><\/div><\/div><\/div><\/div><\/div><div id=\"pg-8993-3\"  class=\"panel-grid panel-no-style\" ><div id=\"pgc-8993-3-0\"  class=\"panel-grid-cell\" ><div id=\"panel-8993-3-0-0\" class=\"so-panel widget widget_black-studio-tinymce widget_black_studio_tinymce panel-first-child panel-last-child\" data-index=\"3\" ><div class=\"textwidget\"><p>Vallmusik eller f\u00e4bodmusik h\u00f6r till de \u00e4ldsta musikformer vi k\u00e4nner till i Skandinavien \u2013 den anses \u00e5tminstone ha r\u00f6tter i nordisk medeltid. Fr\u00e5n b\u00f6rjan var det framf\u00f6r allt ett funktionellt musicerande som ut\u00f6vades av en ensam person \u2013 solo. Ett musikaliskt arbetsredskap knutet till f\u00e4bodarna och vallning av boskap i skogs- eller fj\u00e4llmarker. Sk\u00f6tseln av kor, f\u00e5r och getter samt produktion av mj\u00f6lk, sm\u00f6r och ost var fr\u00e4mst arbetsuppgifter f\u00f6r kvinnor och barn i bland annat de svenska och norska lantbrukssamh\u00e4llena.<\/p>\n<p>I vallningen anv\u00e4ndes b\u00e5de vokala (sjungna) lockrop och horn och lurar f\u00f6r att signalera till djuren som gick fritt i skogen. Man kunde ocks\u00e5 signalera till andra vallare, till exempel om fara hotade. R\u00f6st- och spelteknik tillsammans med akustiken i skogar med sm\u00e5sj\u00f6ar och bergklackar g\u00f6r att ljuden kan h\u00f6ras \u00f6ver flera kilometer om inga andra ljud st\u00f6r.<\/p>\n<p>B\u00e5de vokal och instrumental vallmusik bygger p\u00e5 variation och improvisation \u00f6ver korta melodislingor med ett litet begr\u00e4nsat tonf\u00f6rr\u00e5d (se <a href=\"\/svensktvisarkiv\/artikel\/vallmusik-modal-och-improviserad-musik\/\">Vallmusik \u2013 modal och improviserad musik<\/a>). Dessutom ing\u00e5r rop och tals\u00e5ng, h\u00e4rmning av djurl\u00e4ten och till exempel ljudst\u00f6tar i barklurar. Ljudet av r\u00f6ster och instrument ledde de olika arbetsmomenten p\u00e5 en f\u00e4bod. Forskaren Anna Johnson har kallat detta fenomen \u201dett dagsl\u00e5ngt musikskeende\u201d.<\/p>\n<p><a href=\"\/capricerecords\/\">Caprice Records<\/a>&nbsp;har gett ut skivan <em>Lockrop och vall\u00e5tar. <\/em>D\u00e4r finns bland annat&nbsp;<a title=\"\" href=\"https:\/\/open.spotify.com\/album\/2DrzZj6Fg3VTmgjuRx600z?si=ofLA1msZRUalyj3cTcufgA\">Get- och f\u00e5rlock<\/a>&nbsp; av M\u00e4rta Myhr, och&nbsp;<a href=\"https:\/\/open.spotify.com\/album\/2DrzZj6Fg3VTmgjuRx600z?si=vpniL2jZS3aEMg_lK_Oisw\">Vall\u00e5t fr\u00e5n N\u00e5s efter Tillmans Sara<\/a> av Pelle Jacobsson<\/p>\n<\/div><\/div><\/div><div id=\"pgc-8993-3-1\"  class=\"panel-grid-cell\" ><div id=\"panel-8993-3-1-0\" class=\"so-panel widget widget_black-studio-tinymce widget_black_studio_tinymce panel-first-child panel-last-child\" data-index=\"4\" ><div class=\"textwidget\"><p>P\u00e5 kv\u00e4llarna ut\u00f6vade f\u00e4bodens kvinnor ocks\u00e5 annan musik, de spelade l\u00e5tar p\u00e5 spelpipor och andra fl\u00f6jter eller fiol, de sj\u00f6ng visor och fr\u00e5n 1800-talets mitt och spelade gitarr och dragspel.<\/p>\n<p>Idag anv\u00e4nder folkmusiker olika former av vallmusik i konsertsammanhang, i musikaliska arrangemang och i genre\u00f6verskridande musik. Lockrop eller lurl\u00e5tar har anv\u00e4nts som invigningssignal p\u00e5 festivaler. Kurser och verkst\u00e4der med vallmusik \u00e4r popul\u00e4ra, s\u00e4rskilt kurser i de vokala lockropen.<\/p>\n<p>I Svenskt visarkivs samlingar finns \u00e5tskilliga inspelningar av lockrop och spel p\u00e5 n\u00e4verlur, kohorn och bockhorn. D\u00e4r finns \u00e4ven intervjuer med ut\u00f6vare. Du kan s\u00f6ka p\u00e5 begreppen lockrop, kohorn, bockhorn, n\u00e4verlur, p\u00e5 personnamn eller landskap.<\/p>\n<p>Hos Svenskt visarkiv finns ocks\u00e5 uppteckningar av hornl\u00e5tar, lockrop och vallvisor, foton, ett par filmer samt litteratur om vallmusik.<\/p>\n<p>Bland inspelningarna hos Svenskt visarkiv finns b\u00e5de de som Matts Arnberg med flera gjorde f\u00f6r Sveriges Radios r\u00e4kning p\u00e5 1950- och 60-talen och Svenskt visarkivs egna inspelningar.<\/p>\n<p><a href=\"https:\/\/katalog.visarkiv.se\/lib\/views\/rec\/HitList.aspx?ccl=find+XRKEY+f%C3%A4bodtradition\">Lyssna p\u00e5 Svenskt visarkivs inspelningar av vallmusik och intervjuer med ut\u00f6vare<\/a><\/p>\n<\/div><\/div><\/div><\/div><div id=\"pg-8993-4\"  class=\"panel-grid panel-no-style\" ><div id=\"pgc-8993-4-0\"  class=\"panel-grid-cell\" ><div id=\"panel-8993-4-0-0\" class=\"so-panel widget widget_puff_widget panel-first-child panel-last-child\" data-index=\"5\" >\t\t\t<div class=\"inner with_title with_picture with_link\" >\r\n\t\t\t<a href=\"\/svensktvisarkiv\/artikel\/fabodvasen-och-vallmusik-funktion-och-historik\/\">\t\t\t<div class=\"puff-picture\"><img src=\"\/svensktvisarkiv\/files\/2019\/06\/F\u00e4bodv\u00e4sendet-puff.jpg\" alt=\"Puff Picture\" \/><\/div>\t\t\t<h4>F\u00e4bodv\u00e4sen och vallmusik<\/h4>\t\t\t\t\t\t<\/a>\t\t\t<\/div>\r\n\t\t<\/div><\/div><div id=\"pgc-8993-4-1\"  class=\"panel-grid-cell\" ><div id=\"panel-8993-4-1-0\" class=\"so-panel widget widget_puff_widget panel-first-child panel-last-child\" data-index=\"6\" >\t\t\t<div class=\"inner with_title with_picture with_link\" >\r\n\t\t\t<a href=\"\/svensktvisarkiv\/artikel\/vallmusik-modal-och-improviserad-musik\/\">\t\t\t<div class=\"puff-picture\"><img src=\"\/svensktvisarkiv\/files\/2019\/06\/modal-impro.jpg\" alt=\"Puff Picture\" \/><\/div>\t\t\t<h4>Modal och improviserad musik<\/h4>\t\t\t\t\t\t<\/a>\t\t\t<\/div>\r\n\t\t<\/div><\/div><div id=\"pgc-8993-4-2\"  class=\"panel-grid-cell\" ><div id=\"panel-8993-4-2-0\" class=\"so-panel widget widget_puff_widget panel-first-child panel-last-child\" data-index=\"7\" >\t\t\t<div class=\"inner with_title with_picture with_link\" >\r\n\t\t\t<a href=\"\/svensktvisarkiv\/artikel\/instrument\/\">\t\t\t<div class=\"puff-picture\"><img src=\"\/svensktvisarkiv\/files\/2019\/06\/Intrument-puff.jpg\" alt=\"Puff Picture\" \/><\/div>\t\t\t<h4>Instrument<\/h4>\t\t\t\t\t\t<\/a>\t\t\t<\/div>\r\n\t\t<\/div><\/div><div id=\"pgc-8993-4-3\"  class=\"panel-grid-cell panel-grid-cell-mobile-last\" ><div id=\"panel-8993-4-3-0\" class=\"so-panel widget widget_puff_widget panel-first-child panel-last-child\" data-index=\"8\" >\t\t\t<div class=\"inner with_title with_picture with_link\" >\r\n\t\t\t<a href=\"\/svensktvisarkiv\/artikel\/lockrop-hojning-kaukning-lalning-kulning\/\">\t\t\t<div class=\"puff-picture\"><img src=\"\/svensktvisarkiv\/files\/2019\/06\/lockrop-hojning-puff-1.jpg\" alt=\"Puff Picture\" \/><\/div>\t\t\t<h4>Lockrop \u2013 hojning, kaukning, l\u00e5lning, kulning\u2026<\/h4>\t\t\t\t\t\t<\/a>\t\t\t<\/div>\r\n\t\t<\/div><\/div><div id=\"pgc-8993-4-4\"  class=\"panel-grid-cell panel-grid-cell-empty\" ><\/div><\/div><div id=\"pg-8993-5\"  class=\"panel-grid panel-no-style\" ><div id=\"pgc-8993-5-0\"  class=\"panel-grid-cell\" ><div id=\"panel-8993-5-0-0\" class=\"so-panel widget widget_puff_widget panel-first-child panel-last-child\" data-index=\"9\" >\t\t\t<div class=\"inner with_title with_picture with_link\" >\r\n\t\t\t<a href=\"\/svensktvisarkiv\/artikel\/vallmusik-idag\/\">\t\t\t<div class=\"puff-picture\"><img src=\"\/svensktvisarkiv\/files\/2019\/06\/publik-puff.jpg\" alt=\"Puff Picture\" \/><\/div>\t\t\t<h4>Vallmusik i dag<\/h4>\t\t\t\t\t\t<\/a>\t\t\t<\/div>\r\n\t\t<\/div><\/div><div id=\"pgc-8993-5-1\"  class=\"panel-grid-cell\" ><div id=\"panel-8993-5-1-0\" class=\"so-panel widget widget_puff_widget panel-first-child panel-last-child\" data-index=\"10\" >\t\t\t<div class=\"inner with_title with_picture with_link\" >\r\n\t\t\t<a href=\"\/svensktvisarkiv\/artikel\/dokumentation-forskning-och-litteratur\/\">\t\t\t<div class=\"puff-picture\"><img src=\"\/svensktvisarkiv\/files\/2019\/06\/Dokumentation-puff.jpg\" alt=\"Puff Picture\" \/><\/div>\t\t\t<h4>Dokumentation och forskning<\/h4>\t\t\t\t\t\t<\/a>\t\t\t<\/div>\r\n\t\t<\/div><\/div><div id=\"pgc-8993-5-2\"  class=\"panel-grid-cell\" ><div id=\"panel-8993-5-2-0\" class=\"so-panel widget widget_puff_widget panel-first-child panel-last-child\" data-index=\"11\" >\t\t\t<div class=\"inner with_title with_picture with_link\" >\r\n\t\t\t<a href=\"\/svensktvisarkiv\/artikel\/litteratur-och-noter\/\">\t\t\t<div class=\"puff-picture\"><img src=\"\/svensktvisarkiv\/files\/2019\/06\/litteratur-puff.jpg\" alt=\"Puff Picture\" \/><\/div>\t\t\t<h4>Litteratur och noter<\/h4>\t\t\t\t\t\t<\/a>\t\t\t<\/div>\r\n\t\t<\/div><\/div><div id=\"pgc-8993-5-3\"  class=\"panel-grid-cell panel-grid-cell-empty panel-grid-cell-mobile-last\" ><\/div><div id=\"pgc-8993-5-4\"  class=\"panel-grid-cell panel-grid-cell-empty\" ><\/div><\/div><\/div>","protected":false},"excerpt":{"rendered":"<p>Lockrop och vall\u00e5tar utg\u00f6r en viktig del av s\u00e5v\u00e4l skandinavisk kultur- och musikhistoria som Svenskt visarkivs inspelningar och uppteckningar. De utg\u00f6r en rik k\u00e4lla till kunskap om improvisation och variation i den traditionella musiken, och om kvinnors musicerande. H\u00e4r kan du f\u00f6rdjupa dig i vallmusiken \u2013 lyssna p\u00e5 f\u00e4ltinspelningar, ta del av notuppteckningar och l\u00e4sa [&hellip;]<\/p>\n","protected":false},"author":70,"featured_media":0,"parent":0,"menu_order":0,"comment_status":"closed","ping_status":"closed","template":"","meta":{"ngg_post_thumbnail":0,"spay_email":""},"categories":[],"tags":[],"yoast_head":"<!-- This site is optimized with the Yoast SEO plugin v16.3 - https:\/\/yoast.com\/wordpress\/plugins\/seo\/ -->\n<meta name=\"robots\" content=\"index, follow, max-snippet:-1, max-image-preview:large, max-video-preview:-1\" \/>\n<link rel=\"canonical\" href=\"https:\/\/musikverket-old.test.consids5.se\/svensktvisarkiv\/vallmusik\/\" \/>\n<meta property=\"og:locale\" content=\"sv_SE\" \/>\n<meta property=\"og:type\" content=\"article\" \/>\n<meta property=\"og:title\" content=\"Vallmusik - Svenskt visarkiv\" \/>\n<meta property=\"og:description\" content=\"Lockrop och vall\u00e5tar utg\u00f6r en viktig del av s\u00e5v\u00e4l skandinavisk kultur- och musikhistoria som Svenskt visarkivs inspelningar och uppteckningar. De utg\u00f6r en rik k\u00e4lla till kunskap om improvisation och variation i den traditionella musiken, och om kvinnors musicerande. H\u00e4r kan du f\u00f6rdjupa dig i vallmusiken \u2013 lyssna p\u00e5 f\u00e4ltinspelningar, ta del av notuppteckningar och l\u00e4sa [&hellip;]\" \/>\n<meta property=\"og:url\" content=\"https:\/\/musikverket-old.test.consids5.se\/svensktvisarkiv\/vallmusik\/\" \/>\n<meta property=\"og:site_name\" content=\"Svenskt visarkiv\" \/>\n<meta property=\"article:modified_time\" content=\"2019-06-19T09:47:01+00:00\" \/>\n<meta name=\"twitter:label1\" content=\"Ber\u00e4knad l\u00e4stid\">\n\t<meta name=\"twitter:data1\" content=\"3 minuter\">\n<script type=\"application\/ld+json\" class=\"yoast-schema-graph\">{\"@context\":\"https:\/\/schema.org\",\"@graph\":[{\"@type\":\"WebSite\",\"@id\":\"https:\/\/musikverket-old.test.consids5.se\/svensktvisarkiv\/#website\",\"url\":\"https:\/\/musikverket-old.test.consids5.se\/svensktvisarkiv\/\",\"name\":\"Svenskt visarkiv\",\"description\":\"Bevarar folkmusik, \\u00e4ldre popul\\u00e4rmusik, jazz och inflyttade musiktraditioner\",\"potentialAction\":[{\"@type\":\"SearchAction\",\"target\":\"https:\/\/musikverket-old.test.consids5.se\/svensktvisarkiv\/?s={search_term_string}\",\"query-input\":\"required name=search_term_string\"}],\"inLanguage\":\"sv-SE\"},{\"@type\":\"WebPage\",\"@id\":\"https:\/\/musikverket-old.test.consids5.se\/svensktvisarkiv\/vallmusik\/#webpage\",\"url\":\"https:\/\/musikverket-old.test.consids5.se\/svensktvisarkiv\/vallmusik\/\",\"name\":\"Vallmusik - Svenskt visarkiv\",\"isPartOf\":{\"@id\":\"https:\/\/musikverket-old.test.consids5.se\/svensktvisarkiv\/#website\"},\"datePublished\":\"2019-06-18T12:27:23+00:00\",\"dateModified\":\"2019-06-19T09:47:01+00:00\",\"breadcrumb\":{\"@id\":\"https:\/\/musikverket-old.test.consids5.se\/svensktvisarkiv\/vallmusik\/#breadcrumb\"},\"inLanguage\":\"sv-SE\",\"potentialAction\":[{\"@type\":\"ReadAction\",\"target\":[\"https:\/\/musikverket-old.test.consids5.se\/svensktvisarkiv\/vallmusik\/\"]}]},{\"@type\":\"BreadcrumbList\",\"@id\":\"https:\/\/musikverket-old.test.consids5.se\/svensktvisarkiv\/vallmusik\/#breadcrumb\",\"itemListElement\":[{\"@type\":\"ListItem\",\"position\":1,\"item\":{\"@type\":\"WebPage\",\"@id\":\"https:\/\/musikverket-old.test.consids5.se\/svensktvisarkiv\/\",\"url\":\"https:\/\/musikverket-old.test.consids5.se\/svensktvisarkiv\/\",\"name\":\"Hem\"}},{\"@type\":\"ListItem\",\"position\":2,\"item\":{\"@id\":\"https:\/\/musikverket-old.test.consids5.se\/svensktvisarkiv\/vallmusik\/#webpage\"}}]}]}<\/script>\n<!-- \/ Yoast SEO plugin. -->","jetpack_shortlink":"https:\/\/wp.me\/P2Zwnz-2l3","jetpack_sharing_enabled":true,"_links":{"self":[{"href":"https:\/\/musikverket-old.test.consids5.se\/svensktvisarkiv\/wp-json\/wp\/v2\/pages\/8993"}],"collection":[{"href":"https:\/\/musikverket-old.test.consids5.se\/svensktvisarkiv\/wp-json\/wp\/v2\/pages"}],"about":[{"href":"https:\/\/musikverket-old.test.consids5.se\/svensktvisarkiv\/wp-json\/wp\/v2\/types\/page"}],"author":[{"embeddable":true,"href":"https:\/\/musikverket-old.test.consids5.se\/svensktvisarkiv\/wp-json\/wp\/v2\/users\/70"}],"replies":[{"embeddable":true,"href":"https:\/\/musikverket-old.test.consids5.se\/svensktvisarkiv\/wp-json\/wp\/v2\/comments?post=8993"}],"version-history":[{"count":0,"href":"https:\/\/musikverket-old.test.consids5.se\/svensktvisarkiv\/wp-json\/wp\/v2\/pages\/8993\/revisions"}],"wp:attachment":[{"href":"https:\/\/musikverket-old.test.consids5.se\/svensktvisarkiv\/wp-json\/wp\/v2\/media?parent=8993"}],"wp:term":[{"taxonomy":"category","embeddable":true,"href":"https:\/\/musikverket-old.test.consids5.se\/svensktvisarkiv\/wp-json\/wp\/v2\/categories?post=8993"},{"taxonomy":"post_tag","embeddable":true,"href":"https:\/\/musikverket-old.test.consids5.se\/svensktvisarkiv\/wp-json\/wp\/v2\/tags?post=8993"}],"curies":[{"name":"wp","href":"https:\/\/api.w.org\/{rel}","templated":true}]}}